66.249.68.19 - - [29/May/2011:05:52:07 +0000] "GET /index.html-old HTTP/1.1" 200 1190 "-" "Mozilla/5.0 (compatible; Googlebot/2.1; +http://www.google.com/bot.html)"
67.195.112.173 - - [29/May/2011:06:59:59 +0000] "GET / HTTP/1.0" 200 992 "-" "Mozilla/5.0 (compatible; Yahoo! Slurp; http://help.yahoo.com/help/us/ysearch/slurp)"
94.113.61.109 - - [29/May/2011:07:08:19 +0000] "HEAD / HTTP/1.0" 200 0 "silverwood-rift-private-server.info" "Opera/9.64(Windows NT 5.1; U; en) Presto/2.1.1"
94.113.61.109 - - [29/May/2011:07:25:26 +0000] "HEAD / HTTP/1.0" 200 0 "can-kissing-cause-cavities.weerta.com" "Mozilla/5.0 (Windows; U; Windows NT 6.1; en-GB; rv:1.9.1.3) Gecko/20090824 Firefox/3.5.3"
207.46.12.115 - - [29/May/2011:07:31:31 +0000] "GET /index.html-old HTTP/1.1" 200 1190 "-" "Mozilla/4.0 (compatible; MSIE 6.0; Windows NT 5.1; SV1; .NET CLR 1.1.4325; .NET CLR 2.0.50727; .NET CLR 3.0.30729; .NET CLR 3.5.30707; MS-RTC LM 8)"
66.249.71.14 - - [29/May/2011:07:44:08 +0000] "GET /robots.txt HTTP/1.1" 404 287 "-" "Mozilla/5.0 (compatible; Googlebot/2.1; +http://www.google.com/bot.html)"
66.249.71.14 - - [29/May/2011:07:44:08 +0000] "GET /logs/ HTTP/1.1" 200 900 "-" "Mozilla/5.0 (compatible; Googlebot/2.1; +http://www.google.com/bot.html)"
157.55.112.225 - - [29/May/2011:08:06:58 +0000] "GET /stats/ HTTP/1.1" 200 1742 "-" "Mozilla/4.0 (compatible; MSIE 6.0; Windows NT 5.1; SV1; .NET CLR 1.1.4325; .NET CLR 2.0.50727; .NET CLR 3.0.30729; .NET CLR 3.5.30707; MS-RTC LM 8)"
66.249.71.14 - - [29/May/2011:09:37:12 +0000] "GET /stats/index.html HTTP/1.1" 200 1742 "-" "Mozilla/5.0 (compatible; Googlebot/2.1; +http://www.google.com/bot.html)"
207.46.12.238 - - [29/May/2011:09:54:00 +0000] "GET /robots.txt HTTP/1.1" 404 287 "-" "Mozilla/5.0 (compatible; bingbot/2.0; +http://www.bing.com/bingbot.htm)"
207.46.12.238 - - [29/May/2011:09:55:32 +0000] "GET / HTTP/1.1" 200 1004 "-" "Mozilla/5.0 (compatible; bingbot/2.0; +http://www.bing.com/bingbot.htm)"
67.195.112.173 - - [29/May/2011:13:50:28 +0000] "GET /robots.txt HTTP/1.0" 404 275 "-" "Mozilla/5.0 (compatible; Yahoo! Slurp; http://help.yahoo.com/help/us/ysearch/slurp)"
67.195.112.173 - - [29/May/2011:13:50:28 +0000] "GET /?M=D HTTP/1.0" 200 992 "-" "Mozilla/5.0 (compatible; Yahoo! Slurp; http://help.yahoo.com/help/us/ysearch/slurp)"
94.113.61.109 - - [29/May/2011:14:52:00 +0000] "HEAD / HTTP/1.0" 200 0 "silverwood-rift-private-server.info" "Mozilla/4.0 (compatible; MSIE 7.0; Windows NT 5.1; .NET CLR 1.1.4322; .NET CLR 2.0.50727; .NET CLR 3.0.04506.30)"
94.113.61.109 - - [29/May/2011:15:09:43 +0000] "HEAD / HTTP/1.0" 200 0 "can-kissing-cause-cavities.weerta.com" "Mozilla/5.0 (Windows; U; Windows NT 5.1; de; rv:1.9.1.3) Gecko/20090824 Firefox/3.5.3 (.NET CLR 3.5.30729)"
77.228.230.64 - - [29/May/2011:20:55:38 +0000] "GET / HTTP/1.1" 200 1004 "-" "Mozilla/5.0 (Macintosh; U; Intel Mac OS X 10.5; es-ES; rv:1.9.0.19) Gecko/2010031218 Firefox/3.0.19"
77.228.230.64 - - [29/May/2011:20:55:39 +0000] "GET /icons/blank.gif HTTP/1.1" 200 148 "http://www.gan.com.ve/" "Mozilla/5.0 (Macintosh; U; Intel Mac OS X 10.5; es-ES; rv:1.9.0.19) Gecko/2010031218 Firefox/3.0.19"
77.228.230.64 - - [29/May/2011:20:55:39 +0000] "GET /icons/back.gif HTTP/1.1" 200 216 "http://www.gan.com.ve/" "Mozilla/5.0 (Macintosh; U; Intel Mac OS X 10.5; es-ES; rv:1.9.0.19) Gecko/2010031218 Firefox/3.0.19"
77.228.230.64 - - [29/May/2011:20:55:39 +0000] "GET /icons/folder.gif HTTP/1.1" 200 225 "http://www.gan.com.ve/" "Mozilla/5.0 (Macintosh; U; Intel Mac OS X 10.5; es-ES; rv:1.9.0.19) Gecko/2010031218 Firefox/3.0.19"
77.228.230.64 - - [29/May/2011:20:55:39 +0000] "GET /icons/unknown.gif HTTP/1.1" 200 245 "http://www.gan.com.ve/" "Mozilla/5.0 (Macintosh; U; Intel Mac OS X 10.5; es-ES; rv:1.9.0.19) Gecko/2010031218 Firefox/3.0.19"
77.228.230.64 - - [29/May/2011:20:55:39 +0000] "GET /favicon.ico HTTP/1.1" 404 288 "-" "Mozilla/5.0 (Macintosh; U; Intel Mac OS X 10.5; es-ES; rv:1.9.0.19) Gecko/2010031218 Firefox/3.0.19"
77.228.230.64 - - [29/May/2011:20:55:42 +0000] "GET /favicon.ico HTTP/1.1" 404 288 "-" "Mozilla/5.0 (Macintosh; U; Intel Mac OS X 10.5; es-ES; rv:1.9.0.19) Gecko/2010031218 Firefox/3.0.19"
77.228.230.64 - - [29/May/2011:20:55:45 +0000] "GET /cgi-local/ HTTP/1.1" 403 291 "http://www.gan.com.ve/" "Mozilla/5.0 (Macintosh; U; Intel Mac OS X 10.5; es-ES; rv:1.9.0.19) Gecko/2010031218 Firefox/3.0.19"
67.195.112.173 - - [29/May/2011:21:47:25 +0000] "GET /robots.txt HTTP/1.0" 404 275 "-" "Mozilla/5.0 (compatible; Yahoo! Slurp; http://help.yahoo.com/help/us/ysearch/slurp)"
67.195.112.173 - - [29/May/2011:21:47:25 +0000] "GET /stats/what_idx.html HTTP/1.0" 200 1202 "-" "Mozilla/5.0 (compatible; Yahoo! Slurp; http://help.yahoo.com/help/us/ysearch/slurp)"
207.46.12.241 - - [29/May/2011:23:47:38 +0000] "GET /robots.txt HTTP/1.1" 404 287 "-" "Mozilla/5.0 (compatible; bingbot/2.0; +http://www.bing.com/bingbot.htm)"
207.46.12.241 - - [29/May/2011:23:48:28 +0000] "GET /logs/ HTTP/1.1" 200 900 "-" "Mozilla/5.0 (compatible; bingbot/2.0; +http://www.bing.com/bingbot.htm)"
94.113.61.109 - - [30/May/2011:01:39:19 +0000] "HEAD / HTTP/1.0" 200 0 "silverwood-rift-private-server.info" "Mozilla/5.0 (Windows; U; Windows NT 5.1; pl; rv:1.9.1.3) Gecko/20090824 Firefox/3.5.3"
94.113.61.109 - - [30/May/2011:01:59:09 +0000] "HEAD / HTTP/1.0" 200 0 "can-kissing-cause-cavities.weerta.com" "Mozilla/5.0 (X11; U; Linux i686; it-IT; rv:1.9.0.2) Gecko/2008092313 Ubuntu/9.25 (jaunty) Firefox/3.8"
94.113.61.109 - - [30/May/2011:02:28:44 +0000] "HEAD / HTTP/1.0" 200 0 "silverwood-rift-private-server.info" "Mozilla/4.0 (compatible; MSIE 7.0; Windows NT 5.1; .NET CLR 1.1.4322; .NET CLR 2.0.50727; .NET CLR 3.0.04506.30)"
94.113.61.109 - - [30/May/2011:02:43:09 +0000] "HEAD / HTTP/1.0" 200 0 "can-kissing-cause-cavities.weerta.com" "Mozilla/5.0 (Windows; U; Windows NT 6.1; en-US) AppleWebKit/532.2 (KHTML, like Gecko) Chrome/4.0.221.7 Safari/532.2"
38.111.147.84 - - [30/May/2011:02:51:17 +0000] "GET /robots.txt HTTP/1.0" 404 275 "-" "TurnitinBot/2.1 (http://www.turnitin.com/robot/crawlerinfo.html)"
38.111.147.84 - - [30/May/2011:02:51:22 +0000] "GET /index.html-old HTTP/1.0" 304 - "-" "TurnitinBot/2.1 (http://www.turnitin.com/robot/crawlerinfo.html)"
67.195.112.173 - - [30/May/2011:04:56:40 +0000] "GET /stats/browser_idx.html HTTP/1.0" 200 1095 "-" "Mozilla/5.0 (compatible; Yahoo! Slurp; http://help.yahoo.com/help/us/ysearch/slurp)"
62.231.141.195 - - [30/May/2011:07:00:07 +0000] "GET /robots.txt HTTP/1.0" 404 275 "-" "Mozilla/5.0 (compatible; MJ12bot/v1.3.3; http://www.majestic12.co.uk/bot.php?+)"
62.231.141.195 - - [30/May/2011:07:00:08 +0000] "GET / HTTP/1.0" 200 992 "-" "Mozilla/5.0 (compatible; MJ12bot/v1.3.3; http://www.majestic12.co.uk/bot.php?+)"
62.231.141.195 - - [30/May/2011:07:00:16 +0000] "GET /robots.txt HTTP/1.0" 404 275 "-" "Mozilla/5.0 (compatible; MJ12bot/v1.3.3; http://www.majestic12.co.uk/bot.php?+)"
62.231.141.195 - - [30/May/2011:07:00:18 +0000] "GET / HTTP/1.0" 200 992 "-" "Mozilla/5.0 (compatible; MJ12bot/v1.3.3; http://www.majestic12.co.uk/bot.php?+)"
207.46.194.43 - - [30/May/2011:16:18:44 +0000] "GET /robots.txt HTTP/1.1" 404 287 "-" "msnbot-media/1.1 (+http://search.msn.com/msnbot.htm)"
207.46.194.43 - - [30/May/2011:16:18:45 +0000] "GET /icons/back.gif HTTP/1.1" 200 216 "-" "msnbot-media/1.1 (+http://search.msn.com/msnbot.htm)"
207.46.194.43 - - [30/May/2011:16:18:45 +0000] "GET / HTTP/1.1" 200 1004 "-" "msnbot-media/1.1 (+http://search.msn.com/msnbot.htm)"
67.195.112.173 - - [30/May/2011:17:15:33 +0000] "GET /robots.txt HTTP/1.0" 404 275 "-" "Mozilla/5.0 (compatible; Yahoo! Slurp; http://help.yahoo.com/help/us/ysearch/slurp)"
67.195.112.173 - - [30/May/2011:17:15:33 +0000] "GET /?N=A HTTP/1.0" 200 992 "-" "Mozilla/5.0 (compatible; Yahoo! Slurp; http://help.yahoo.com/help/us/ysearch/slurp)"
157.56.0.158 - - [30/May/2011:20:18:23 +0000] "GET /robots.txt HTTP/1.1" 404 287 "-" "msnbot/2.0b (+http://search.msn.com/msnbot.htm)._"
157.56.0.158 - - [30/May/2011:20:18:24 +0000] "GET /logs/ HTTP/1.1" 200 900 "-" "msnbot/2.0b (+http://search.msn.com/msnbot.htm)._"
157.56.0.158 - - [30/May/2011:20:18:26 +0000] "GET /stats/ HTTP/1.1" 200 1742 "-" "msnbot/2.0b (+http://search.msn.com/msnbot.htm)._"
157.56.0.158 - - [30/May/2011:20:18:29 +0000] "GET /index.html-old HTTP/1.1" 200 1190 "-" "msnbot/2.0b (+http://search.msn.com/msnbot.htm)._"
64.246.165.140 - - [31/May/2011:06:27:22 +0000] "GET /robots.txt HTTP/1.0" 404 275 "-" "Mozilla/5.0 (Windows; U; Windows NT 5.1; en; rv:1.9.0.13) Gecko/2009073022 Firefox/3.5.2 (.NET CLR 3.5.30729) SurveyBot/2.3 (DomainTools)"
64.246.165.140 - - [31/May/2011:06:27:22 +0000] "GET / HTTP/1.1" 200 1004 "http://whois.domaintools.com/gan.com.ve" "Mozilla/5.0 (Windows; U; Windows NT 5.1; en; rv:1.9.0.13) Gecko/2009073022 Firefox/3.5.2 (.NET CLR 3.5.30729) SurveyBot/2.3 (DomainTools)"
66.249.71.14 - - [31/May/2011:06:45:03 +0000] "GET /robots.txt HTTP/1.1" 404 287 "-" "Mozilla/5.0 (compatible; Googlebot/2.1; +http://www.google.com/bot.html)"
66.249.71.14 - - [31/May/2011:06:45:03 +0000] "GET /logs/ HTTP/1.1" 200 900 "-" "Mozilla/5.0 (compatible; Googlebot/2.1; +http://www.google.com/bot.html)"
188.163.69.186 - - [31/May/2011:09:03:51 +0000] "GET /stats/referer.html HTTP/1.0" 200 1740 "http://megawheel.com.ua/" "Opera/9.00 (Windows NT 5.1; U; ru)"
91.201.67.162 - - [31/May/2011:10:35:51 +0000] "GET /logs/access.log HTTP/1.0" 200 408439 "http://www.allplanforum.com/profile.php?mode=viewprofile&u=109978" "Mozilla/1.22 (compatible; MSIE 2.0d; Windows NT)"
91.201.67.162 - - [31/May/2011:10:35:53 +0000] "GET /logs/access.log HTTP/1.0" 200 0 "http://www.allplanforum.com/profile.php?mode=viewprofile&u=109978" "Mozilla/4.0 (compatible; MSIE 6.0; Windows NT 5.1; .NET CLR 1.1.4322; FDM)"
91.201.67.162 - - [31/May/2011:10:35:53 +0000] "GET /logs/access.log HTTP/1.0" 200 0 "http://www.allplanforum.com/profile.php?mode=viewprofile&u=109978" "Mozilla/4.0 (compatible; MSIE 5.5; Windows NT 5.0; T312461)"
91.201.67.162 - - [31/May/2011:10:35:54 +0000] "GET /logs/access.log HTTP/1.0" 200 0 "http://www.allplanforum.com/profile.php?mode=viewprofile&u=109978" "Mozilla/4.0 (compatible; MSIE 5.5; Windows NT 4.0)"
91.201.67.162 - - [31/May/2011:10:35:54 +0000] "GET /logs/access.log HTTP/1.0" 200 0 "http://www.allplanforum.com/profile.php?mode=viewprofile&u=109978" "Mozilla/1.22 (compatible; MSIE 2.0d; Windows NT)"
91.201.67.162 - - [31/May/2011:10:46:03 +0000] "GET / HTTP/1.0" 200 992 "http://forum.vinhsu.info/index.php?action=profile;u=60949" "Mozilla/4.0 (compatible; MSIE 6.0; Windows NT 5.1; MyIE2; Deepnet Explorer)"
91.201.67.162 - - [31/May/2011:10:46:03 +0000] "GET / HTTP/1.0" 200 992 "http://forum.vinhsu.info/index.php?action=profile;u=60949" "Mozilla/4.0 (compatible; MSIE 6.0; Windows NT 5.1; .NET CLR 1.0.3705)"
91.201.67.162 - - [31/May/2011:10:46:04 +0000] "GET / HTTP/1.0" 200 992 "http://forum.vinhsu.info/index.php?action=profile;u=60949" "Mozilla/4.0 (compatible; MSIE 6.0; Windows NT 5.1; SV1; .NET CLR 1.1.4322; .NET CLR 2.0.50727)"
91.201.67.162 - - [31/May/2011:10:46:04 +0000] "GET / HTTP/1.0" 200 992 "http://forum.vinhsu.info/index.php?action=profile;u=60949" "Mozilla/4.0 (compatible; MSIE 6.0; Windows NT 5.1; SV1; InfoPath.1"
91.201.67.162 - - [31/May/2011:10:46:05 +0000] "GET / HTTP/1.0" 200 992 "http://forum.vinhsu.info/index.php?action=profile;u=60949" "Mozilla/4.0 (compatible; MSIE 6.0; Windows NT 5.2; Win64; x64; SV1; .NET CLR 2.0.50727)"
91.201.67.162 - - [31/May/2011:12:02:53 +0000] "GET /stats/referer.html HTTP/1.0" 200 1740 "http://eve-fire.com/forums/memberlist.php?mode=viewprofile&u=9214" "Mozilla/4.0 (compatible; MSIE 6.0; Update a; AOL 6.0; Windows 98)"
91.201.67.162 - - [31/May/2011:12:02:53 +0000] "GET /stats/referer.html HTTP/1.0" 200 1740 "http://eve-fire.com/forums/memberlist.php?mode=viewprofile&u=9214" "Mozilla/4.0 (compatible; MSIE 6.0; Windows NT 5.1; FREE; .NET CLR 1.1.4322)"
91.201.67.162 - - [31/May/2011:12:02:54 +0000] "GET /stats/referer.html HTTP/1.0" 200 1740 "http://eve-fire.com/forums/memberlist.php?mode=viewprofile&u=9214" "Mozilla/4.0 (compatible; MSIE 6.0; Windows NT 5.1; MRA 4.6 (build 01425))"
91.201.67.162 - - [31/May/2011:12:02:54 +0000] "GET /stats/referer.html HTTP/1.0" 200 1740 "http://eve-fire.com/forums/memberlist.php?mode=viewprofile&u=9214" "Mozilla/4.0 (compatible; MSIE 6.0; Windows XP)"
91.201.67.162 - - [31/May/2011:12:02:54 +0000] "GET /stats/referer.html HTTP/1.0" 200 1740 "http://eve-fire.com/forums/memberlist.php?mode=viewprofile&u=9214" "Mozilla/4.0 (compatible; MSIE 6.0; Windows NT 5.0; APC; .NET CLR 1.0.3705; .NET CLR 1.1.4322; .NET CLR 2.0.50215; InfoPath.1)"
91.201.67.162 - - [31/May/2011:14:46:09 +0000] "GET /logs/access.log HTTP/1.0" 200 411763 "http://www.ekcomicsandgames.com/community/index.php?action=profile;u=41091" "Mozilla/4.0 (compatible; MSIE 4.01; Digital AlphaServer 1000A 4/233; Windows NT; Powered By 64-Bit Alpha Processor)"
91.201.67.162 - - [31/May/2011:14:46:09 +0000] "GET /logs/access.log HTTP/1.0" 200 0 "http://www.ekcomicsandgames.com/community/index.php?action=profile;u=41091" "Mozilla/4.0 (compatible; MSIE 6.0; Windows NT 5.1; SV1; MRA 4.6 (build 01425); MRSPUTNIK 1, 5, 0, 19 SW)"
91.201.67.162 - - [31/May/2011:14:46:10 +0000] "GET /logs/access.log HTTP/1.0" 200 0 "http://www.ekcomicsandgames.com/community/index.php?action=profile;u=41091" "Mozilla/4.0 (compatible; MSIE 6.0; Windows NT 5.1; ru) Opera 8.50"
91.201.67.162 - - [31/May/2011:14:46:10 +0000] "GET /logs/access.log HTTP/1.0" 200 0 "http://www.ekcomicsandgames.com/community/index.php?action=profile;u=41091" "Mozilla/4.0 (compatible; MSIE 5.5; Windows NT 5.0; .NET CLR 1.1.4322)"
91.201.67.162 - - [31/May/2011:14:46:11 +0000] "GET /logs/access.log HTTP/1.0" 200 0 "http://www.ekcomicsandgames.com/community/index.php?action=profile;u=41091" "Mozilla/1.22 (compatible; MSIE 2.0d; Windows NT)"
91.201.67.162 - - [31/May/2011:14:55:40 +0000] "GET / HTTP/1.0" 200 992 "http://forum.icron.ru/index.php?showuser=12494" "Mozilla/4.0 (compatible; MSIE 5.5; Windows NT 5.0; .NET CLR 1.1.4322)"
91.201.67.162 - - [31/May/2011:14:55:40 +0000] "GET / HTTP/1.0" 200 992 "http://forum.icron.ru/index.php?showuser=12494" "Mozilla/4.0 (compatible; MSIE 6.0; Windows 98; Win 9x 4.90; Creative)"
91.201.67.162 - - [31/May/2011:14:55:41 +0000] "GET / HTTP/1.0" 200 992 "http://forum.icron.ru/index.php?showuser=12494" "Mozilla/4.0 (compatible; MSIE 6.0; Windows NT 5.1)"
91.201.67.162 - - [31/May/2011:14:55:41 +0000] "GET / HTTP/1.0" 200 992 "http://forum.icron.ru/index.php?showuser=12494" "Mozilla/4.0 (compatible; MSIE 6.0; Windows NT 5.0)"
91.201.67.162 - - [31/May/2011:14:55:41 +0000] "GET / HTTP/1.0" 200 992 "http://forum.icron.ru/index.php?showuser=12494" "Mozilla/4.0 (compatible; MSIE 6.0; Windows NT 5.1; SV1; FunWebProducts; MRA 4.6 (build 01425); .NET CLR 1.1.4322; .NET CLR 2.0.50727)"
91.201.67.162 - - [31/May/2011:16:16:40 +0000] "GET /stats/referer.html HTTP/1.0" 200 1740 "http://www.freeweb.hu/musmusculus/forum/profile.php?mode=viewprofile&u=996" "Mozilla/4.0 (compatible; MSIE 6.0; AOL 9.0; Windows NT 5.1)"
91.201.67.162 - - [31/May/2011:16:16:40 +0000] "GET /stats/referer.html HTTP/1.0" 200 1740 "http://www.freeweb.hu/musmusculus/forum/profile.php?mode=viewprofile&u=996" "Mozilla/4.0 (compatible; MSIE 6.0; Windows NT 5.1; SV1)"
91.201.67.162 - - [31/May/2011:16:16:40 +0000] "GET /stats/referer.html HTTP/1.0" 200 1740 "http://www.freeweb.hu/musmusculus/forum/profile.php?mode=viewprofile&u=996" "Mozilla/0.91 Beta (Windows)"
91.201.67.162 - - [31/May/2011:16:16:41 +0000] "GET /stats/referer.html HTTP/1.0" 200 1740 "http://www.freeweb.hu/musmusculus/forum/profile.php?mode=viewprofile&u=996" "Mozilla/4.79 [en] (Windows NT 5.0; U)"
91.201.67.162 - - [31/May/2011:16:16:41 +0000] "GET /stats/referer.html HTTP/1.0" 200 1740 "http://www.freeweb.hu/musmusculus/forum/profile.php?mode=viewprofile&u=996" "Mozilla/4.0 (compatible; MSIE 5.5; Windows 95; BCD2000)"
91.201.67.162 - - [31/May/2011:19:21:58 +0000] "GET /logs/access.log HTTP/1.0" 200 415073 "http://forum.prodigy-guild.com/memberlist.php?mode=viewprofile&u=123" "Mozilla/5.0 (Windows NT 5.1; U; en) Opera 8.01"
91.201.67.162 - - [31/May/2011:19:21:59 +0000] "GET /logs/access.log HTTP/1.0" 200 0 "http://forum.prodigy-guild.com/memberlist.php?mode=viewprofile&u=123" "Mozilla/6.0 (compatible; MSIE 7.0a1; Windows NT 5.2; SV1)"
91.201.67.162 - - [31/May/2011:19:21:59 +0000] "GET /logs/access.log HTTP/1.0" 200 0 "http://forum.prodigy-guild.com/memberlist.php?mode=viewprofile&u=123" "Mozilla/4.0 (compatible; MSIE 6.0; Windows NT 5.2; Win64; AMD64)"
91.201.67.162 - - [31/May/2011:19:22:00 +0000] "GET /logs/access.log HTTP/1.0" 200 0 "http://forum.prodigy-guild.com/memberlist.php?mode=viewprofile&u=123" "Mozilla/4.0 (compatible; MSIE 6.0; Windows NT 5.2; WOW64; SV1; .NET CLR 2.0.50727)"
91.201.67.162 - - [31/May/2011:19:22:00 +0000] "GET /logs/access.log HTTP/1.0" 200 0 "http://forum.prodigy-guild.com/memberlist.php?mode=viewprofile&u=123" "Opera/7.60 (Windows NT 5.2; U) [en] (IBM EVV/3.0/EAK01AG9/LE)"
91.201.67.162 - - [31/May/2011:19:31:34 +0000] "GET / HTTP/1.0" 200 992 "http://www.acrostics.org/forum/member.php?u=249800" "Mozilla/4.0 (compatible; MSIE 6.0; Windows NT 5.0)"
91.201.67.162 - - [31/May/2011:19:31:34 +0000] "GET / HTTP/1.0" 200 992 "http://www.acrostics.org/forum/member.php?u=249800" "Mozilla/4.0 (compatible; MSIE 6.0; MSIE 5.5; Windows NT 4.0) Opera 7.0 [en]"
91.201.67.162 - - [31/May/2011:19:31:35 +0000] "GET / HTTP/1.0" 200 992 "http://www.acrostics.org/forum/member.php?u=249800" "Opera/9.01 (Windows NT 5.1; U; en)"
91.201.67.162 - - [31/May/2011:19:31:35 +0000] "GET / HTTP/1.0" 200 992 "http://www.acrostics.org/forum/member.php?u=249800" "Mozilla/5.0 (Windows NT 5.1; U; en) Opera 8.01"
91.201.67.162 - - [31/May/2011:19:31:35 +0000] "GET / HTTP/1.0" 200 992 "http://www.acrostics.org/forum/member.php?u=249800" "Mozilla/4.0 (compatible; MSIE 6.0; Windows NT 5.1; Maxthon; .NET CLR 1.1.4322)"
91.201.67.162 - - [31/May/2011:20:54:13 +0000] "GET /stats/referer.html HTTP/1.0" 200 1740 "http://www.motorrocks.com/forum/profile.php?mode=viewprofile&u=259559" "Mozilla/4.0 (compatible; MSIE 6.0; Windows NT 5.1; en) Opera 8.00"
91.201.67.162 - - [31/May/2011:20:54:13 +0000] "GET /stats/referer.html HTTP/1.0" 200 1740 "http://www.motorrocks.com/forum/profile.php?mode=viewprofile&u=259559" "Mozilla/4.0 (compatible; MSIE 6.0; Windows NT 5.1; SV1; FunWebProducts)"
91.201.67.162 - - [31/May/2011:20:54:14 +0000] "GET /stats/referer.html HTTP/1.0" 200 1740 "http://www.motorrocks.com/forum/profile.php?mode=viewprofile&u=259559" "Opera/9.00 (Windows NT 4.0; U; en)"
91.201.67.162 - - [31/May/2011:20:54:14 +0000] "GET /stats/referer.html HTTP/1.0" 200 1740 "http://www.motorrocks.com/forum/profile.php?mode=viewprofile&u=259559" "Opera/7.54 (Windows NT 5.1; U) [pl]"
91.201.67.162 - - [31/May/2011:20:54:15 +0000] "GET /stats/referer.html HTTP/1.0" 200 1740 "http://www.motorrocks.com/forum/profile.php?mode=viewprofile&u=259559" "Mozilla/4.0 (compatible; MSIE 6.0; Windows NT 5.1; Deepnet Explorer 1.5.0; .NET CLR 1.0.3705)"
207.46.12.123 - - [31/May/2011:22:29:01 +0000] "GET /stats/ HTTP/1.1" 200 1742 "-" "Mozilla/4.0 (compatible; MSIE 6.0; Windows NT 5.1; SV1; .NET CLR 1.1.4325; .NET CLR 2.0.50727; .NET CLR 3.0.30729; .NET CLR 3.5.30707; MS-RTC LM 8)"
74.86.61.114 - - [31/May/2011:22:32:55 +0000] "GET /robots.txt HTTP/1.0" 404 275 "-" "FreeNutch/Nutch-1.2"
74.86.61.114 - - [31/May/2011:22:32:55 +0000] "GET /logs/ HTTP/1.0" 200 888 "-" "FreeNutch/Nutch-1.2"
207.46.12.28 - - [31/May/2011:23:34:48 +0000] "GET /index.html-old HTTP/1.1" 200 1190 "-" "Mozilla/4.0 (compatible; MSIE 6.0; Windows NT 5.1; SV1; .NET CLR 1.1.4325; .NET CLR 2.0.50727; .NET CLR 3.0.30729; .NET CLR 3.5.30707; MS-RTC LM 8)"
65.52.110.53 - - [01/Jun/2011:00:23:02 +0000] "GET /robots.txt HTTP/1.1" 404 287 "-" "Mozilla/5.0 (compatible; bingbot/2.0; +http://www.bing.com/bingbot.htm)"
65.52.110.53 - - [01/Jun/2011:00:24:03 +0000] "GET / HTTP/1.1" 200 1004 "-" "Mozilla/5.0 (compatible; bingbot/2.0; +http://www.bing.com/bingbot.htm)"
91.201.67.162 - - [01/Jun/2011:01:52:51 +0000] "GET /logs/access.log HTTP/1.0" 200 419239 "http://www.hirbernik.com/member.php?58844-Tripmitteedom" "Mozilla/1.22 (compatible; MSIE 2.0; Windows 95)"
91.201.67.162 - - [01/Jun/2011:01:52:51 +0000] "GET /logs/access.log HTTP/1.0" 200 0 "http://www.hirbernik.com/member.php?58844-Tripmitteedom" "Mozilla/4.0 (compatible; MSIE 6.0; Windows 98; Win 9x 4.90; Creative)"
91.201.67.162 - - [01/Jun/2011:01:52:52 +0000] "GET /logs/access.log HTTP/1.0" 200 0 "http://www.hirbernik.com/member.php?58844-Tripmitteedom" "Mozilla/4.0 (compatible; MSIE 6.0; Windows ME) Opera 7.11 [en]"
91.201.67.162 - - [01/Jun/2011:01:52:53 +0000] "GET /logs/access.log HTTP/1.0" 200 0 "http://www.hirbernik.com/member.php?58844-Tripmitteedom" "Mozilla/4.0 (compatible; MSIE 6.0; Windows NT 5.1; .NET CLR 1.1.4322)"
91.201.67.162 - - [01/Jun/2011:01:52:53 +0000] "GET /logs/access.log HTTP/1.0" 200 0 "http://www.hirbernik.com/member.php?58844-Tripmitteedom" "Mozilla/4.0 (compatible; MSIE 6.0; Windows NT 5.1; Maxthon; .NET CLR 1.1.4322)"
91.201.67.162 - - [01/Jun/2011:02:03:57 +0000] "GET / HTTP/1.0" 200 992 "http://www.basquetlloret.com/foro/index.php?action=profile;u=157035" "Mozilla/4.0 (compatible; MSIE 5.0; Windows NT; DigExt)"
91.201.67.162 - - [01/Jun/2011:02:03:57 +0000] "GET / HTTP/1.0" 200 992 "http://www.basquetlloret.com/foro/index.php?action=profile;u=157035" "Mozilla/4.0 (compatible; MSIE 6.0; Windows NT 5.1; SV1; FunWebProducts; .NET CLR 1.1.4322; PeoplePal 6.2)"
91.201.67.162 - - [01/Jun/2011:02:03:57 +0000] "GET / HTTP/1.0" 200 992 "http://www.basquetlloret.com/foro/index.php?action=profile;u=157035" "Mozilla/4.0 (compatible; MSIE 5.0; Windows 95) Opera 6.01 [en]"
91.201.67.162 - - [01/Jun/2011:02:03:58 +0000] "GET / HTTP/1.0" 200 992 "http://www.basquetlloret.com/foro/index.php?action=profile;u=157035" "Mozilla/4.0 (compatible; MSIE 6.0; Windows NT 5.1; KKman2.0)"
91.201.67.162 - - [01/Jun/2011:02:03:58 +0000] "GET / HTTP/1.0" 200 992 "http://www.basquetlloret.com/foro/index.php?action=profile;u=157035" "Mozilla/4.0 (compatible; MSIE 6.0; Windows NT 5.1; SV1; FunWebProducts; .NET CLR 1.1.4322; PeoplePal 6.2)"
207.46.13.52 - - [01/Jun/2011:03:24:49 +0000] "GET /robots.txt HTTP/1.1" 404 287 "-" "Mozilla/5.0 (compatible; bingbot/2.0; +http://www.bing.com/bingbot.htm)"
91.201.67.162 - - [01/Jun/2011:03:25:57 +0000] "GET /stats/referer.html HTTP/1.0" 200 1740 "http://www.consultastudenti.it/forum/profile.php?mode=viewprofile&u=20787" "Mozilla/4.0 (compatible; MSIE 6.0; Windows NT 5.1; KKman2.0)"
91.201.67.162 - - [01/Jun/2011:03:25:57 +0000] "GET /stats/referer.html HTTP/1.0" 200 1740 "http://www.consultastudenti.it/forum/profile.php?mode=viewprofile&u=20787" "Mozilla/4.0 (compatible; MSIE 5.5; Windows NT 5.0; T312461)"
91.201.67.162 - - [01/Jun/2011:03:25:58 +0000] "GET /stats/referer.html HTTP/1.0" 200 1740 "http://www.consultastudenti.it/forum/profile.php?mode=viewprofile&u=20787" "Mozilla/4.0 (compatible; MSIE 6.0; Windows NT 5.1; SV1; .NET CLR 1.0.3705; .NET CLR 1.1.4322; .NET CLR 2.0.40607)"
91.201.67.162 - - [01/Jun/2011:03:25:58 +0000] "GET /stats/referer.html HTTP/1.0" 200 1740 "http://www.consultastudenti.it/forum/profile.php?mode=viewprofile&u=20787" "Mozilla/4.0 (compatible; MSIE 7.0; Windows NT 5.1; SV1; .NET CLR 2.0.50727)"
91.201.67.162 - - [01/Jun/2011:03:25:58 +0000] "GET /stats/referer.html HTTP/1.0" 200 1740 "http://www.consultastudenti.it/forum/profile.php?mode=viewprofile&u=20787" "Mozilla/4.0 (compatible; MSIE 6.0; Windows NT 5.1; SV1; FunWebProducts)"
207.46.13.52 - - [01/Jun/2011:03:26:02 +0000] "GET / HTTP/1.1" 200 1004 "-" "Mozilla/5.0 (compatible; bingbot/2.0; +http://www.bing.com/bingbot.htm)"
67.195.114.252 - - [01/Jun/2011:04:51:56 +0000] "GET /robots.txt HTTP/1.0" 404 275 "-" "Mozilla/5.0 (compatible; Yahoo! Slurp; http://help.yahoo.com/help/us/ysearch/slurp)"
67.195.114.252 - - [01/Jun/2011:04:51:57 +0000] "GET /logs/error.log HTTP/1.0" 200 118764 "-" "Mozilla/5.0 (compatible; Yahoo! Slurp; http://help.yahoo.com/help/us/ysearch/slurp)"
91.201.67.162 - - [01/Jun/2011:06:31:40 +0000] "GET /logs/access.log HTTP/1.0" 200 423302 "http://asianforums.info/member.php?2443-veniereemaide" "Mozilla/4.0 (compatible; MSIE 6.0; Windows NT 5.2; WOW64; SV1; .NET CLR 2.0.50727)"
91.201.67.162 - - [01/Jun/2011:06:31:41 +0000] "GET /logs/access.log HTTP/1.0" 200 0 "http://asianforums.info/member.php?2443-veniereemaide" "Mozilla/4.0 (compatible; MSIE 6.0; Windows NT 5.2; Win64; x64; SV1; .NET CLR 2.0.50727)"
91.201.67.162 - - [01/Jun/2011:06:31:41 +0000] "GET /logs/access.log HTTP/1.0" 200 0 "http://asianforums.info/member.php?2443-veniereemaide" "Mozilla/4.0 (compatible; MSIE 6.0; Windows NT 5.2; Win64; AMD64)"
91.201.67.162 - - [01/Jun/2011:06:31:42 +0000] "GET /logs/access.log HTTP/1.0" 200 0 "http://asianforums.info/member.php?2443-veniereemaide" "Mozilla/4.0 (compatible; MSIE 4.01; Digital AlphaServer 1000A 4/233; Windows NT; Powered By 64-Bit Alpha Processor)"
91.201.67.162 - - [01/Jun/2011:06:31:42 +0000] "GET /logs/access.log HTTP/1.0" 200 0 "http://asianforums.info/member.php?2443-veniereemaide" "Mozilla/4.0 (compatible; MSIE 6.0; Windows NT 5.1; SV1)"
91.201.67.162 - - [01/Jun/2011:06:42:48 +0000] "GET / HTTP/1.0" 200 992 "http://www.taipeifcc.org/forum/profile.php?mode=viewprofile&u=27228" "Mozilla/4.0 (compatible; MSIE 6.0; Windows NT 5.1; SV1; InfoPath.1)"
91.201.67.162 - - [01/Jun/2011:06:42:49 +0000] "GET / HTTP/1.0" 200 992 "http://www.taipeifcc.org/forum/profile.php?mode=viewprofile&u=27228" "Mozilla/4.0 (compatible; MSIE 6.0; Windows 98; Win 9x 4.90; Creative)"
91.201.67.162 - - [01/Jun/2011:06:42:49 +0000] "GET / HTTP/1.0" 200 992 "http://www.taipeifcc.org/forum/profile.php?mode=viewprofile&u=27228" "Mozilla/4.0 (compatible; MSIE 5.0; Windows 95) Opera 6.01 [en]"
91.201.67.162 - - [01/Jun/2011:06:42:52 +0000] "GET / HTTP/1.0" 200 992 "http://www.taipeifcc.org/forum/profile.php?mode=viewprofile&u=27228" "Mozilla/4.0 (compatible; MSIE 6.0; Windows NT 5.1; SV1; MRA 4.6 (build 01425); MRSPUTNIK 1, 5, 0, 19 SW)"
91.201.67.162 - - [01/Jun/2011:06:42:53 +0000] "GET / HTTP/1.0" 200 992 "http://www.taipeifcc.org/forum/profile.php?mode=viewprofile&u=27228" "Mozilla/4.0 (compatible; MSIE 5.5; Windows NT 4.0)"
91.201.67.162 - - [01/Jun/2011:08:08:23 +0000] "GET /stats/referer.html HTTP/1.0" 200 1740 "http://dreamguild.ru/conference/member.php?u=21265" "Mozilla/5.0 (Windows NT 5.1; U; en) Opera 8.00"
91.201.67.162 - - [01/Jun/2011:08:08:23 +0000] "GET /stats/referer.html HTTP/1.0" 200 1740 "http://dreamguild.ru/conference/member.php?u=21265" "Mozilla/4.0 (compatible; MSIE 6.0; Windows NT 5.0; KTXN)"
91.201.67.162 - - [01/Jun/2011:08:08:23 +0000] "GET /stats/referer.html HTTP/1.0" 200 1740 "http://dreamguild.ru/conference/member.php?u=21265" "Mozilla/4.0 (compatible; MSIE 6.0; Windows NT 5.1; TheFreeDictionary.com; .NET CLR 1.1.4322; .NET CLR 1.0.3705; .NET CLR 2.0.50727)"
91.201.67.162 - - [01/Jun/2011:08:08:24 +0000] "GET /stats/referer.html HTTP/1.0" 200 1740 "http://dreamguild.ru/conference/member.php?u=21265" "Mozilla/4.0 (compatible; MSIE 6.0; Windows NT 5.1; ru) Opera 8.50"
91.201.67.162 - - [01/Jun/2011:08:08:24 +0000] "GET /stats/referer.html HTTP/1.0" 200 1740 "http://dreamguild.ru/conference/member.php?u=21265" "Mozilla/4.0 (compatible; MSIE 4.01; Digital AlphaServer 1000A 4/233; Windows NT; Powered By 64-Bit Alpha Processor)"
91.201.67.162 - - [01/Jun/2011:11:19:55 +0000] "GET /logs/access.log HTTP/1.0" 200 426656 "http://www.fiestadeninas.com/modules.php?name=Forums&file=profile&mode=viewprofile&u=379203" "Mozilla/4.0 (compatible; MSIE 5.5; Windows 95; BCD2000)"
91.201.67.162 - - [01/Jun/2011:11:19:56 +0000] "GET /logs/access.log HTTP/1.0" 200 0 "http://www.fiestadeninas.com/modules.php?name=Forums&file=profile&mode=viewprofile&u=379203" "Mozilla/4.0 (compatible; MSIE 6.0; AOL 9.0; Windows NT 5.1)"
91.201.67.162 - - [01/Jun/2011:11:19:56 +0000] "GET /logs/access.log HTTP/1.0" 200 0 "http://www.fiestadeninas.com/modules.php?name=Forums&file=profile&mode=viewprofile&u=379203" "Mozilla/4.0 (compatible; MSIE 6.0; Windows NT 5.1; SV1)"
91.201.67.162 - - [01/Jun/2011:11:19:57 +0000] "GET /logs/access.log HTTP/1.0" 200 0 "http://www.fiestadeninas.com/modules.php?name=Forums&file=profile&mode=viewprofile&u=379203" "Opera/9.00 (Windows NT 5.1; U; en)"
91.201.67.162 - - [01/Jun/2011:11:19:57 +0000] "GET /logs/access.log HTTP/1.0" 200 0 "http://www.fiestadeninas.com/modules.php?name=Forums&file=profile&mode=viewprofile&u=379203" "Mozilla/4.0 (compatible; MSIE 6.0; Windows NT 5.1; en) Opera 8.00"
91.201.67.162 - - [01/Jun/2011:11:32:19 +0000] "GET / HTTP/1.0" 200 992 "http://splitixdesigns.com/enigma/smf/index.php?action=profile;u=5252" "Mozilla/4.0 (compatible; MSIE 6.0; Windows NT 5.1; .NET CLR 1.1.4322)"
91.201.67.162 - - [01/Jun/2011:11:32:20 +0000] "GET / HTTP/1.0" 200 992 "http://splitixdesigns.com/enigma/smf/index.php?action=profile;u=5252" "Mozilla/5.0 (Windows NT 5.1; U; en) Opera 8.01"
91.201.67.162 - - [01/Jun/2011:11:32:20 +0000] "GET / HTTP/1.0" 200 992 "http://splitixdesigns.com/enigma/smf/index.php?action=profile;u=5252" "Mozilla/4.0 (compatible; MSIE 6.0; Windows NT 5.1; ru) Opera 8.01"
91.201.67.162 - - [01/Jun/2011:11:32:29 +0000] "GET / HTTP/1.0" 200 992 "http://splitixdesigns.com/enigma/smf/index.php?action=profile;u=5252" "Mozilla/4.0 (compatible; MSIE 6.0; MSIE 5.5; Windows NT 4.0) Opera 7.0 [en]"
91.201.67.162 - - [01/Jun/2011:11:32:29 +0000] "GET / HTTP/1.0" 200 992 "http://splitixdesigns.com/enigma/smf/index.php?action=profile;u=5252" "Mozilla/4.0 (compatible; MSIE 6.0; Windows NT 5.1; SV1; .NET CLR 1.1.4322)"
91.201.67.162 - - [01/Jun/2011:13:06:48 +0000] "GET /stats/referer.html HTTP/1.0" 200 1740 "http://voetbalforum1.netfirms.com/cgi-bin/YaBB/YaBB.cgi?action=viewprofile;username=Mapyabrapesen" "Mozilla/4.0 (compatible; MSIE 6.0; Windows ME) Opera 7.11 [en]"
91.201.67.162 - - [01/Jun/2011:13:06:49 +0000] "GET /stats/referer.html HTTP/1.0" 200 1740 "http://voetbalforum1.netfirms.com/cgi-bin/YaBB/YaBB.cgi?action=viewprofile;username=Mapyabrapesen" "Mozilla/4.0 (compatible; MSIE 6.0; Windows NT 5.1)"
91.201.67.162 - - [01/Jun/2011:13:06:49 +0000] "GET /stats/referer.html HTTP/1.0" 200 1740 "http://voetbalforum1.netfirms.com/cgi-bin/YaBB/YaBB.cgi?action=viewprofile;username=Mapyabrapesen" "Opera/8.00 (Windows NT 5.1; U; en)"
91.201.67.162 - - [01/Jun/2011:13:06:50 +0000] "GET /stats/referer.html HTTP/1.0" 200 1740 "http://voetbalforum1.netfirms.com/cgi-bin/YaBB/YaBB.cgi?action=viewprofile;username=Mapyabrapesen" "Opera/9.00 (Windows NT 5.1; U; en)"
91.201.67.162 - - [01/Jun/2011:13:06:50 +0000] "GET /stats/referer.html HTTP/1.0" 200 1740 "http://voetbalforum1.netfirms.com/cgi-bin/YaBB/YaBB.cgi?action=viewprofile;username=Mapyabrapesen" "Mozilla/4.0 (compatible; MSIE 6.0; MSIE 5.5; Windows NT 4.0) Opera 7.0 [en]"
94.113.61.109 - - [01/Jun/2011:13:31:49 +0000] "HEAD / HTTP/1.0" 200 0 "silverwood-rift-private-server.info" "Mozilla/5.0 (Windows; U; Windows NT 5.1; de; rv:1.9.1.3) Gecko/20090824 Firefox/3.5.3 (.NET CLR 3.5.30729)"
94.113.61.109 - - [01/Jun/2011:13:50:16 +0000] "HEAD / HTTP/1.0" 200 0 "can-kissing-cause-cavities.weerta.com" "Mozilla/4.0 (compatible; MSIE 6.0; Windows NT 5.1; en) Opera 8.50"
67.195.114.252 - - [01/Jun/2011:17:31:04 +0000] "GET /robots.txt HTTP/1.0" 404 275 "-" "Mozilla/5.0 (compatible; Yahoo! Slurp; http://help.yahoo.com/help/us/ysearch/slurp)"
67.195.114.252 - - [01/Jun/2011:17:31:04 +0000] "GET /logs/?S=D HTTP/1.0" 200 888 "-" "Mozilla/5.0 (compatible; Yahoo! Slurp; http://help.yahoo.com/help/us/ysearch/slurp)"
66.249.72.26 - - [01/Jun/2011:18:54:45 +0000] "GET /robots.txt HTTP/1.1" 404 287 "-" "Mozilla/5.0 (compatible; Googlebot/2.1; +http://www.google.com/bot.html)"
66.249.72.26 - - [01/Jun/2011:18:54:46 +0000] "GET /stats/page_summary.html HTTP/1.1" 200 642 "-" "Mozilla/5.0 (compatible; Googlebot/2.1; +http://www.google.com/bot.html)"
50.17.111.10 - - [01/Jun/2011:20:59:53 +0000] "HEAD / HTTP/1.1" 200 0 "http://www.netcraft.com/survey/" "Mozilla/4.0 (compatible; Netcraft Web Server Survey)"
67.195.114.252 - - [02/Jun/2011:01:27:48 +0000] "GET /logs/access.log HTTP/1.0" 200 431358 "-" "Mozilla/5.0 (compatible; Yahoo! Slurp; http://help.yahoo.com/help/us/ysearch/slurp)"
75.101.255.186 - - [02/Jun/2011:03:11:51 +0000] "HEAD / HTTP/1.1" 200 0 "http://www.netcraft.com/survey/" "Mozilla/4.0 (compatible; Netcraft Web Server Survey)"
94.113.61.109 - - [02/Jun/2011:05:27:11 +0000] "HEAD / HTTP/1.0" 200 0 "silverwood-rift-private-server.info" "Mozilla/4.0 (compatible; MSIE 6.0; Windows NT 5.1; en) Opera 8.50"
94.113.61.109 - - [02/Jun/2011:05:36:58 +0000] "HEAD / HTTP/1.0" 200 0 "can-kissing-cause-cavities.weerta.com" "Mozilla/4.0 (compatible; MSIE 6.0; Windows NT 5.1; en) Opera 8.50"
94.113.61.109 - - [02/Jun/2011:06:04:41 +0000] "HEAD / HTTP/1.0" 200 0 "silverwood-rift-private-server.info" "Mozilla/5.0 (Windows; U; Windows NT 5.1; en-US; rv:1.9.0.14) Gecko/2009082707 Firefox/3.0.14 (.NET CLR 3.5.30729)"
94.113.61.109 - - [02/Jun/2011:06:11:27 +0000] "HEAD / HTTP/1.0" 200 0 "can-kissing-cause-cavities.weerta.com" "Mozilla/5.0 (Windows; U; Windows NT 6.1; en-US) AppleWebKit/532.2 (KHTML, like Gecko) Chrome/4.0.221.7 Safari/532.2"
67.195.114.252 - - [02/Jun/2011:06:38:35 +0000] "GET /robots.txt HTTP/1.0" 404 275 "-" "Mozilla/5.0 (compatible; Yahoo! Slurp; http://help.yahoo.com/help/us/ysearch/slurp)"
67.195.114.252 - - [02/Jun/2011:06:38:35 +0000] "GET /?M=A HTTP/1.0" 200 992 "-" "Mozilla/5.0 (compatible; Yahoo! Slurp; http://help.yahoo.com/help/us/ysearch/slurp)"
74.205.28.23 - - [02/Jun/2011:08:04:15 +0000] "GET /stats/ HTTP/1.0" 200 1742 "-" "Mozilla/4.0 (compatible; MSIE 7.0; Windows; U; Windows NT 6.0;)"
188.127.225.143 - - [02/Jun/2011:08:29:58 +0000] "GET /robots.txt HTTP/1.0" 404 275 "-" "Mozilla/5.0 (compatible; MJ12bot/v1.3.3; http://www.majestic12.co.uk/bot.php?+)"
188.127.225.143 - - [02/Jun/2011:08:30:01 +0000] "GET / HTTP/1.1" 200 1004 "-" "Mozilla/5.0 (compatible; MJ12bot/v1.3.3; http://www.majestic12.co.uk/bot.php?+)"
188.127.225.143 - - [02/Jun/2011:08:30:09 +0000] "GET /robots.txt HTTP/1.0" 404 275 "-" "Mozilla/5.0 (compatible; MJ12bot/v1.3.3; http://www.majestic12.co.uk/bot.php?+)"
188.127.225.143 - - [02/Jun/2011:08:30:13 +0000] "GET / HTTP/1.1" 200 1004 "-" "Mozilla/5.0 (compatible; MJ12bot/v1.3.3; http://www.majestic12.co.uk/bot.php?+)"
67.195.114.252 - - [02/Jun/2011:10:31:59 +0000] "GET /logs/?D=A HTTP/1.0" 200 888 "-" "Mozilla/5.0 (compatible; Yahoo! Slurp; http://help.yahoo.com/help/us/ysearch/slurp)"
157.56.0.158 - - [02/Jun/2011:12:08:53 +0000] "GET /robots.txt HTTP/1.1" 404 287 "-" "msnbot/2.0b (+http://search.msn.com/msnbot.htm)._"
157.56.0.158 - - [02/Jun/2011:12:08:54 +0000] "GET /index.html-old HTTP/1.1" 200 1190 "-" "msnbot/2.0b (+http://search.msn.com/msnbot.htm)._"
157.56.0.158 - - [02/Jun/2011:12:09:04 +0000] "GET /logs/ HTTP/1.1" 200 900 "-" "msnbot/2.0b (+http://search.msn.com/msnbot.htm)._"
157.56.0.158 - - [02/Jun/2011:12:09:11 +0000] "GET /stats/ HTTP/1.1" 200 1742 "-" "msnbot/2.0b (+http://search.msn.com/msnbot.htm)._"
67.195.114.252 - - [02/Jun/2011:17:35:34 +0000] "GET /robots.txt HTTP/1.0" 404 275 "-" "Mozilla/5.0 (compatible; Yahoo! Slurp; http://help.yahoo.com/help/us/ysearch/slurp)"
67.195.114.252 - - [02/Jun/2011:17:35:35 +0000] "GET /logs/ HTTP/1.0" 200 888 "-" "Mozilla/5.0 (compatible; Yahoo! Slurp; http://help.yahoo.com/help/us/ysearch/slurp)"
91.201.67.162 - - [02/Jun/2011:17:38:04 +0000] "GET /logs/access.log HTTP/1.0" 200 434718 "http://foros.arrakis.com/profile.php?mode=viewprofile&u=406718" "Mozilla/4.0 (compatible; MSIE 5.5; Windows 95; BCD2000)"
91.201.67.162 - - [02/Jun/2011:17:50:24 +0000] "GET / HTTP/1.0" 200 992 "http://hotthailand.co.cc/forum/index.php?action=profile;u=401" "Mozilla/4.0 (compatible; MSIE 5.5; Windows 95)"
66.249.71.14 - - [02/Jun/2011:17:50:28 +0000] "GET /robots.txt HTTP/1.1" 404 287 "-" "Mozilla/5.0 (compatible; Googlebot/2.1; +http://www.google.com/bot.html)"
66.249.71.14 - - [02/Jun/2011:17:50:28 +0000] "GET /logs/ HTTP/1.1" 200 900 "-" "Mozilla/5.0 (compatible; Googlebot/2.1; +http://www.google.com/bot.html)"
91.201.67.162 - - [02/Jun/2011:19:29:56 +0000] "GET /stats/referer.html HTTP/1.0" 200 1740 "http://users.atw.hu/lage/forum/profile.php?mode=viewprofile&u=10191" "Mozilla/4.0 (compatible; MSIE 6.0; Windows NT 5.1; SV1; .NET CLR 1.1.4322)"
67.195.114.252 - - [02/Jun/2011:22:01:40 +0000] "GET /logs/script.log HTTP/1.0" 200 56336 "-" "Mozilla/5.0 (compatible; Yahoo! Slurp; http://help.yahoo.com/help/us/ysearch/slurp)"
67.195.114.252 - - [02/Jun/2011:23:14:58 +0000] "GET /logs/?N=D HTTP/1.0" 200 888 "-" "Mozilla/5.0 (compatible; Yahoo! Slurp; http://help.yahoo.com/help/us/ysearch/slurp)"
67.195.114.252 - - [03/Jun/2011:01:30:47 +0000] "GET /logs/?N=A HTTP/1.0" 200 888 "-" "Mozilla/5.0 (compatible; Yahoo! Slurp; http://help.yahoo.com/help/us/ysearch/slurp)"
94.113.61.109 - - [03/Jun/2011:02:02:49 +0000] "HEAD / HTTP/1.0" 200 0 "silverwood-rift-private-server.info" "Mozilla/5.0 (X11; U; Linux i686; it-IT; rv:1.9.0.2) Gecko/2008092313 Ubuntu/9.25 (jaunty) Firefox/3.8"
94.113.61.109 - - [03/Jun/2011:02:13:06 +0000] "HEAD / HTTP/1.0" 200 0 "can-kissing-cause-cavities.weerta.com" "Mozilla/5.0 (Windows; U; Windows NT 6.1; en-US) AppleWebKit/532.2 (KHTML, like Gecko) Chrome/4.0.221.7 Safari/532.2"
94.113.61.109 - - [03/Jun/2011:02:35:01 +0000] "HEAD / HTTP/1.0" 200 0 "silverwood-rift-private-server.info" "Mozilla/4.0 (compatible; MSIE 7.0; Windows NT 5.1; .NET CLR 1.1.4322; .NET CLR 2.0.50727; .NET CLR 3.0.04506.30)"
94.113.61.109 - - [03/Jun/2011:02:41:50 +0000] "HEAD / HTTP/1.0" 200 0 "can-kissing-cause-cavities.weerta.com" "Mozilla/4.0 (compatible; MSIE 8.0; Windows NT 6.1; WOW64; Trident/4.0; SLCC2; Media Center PC 6.0; InfoPath.2; MS-RTC LM 8)"
67.195.114.252 - - [03/Jun/2011:04:08:52 +0000] "GET /cgi-local/ HTTP/1.0" 403 279 "-" "Mozilla/5.0 (compatible; Yahoo! Slurp; http://help.yahoo.com/help/us/ysearch/slurp)"
94.113.61.109 - - [03/Jun/2011:07:05:24 +0000] "HEAD / HTTP/1.0" 200 0 "silverwood-rift-private-server.info" "Mozilla/5.0 (Windows; U; Windows NT 5.1; pl; rv:1.9.1.3) Gecko/20090824 Firefox/3.5.3"
94.113.61.109 - - [03/Jun/2011:07:14:44 +0000] "HEAD / HTTP/1.0" 200 0 "can-kissing-cause-cavities.weerta.com" "Mozilla/5.0 (Windows; U; Windows NT 5.1; pl; rv:1.9.1.3) Gecko/20090824 Firefox/3.5.3"
94.113.61.109 - - [03/Jun/2011:07:21:53 +0000] "HEAD / HTTP/1.0" 200 0 "silverwood-rift-private-server.info" "Mozilla/5.0 (X11; U; Linux i686; it-IT; rv:1.9.0.2) Gecko/2008092313 Ubuntu/9.25 (jaunty) Firefox/3.8"
94.113.61.109 - - [03/Jun/2011:07:29:04 +0000] "HEAD / HTTP/1.0" 200 0 "can-kissing-cause-cavities.weerta.com" "Mozilla/4.0 (compatible; MSIE 7.0; Windows NT 5.1; .NET CLR 1.1.4322; .NET CLR 2.0.50727; .NET CLR 3.0.04506.30)"
91.201.67.162 - - [03/Jun/2011:11:01:26 +0000] "GET /logs/access.log HTTP/1.0" 200 438104 "http://www.cosmetologi.com/forum/memberlist.php?mode=viewprofile&u=3028" "Mozilla/4.0 (compatible; MSIE 6.0; Windows NT 5.1; FREE; .NET CLR 1.1.4322)"
91.201.67.162 - - [03/Jun/2011:11:13:56 +0000] "GET / HTTP/1.0" 200 992 "http://kenhmobile.net/web//profile.php?mode=viewprofile&u=12807" "Mozilla/4.0 (compatible; MSIE 6.0; Windows NT 5.1; SV1; FunWebProducts; MRA 4.6 (build 01425); .NET CLR 1.1.4322; .NET CLR 2.0.50727)"
91.201.67.162 - - [03/Jun/2011:13:05:38 +0000] "GET /stats/referer.html HTTP/1.0" 200 1740 "http://sq-dealer.ru/forum/profile.php?mode=viewprofile&u=27164" "Mozilla/4.0 (compatible; MSIE 5.0; Windows NT; DigExt)"
67.195.114.252 - - [03/Jun/2011:14:20:33 +0000] "GET /robots.txt HTTP/1.0" 404 275 "-" "Mozilla/5.0 (compatible; Yahoo! Slurp; http://help.yahoo.com/help/us/ysearch/slurp)"
67.195.114.252 - - [03/Jun/2011:14:20:34 +0000] "GET /logs/?S=A HTTP/1.0" 200 888 "-" "Mozilla/5.0 (compatible; Yahoo! Slurp; http://help.yahoo.com/help/us/ysearch/slurp)"
201.234.226.66 - - [03/Jun/2011:15:22:33 +0000] "GET / HTTP/1.1" 200 1004 "-" "Mozilla/5.0 (Windows; U; Windows NT 5.1; es-ES; rv:1.9.2.12) Gecko/20101026 Firefox/3.6.12 ( .NET CLR 3.5.30729)"
201.234.226.66 - - [03/Jun/2011:15:22:34 +0000] "GET /icons/blank.gif HTTP/1.1" 200 148 "http://www.gan.com.ve/" "Mozilla/5.0 (Windows; U; Windows NT 5.1; es-ES; rv:1.9.2.12) Gecko/20101026 Firefox/3.6.12 ( .NET CLR 3.5.30729)"
201.234.226.66 - - [03/Jun/2011:15:22:34 +0000] "GET /icons/unknown.gif HTTP/1.1" 200 245 "http://www.gan.com.ve/" "Mozilla/5.0 (Windows; U; Windows NT 5.1; es-ES; rv:1.9.2.12) Gecko/20101026 Firefox/3.6.12 ( .NET CLR 3.5.30729)"
201.234.226.66 - - [03/Jun/2011:15:22:34 +0000] "GET /icons/back.gif HTTP/1.1" 200 216 "http://www.gan.com.ve/" "Mozilla/5.0 (Windows; U; Windows NT 5.1; es-ES; rv:1.9.2.12) Gecko/20101026 Firefox/3.6.12 ( .NET CLR 3.5.30729)"
201.234.226.66 - - [03/Jun/2011:15:22:34 +0000] "GET /icons/folder.gif HTTP/1.1" 200 225 "http://www.gan.com.ve/" "Mozilla/5.0 (Windows; U; Windows NT 5.1; es-ES; rv:1.9.2.12) Gecko/20101026 Firefox/3.6.12 ( .NET CLR 3.5.30729)"
201.234.226.66 - - [03/Jun/2011:15:22:38 +0000] "GET /favicon.ico HTTP/1.1" 404 288 "-" "Mozilla/5.0 (Windows; U; Windows NT 5.1; es-ES; rv:1.9.2.12) Gecko/20101026 Firefox/3.6.12 ( .NET CLR 3.5.30729)"
201.234.226.66 - - [03/Jun/2011:15:22:41 +0000] "GET /favicon.ico HTTP/1.1" 404 288 "-" "Mozilla/5.0 (Windows; U; Windows NT 5.1; es-ES; rv:1.9.2.12) Gecko/20101026 Firefox/3.6.12 ( .NET CLR 3.5.30729)"
201.234.226.66 - - [03/Jun/2011:15:22:58 +0000] "GET / HTTP/1.1" 200 1004 "-" "Mozilla/5.0 (Windows; U; Windows NT 5.1; es-ES; rv:1.9.2.12) Gecko/20101026 Firefox/3.6.12 ( .NET CLR 3.5.30729)"
201.234.226.66 - - [03/Jun/2011:15:22:59 +0000] "GET /icons/blank.gif HTTP/1.1" 200 148 "http://gan.com.ve/" "Mozilla/5.0 (Windows; U; Windows NT 5.1; es-ES; rv:1.9.2.12) Gecko/20101026 Firefox/3.6.12 ( .NET CLR 3.5.30729)"
201.234.226.66 - - [03/Jun/2011:15:22:59 +0000] "GET /icons/folder.gif HTTP/1.1" 200 225 "http://gan.com.ve/" "Mozilla/5.0 (Windows; U; Windows NT 5.1; es-ES; rv:1.9.2.12) Gecko/20101026 Firefox/3.6.12 ( .NET CLR 3.5.30729)"
201.234.226.66 - - [03/Jun/2011:15:22:59 +0000] "GET /icons/unknown.gif HTTP/1.1" 200 245 "http://gan.com.ve/" "Mozilla/5.0 (Windows; U; Windows NT 5.1; es-ES; rv:1.9.2.12) Gecko/20101026 Firefox/3.6.12 ( .NET CLR 3.5.30729)"
201.234.226.66 - - [03/Jun/2011:15:22:59 +0000] "GET /icons/back.gif HTTP/1.1" 200 216 "http://gan.com.ve/" "Mozilla/5.0 (Windows; U; Windows NT 5.1; es-ES; rv:1.9.2.12) Gecko/20101026 Firefox/3.6.12 ( .NET CLR 3.5.30729)"
201.234.226.66 - - [03/Jun/2011:15:22:59 +0000] "GET /favicon.ico HTTP/1.1" 404 288 "-" "Mozilla/5.0 (Windows; U; Windows NT 5.1; es-ES; rv:1.9.2.12) Gecko/20101026 Firefox/3.6.12 ( .NET CLR 3.5.30729)"
201.234.226.66 - - [03/Jun/2011:15:23:02 +0000] "GET /favicon.ico HTTP/1.1" 404 288 "-" "Mozilla/5.0 (Windows; U; Windows NT 5.1; es-ES; rv:1.9.2.12) Gecko/20101026 Firefox/3.6.12 ( .NET CLR 3.5.30729)"
201.234.226.66 - - [03/Jun/2011:15:23:04 +0000] "GET /stats/ HTTP/1.1" 200 1742 "http://gan.com.ve/" "Mozilla/5.0 (Windows; U; Windows NT 5.1; es-ES; rv:1.9.2.12) Gecko/20101026 Firefox/3.6.12 ( .NET CLR 3.5.30729)"
201.234.226.66 - - [03/Jun/2011:15:23:04 +0000] "GET /stats/t-net.gif HTTP/1.1" 200 8039 "http://gan.com.ve/stats/" "Mozilla/5.0 (Windows; U; Windows NT 5.1; es-ES; rv:1.9.2.12) Gecko/20101026 Firefox/3.6.12 ( .NET CLR 3.5.30729)"
201.234.226.66 - - [03/Jun/2011:15:23:04 +0000] "GET /stats/background.gif HTTP/1.1" 200 224 "http://gan.com.ve/stats/" "Mozilla/5.0 (Windows; U; Windows NT 5.1; es-ES; rv:1.9.2.12) Gecko/20101026 Firefox/3.6.12 ( .NET CLR 3.5.30729)"
201.234.226.66 - - [03/Jun/2011:15:23:08 +0000] "GET /logs/ HTTP/1.1" 200 900 "http://gan.com.ve/" "Mozilla/5.0 (Windows; U; Windows NT 5.1; es-ES; rv:1.9.2.12) Gecko/20101026 Firefox/3.6.12 ( .NET CLR 3.5.30729)"
201.234.226.66 - - [03/Jun/2011:15:23:18 +0000] "GET /logs/access.log HTTP/1.1" 200 131072 "http://gan.com.ve/logs/" "Mozilla/5.0 (Windows; U; Windows NT 5.1; es-ES; rv:1.9.2.12) Gecko/20101026 Firefox/3.6.12 ( .NET CLR 3.5.30729)"
201.234.226.66 - - [03/Jun/2011:15:23:19 +0000] "GET / HTTP/1.1" 200 1004 "http://gan.com.ve/logs/" "Mozilla/5.0 (Windows; U; Windows NT 5.1; es-ES; rv:1.9.2.12) Gecko/20101026 Firefox/3.6.12 ( .NET CLR 3.5.30729)"
201.234.226.66 - - [03/Jun/2011:15:23:20 +0000] "GET / HTTP/1.1" 200 1004 "http://gan.com.ve/" "Mozilla/5.0 (Windows; U; Windows NT 5.1; es-ES; rv:1.9.2.12) Gecko/20101026 Firefox/3.6.12 ( .NET CLR 3.5.30729)"
201.234.226.66 - - [03/Jun/2011:15:23:24 +0000] "GET /cgi-local/ HTTP/1.1" 403 291 "http://gan.com.ve/" "Mozilla/5.0 (Windows; U; Windows NT 5.1; es-ES; rv:1.9.2.12) Gecko/20101026 Firefox/3.6.12 ( .NET CLR 3.5.30729)"
201.234.226.66 - - [03/Jun/2011:15:23:26 +0000] "GET /index.html-old HTTP/1.1" 200 1190 "http://gan.com.ve/" "Mozilla/5.0 (Windows; U; Windows NT 5.1; es-ES; rv:1.9.2.12) Gecko/20101026 Firefox/3.6.12 ( .NET CLR 3.5.30729)"
94.113.61.109 - - [03/Jun/2011:16:45:49 +0000] "HEAD / HTTP/1.0" 200 0 "silverwood-rift-private-server.info" "Mozilla/4.0 (compatible; MSIE 7.0; Windows NT 5.1; .NET CLR 1.1.4322; .NET CLR 2.0.50727; .NET CLR 3.0.04506.30)"
94.113.61.109 - - [03/Jun/2011:16:56:29 +0000] "HEAD / HTTP/1.0" 200 0 "can-kissing-cause-cavities.weerta.com" "Mozilla/5.0 (Windows; U; Windows NT 5.1; de; rv:1.9.1.3) Gecko/20090824 Firefox/3.5.3 (.NET CLR 3.5.30729)"
62.231.141.195 - - [03/Jun/2011:20:45:46 +0000] "GET /robots.txt HTTP/1.0" 404 275 "-" "Mozilla/5.0 (compatible; MJ12bot/v1.3.3; http://www.majestic12.co.uk/bot.php?+)"
62.231.141.195 - - [03/Jun/2011:20:45:47 +0000] "GET /?D=A HTTP/1.0" 200 992 "-" "Mozilla/5.0 (compatible; MJ12bot/v1.3.3; http://www.majestic12.co.uk/bot.php?+)"
62.231.141.195 - - [03/Jun/2011:20:45:48 +0000] "GET /?M=A HTTP/1.0" 200 992 "-" "Mozilla/5.0 (compatible; MJ12bot/v1.3.3; http://www.majestic12.co.uk/bot.php?+)"
62.231.141.195 - - [03/Jun/2011:20:45:50 +0000] "GET /?N=D HTTP/1.0" 200 992 "-" "Mozilla/5.0 (compatible; MJ12bot/v1.3.3; http://www.majestic12.co.uk/bot.php?+)"
62.231.141.195 - - [03/Jun/2011:20:45:51 +0000] "GET /?S=A HTTP/1.0" 200 992 "-" "Mozilla/5.0 (compatible; MJ12bot/v1.3.3; http://www.majestic12.co.uk/bot.php?+)"
62.231.141.195 - - [03/Jun/2011:20:46:03 +0000] "GET /cgi-local HTTP/1.0" 301 307 "-" "Mozilla/5.0 (compatible; MJ12bot/v1.3.3; http://www.majestic12.co.uk/bot.php?+)"
62.231.141.195 - - [03/Jun/2011:20:46:04 +0000] "GET /robots.txt HTTP/1.0" 404 275 "-" "Mozilla/5.0 (compatible; MJ12bot/v1.3.3; http://www.majestic12.co.uk/bot.php?+)"
62.231.141.195 - - [03/Jun/2011:20:46:05 +0000] "GET /cgi-local/ HTTP/1.0" 403 279 "-" "Mozilla/5.0 (compatible; MJ12bot/v1.3.3; http://www.majestic12.co.uk/bot.php?+)"
62.231.141.195 - - [03/Jun/2011:20:46:06 +0000] "GET /index.html-old HTTP/1.0" 200 1190 "-" "Mozilla/5.0 (compatible; MJ12bot/v1.3.3; http://www.majestic12.co.uk/bot.php?+)"
62.231.141.195 - - [03/Jun/2011:20:46:08 +0000] "GET /logs HTTP/1.0" 301 302 "-" "Mozilla/5.0 (compatible; MJ12bot/v1.3.3; http://www.majestic12.co.uk/bot.php?+)"
62.231.141.195 - - [03/Jun/2011:20:46:08 +0000] "GET /logs/ HTTP/1.0" 200 888 "-" "Mozilla/5.0 (compatible; MJ12bot/v1.3.3; http://www.majestic12.co.uk/bot.php?+)"
62.231.141.195 - - [03/Jun/2011:20:46:10 +0000] "GET /stats HTTP/1.0" 301 303 "-" "Mozilla/5.0 (compatible; MJ12bot/v1.3.3; http://www.majestic12.co.uk/bot.php?+)"
62.231.141.195 - - [03/Jun/2011:20:46:14 +0000] "GET /stats/ HTTP/1.0" 200 1742 "-" "Mozilla/5.0 (compatible; MJ12bot/v1.3.3; http://www.majestic12.co.uk/bot.php?+)"
62.231.141.195 - - [03/Jun/2011:20:46:15 +0000] "GET /?D=A HTTP/1.0" 200 992 "-" "Mozilla/5.0 (compatible; MJ12bot/v1.3.3; http://www.majestic12.co.uk/bot.php?+)"
62.231.141.195 - - [03/Jun/2011:20:46:17 +0000] "GET /?M=A HTTP/1.0" 200 992 "-" "Mozilla/5.0 (compatible; MJ12bot/v1.3.3; http://www.majestic12.co.uk/bot.php?+)"
62.231.141.195 - - [03/Jun/2011:20:46:23 +0000] "GET /?N=D HTTP/1.0" 200 992 "-" "Mozilla/5.0 (compatible; MJ12bot/v1.3.3; http://www.majestic12.co.uk/bot.php?+)"
62.231.141.195 - - [03/Jun/2011:20:46:24 +0000] "GET /?S=A HTTP/1.0" 200 992 "-" "Mozilla/5.0 (compatible; MJ12bot/v1.3.3; http://www.majestic12.co.uk/bot.php?+)"
62.231.141.195 - - [03/Jun/2011:20:46:29 +0000] "GET /cgi-local HTTP/1.0" 301 307 "-" "Mozilla/5.0 (compatible; MJ12bot/v1.3.3; http://www.majestic12.co.uk/bot.php?+)"
62.231.141.195 - - [03/Jun/2011:20:46:37 +0000] "GET /cgi-local/ HTTP/1.0" 403 279 "-" "Mozilla/5.0 (compatible; MJ12bot/v1.3.3; http://www.majestic12.co.uk/bot.php?+)"
62.231.141.195 - - [03/Jun/2011:20:46:41 +0000] "GET /index.html-old HTTP/1.0" 200 1190 "-" "Mozilla/5.0 (compatible; MJ12bot/v1.3.3; http://www.majestic12.co.uk/bot.php?+)"
62.231.141.195 - - [03/Jun/2011:20:46:46 +0000] "GET /logs HTTP/1.0" 301 302 "-" "Mozilla/5.0 (compatible; MJ12bot/v1.3.3; http://www.majestic12.co.uk/bot.php?+)"
62.231.141.195 - - [03/Jun/2011:20:46:47 +0000] "GET /logs/ HTTP/1.0" 200 888 "-" "Mozilla/5.0 (compatible; MJ12bot/v1.3.3; http://www.majestic12.co.uk/bot.php?+)"
62.231.141.195 - - [03/Jun/2011:20:46:52 +0000] "GET /stats HTTP/1.0" 301 303 "-" "Mozilla/5.0 (compatible; MJ12bot/v1.3.3; http://www.majestic12.co.uk/bot.php?+)"
62.231.141.195 - - [03/Jun/2011:20:46:53 +0000] "GET /stats/ HTTP/1.0" 200 1742 "-" "Mozilla/5.0 (compatible; MJ12bot/v1.3.3; http://www.majestic12.co.uk/bot.php?+)"
66.249.71.14 - - [03/Jun/2011:21:32:19 +0000] "GET /robots.txt HTTP/1.1" 404 287 "-" "Mozilla/5.0 (compatible; Googlebot/2.1; +http://www.google.com/bot.html)"
66.249.71.14 - - [03/Jun/2011:21:32:19 +0000] "GET /logs/ HTTP/1.1" 200 900 "-" "Mozilla/5.0 (compatible; Googlebot/2.1; +http://www.google.com/bot.html)"
65.52.110.13 - - [03/Jun/2011:23:18:06 +0000] "GET /robots.txt HTTP/1.1" 404 287 "-" "Mozilla/5.0 (compatible; bingbot/2.0; +http://www.bing.com/bingbot.htm)"
