67.195.112.173 - - [30/Apr/2011:21:28:32 +0000] "GET /robots.txt HTTP/1.0" 404 275 "-" "Mozilla/5.0 (compatible; Yahoo! Slurp; http://help.yahoo.com/help/us/ysearch/slurp)"
67.195.112.173 - - [30/Apr/2011:21:28:32 +0000] "GET /cgi-local/ HTTP/1.0" 403 279 "-" "Mozilla/5.0 (compatible; Yahoo! Slurp; http://help.yahoo.com/help/us/ysearch/slurp)"
207.46.204.190 - - [30/Apr/2011:21:57:31 +0000] "GET /robots.txt HTTP/1.1" 404 287 "-" "Mozilla/5.0 (compatible; bingbot/2.0; +http://www.bing.com/bingbot.htm)"
207.46.204.190 - - [30/Apr/2011:21:58:34 +0000] "GET / HTTP/1.1" 200 1004 "-" "Mozilla/5.0 (compatible; bingbot/2.0; +http://www.bing.com/bingbot.htm)"
204.15.39.12 - - [30/Apr/2011:23:03:51 +0000] "HEAD /logs/ HTTP/1.1" 200 0 "-" "Botslist Botfinder (+http://www.botslist.ca)"
204.15.39.12 - - [30/Apr/2011:23:03:52 +0000] "GET /logs/ HTTP/1.1" 200 900 "-" "Botslist Botfinder (+http://www.botslist.ca)"
204.15.39.12 - - [30/Apr/2011:23:04:14 +0000] "HEAD /logs/access.log HTTP/1.1" 200 0 "-" "Botslist Botfinder (+http://www.botslist.ca)"
204.15.39.12 - - [30/Apr/2011:23:04:15 +0000] "GET /logs/access.log HTTP/1.1" 200 200649 "-" "Botslist Botfinder (+http://www.botslist.ca)"
204.15.39.12 - - [30/Apr/2011:23:04:16 +0000] "HEAD /logs/error.log HTTP/1.1" 200 0 "-" "Botslist Botfinder (+http://www.botslist.ca)"
204.15.39.12 - - [30/Apr/2011:23:04:17 +0000] "GET /logs/error.log HTTP/1.1" 200 48897 "-" "Botslist Botfinder (+http://www.botslist.ca)"
204.15.39.12 - - [30/Apr/2011:23:04:17 +0000] "HEAD /logs/script.log HTTP/1.1" 200 0 "-" "Botslist Botfinder (+http://www.botslist.ca)"
204.15.39.12 - - [30/Apr/2011:23:04:18 +0000] "GET /logs/script.log HTTP/1.1" 200 53743 "-" "Botslist Botfinder (+http://www.botslist.ca)"
65.52.109.60 - - [01/May/2011:06:47:58 +0000] "GET /robots.txt HTTP/1.1" 404 287 "-" "Mozilla/5.0 (compatible; bingbot/2.0; +http://www.bing.com/bingbot.htm)"
65.52.109.60 - - [01/May/2011:06:49:01 +0000] "GET / HTTP/1.1" 200 1004 "-" "Mozilla/5.0 (compatible; bingbot/2.0; +http://www.bing.com/bingbot.htm)"
65.52.110.30 - - [01/May/2011:12:03:44 +0000] "GET /robots.txt HTTP/1.1" 404 287 "-" "Mozilla/5.0 (compatible; bingbot/2.0; +http://www.bing.com/bingbot.htm)"
65.52.110.30 - - [01/May/2011:12:04:27 +0000] "GET / HTTP/1.1" 200 1004 "-" "Mozilla/5.0 (compatible; bingbot/2.0; +http://www.bing.com/bingbot.htm)"
207.46.204.232 - - [01/May/2011:12:54:48 +0000] "GET /robots.txt HTTP/1.1" 404 287 "-" "Mozilla/5.0 (compatible; bingbot/2.0; +http://www.bing.com/bingbot.htm)"
207.46.204.232 - - [01/May/2011:12:55:27 +0000] "GET /cgi-local/ HTTP/1.1" 403 291 "-" "Mozilla/5.0 (compatible; bingbot/2.0; +http://www.bing.com/bingbot.htm)"
207.46.13.135 - - [01/May/2011:13:46:13 +0000] "GET /robots.txt HTTP/1.1" 404 287 "-" "Mozilla/5.0 (compatible; bingbot/2.0; +http://www.bing.com/bingbot.htm)"
207.46.13.135 - - [01/May/2011:13:46:58 +0000] "GET / HTTP/1.1" 200 1004 "-" "Mozilla/5.0 (compatible; bingbot/2.0; +http://www.bing.com/bingbot.htm)"
67.195.112.173 - - [01/May/2011:18:00:38 +0000] "GET /robots.txt HTTP/1.0" 404 275 "-" "Mozilla/5.0 (compatible; Yahoo! Slurp; http://help.yahoo.com/help/us/ysearch/slurp)"
67.195.112.173 - - [01/May/2011:18:00:39 +0000] "GET /?D=A HTTP/1.0" 200 992 "-" "Mozilla/5.0 (compatible; Yahoo! Slurp; http://help.yahoo.com/help/us/ysearch/slurp)"
67.195.112.173 - - [01/May/2011:18:15:51 +0000] "GET /logs/access.log.comprimido.gz HTTP/1.0" 404 294 "-" "Mozilla/5.0 (compatible; Yahoo! Slurp; http://help.yahoo.com/help/us/ysearch/slurp)"
65.55.25.153 - - [01/May/2011:20:28:22 +0000] "GET /robots.txt HTTP/1.1" 404 287 "-" "msnbot/2.0b (+http://search.msn.com/msnbot.htm)._"
65.55.25.153 - - [01/May/2011:20:28:23 +0000] "GET /index.html-old HTTP/1.1" 200 1190 "-" "msnbot/2.0b (+http://search.msn.com/msnbot.htm)._"
65.55.25.153 - - [01/May/2011:20:28:56 +0000] "GET /logs/ HTTP/1.1" 200 900 "-" "msnbot/2.0b (+http://search.msn.com/msnbot.htm)._"
65.55.25.153 - - [01/May/2011:20:28:59 +0000] "GET /stats/ HTTP/1.1" 200 1742 "-" "msnbot/2.0b (+http://search.msn.com/msnbot.htm)._"
67.195.112.173 - - [01/May/2011:21:21:38 +0000] "GET /robots.txt HTTP/1.0" 404 275 "-" "Mozilla/5.0 (compatible; Yahoo! Slurp; http://help.yahoo.com/help/us/ysearch/slurp)"
67.195.112.173 - - [01/May/2011:21:21:39 +0000] "GET / HTTP/1.0" 200 992 "-" "Mozilla/5.0 (compatible; Yahoo! Slurp; http://help.yahoo.com/help/us/ysearch/slurp)"
207.46.204.186 - - [01/May/2011:22:40:11 +0000] "GET /robots.txt HTTP/1.1" 404 287 "-" "Mozilla/5.0 (compatible; bingbot/2.0; +http://www.bing.com/bingbot.htm)"
207.46.204.186 - - [01/May/2011:22:40:58 +0000] "GET /stats/gd_time.html HTTP/1.1" 304 - "-" "Mozilla/5.0 (compatible; bingbot/2.0; +http://www.bing.com/bingbot.htm)"
65.52.110.66 - - [01/May/2011:23:26:07 +0000] "GET /robots.txt HTTP/1.1" 404 287 "-" "Mozilla/5.0 (compatible; bingbot/2.0; +http://www.bing.com/bingbot.htm)"
65.52.110.66 - - [01/May/2011:23:26:57 +0000] "GET /stats/what_idx.html HTTP/1.1" 200 1202 "-" "Mozilla/5.0 (compatible; bingbot/2.0; +http://www.bing.com/bingbot.htm)"
65.52.110.67 - - [02/May/2011:01:08:12 +0000] "GET /robots.txt HTTP/1.1" 404 287 "-" "Mozilla/5.0 (compatible; bingbot/2.0; +http://www.bing.com/bingbot.htm)"
65.52.110.67 - - [02/May/2011:01:09:01 +0000] "GET /stats/index.html HTTP/1.1" 304 - "-" "Mozilla/5.0 (compatible; bingbot/2.0; +http://www.bing.com/bingbot.htm)"
65.52.110.75 - - [02/May/2011:04:31:08 +0000] "GET /robots.txt HTTP/1.1" 404 287 "-" "Mozilla/5.0 (compatible; bingbot/2.0; +http://www.bing.com/bingbot.htm)"
65.52.110.75 - - [02/May/2011:04:31:58 +0000] "GET /?S=A HTTP/1.1" 200 1004 "-" "Mozilla/5.0 (compatible; bingbot/2.0; +http://www.bing.com/bingbot.htm)"
207.46.13.95 - - [02/May/2011:04:58:59 +0000] "GET /robots.txt HTTP/1.1" 404 287 "-" "Mozilla/5.0 (compatible; bingbot/2.0; +http://www.bing.com/bingbot.htm)"
207.46.199.44 - - [02/May/2011:04:59:56 +0000] "GET /logs/ HTTP/1.1" 200 900 "-" "Mozilla/5.0 (compatible; bingbot/2.0; +http://www.bing.com/bingbot.htm)"
207.46.13.95 - - [02/May/2011:04:59:59 +0000] "GET /stats/who_idx.html HTTP/1.1" 200 1209 "-" "Mozilla/5.0 (compatible; bingbot/2.0; +http://www.bing.com/bingbot.htm)"
65.52.110.51 - - [02/May/2011:05:06:01 +0000] "GET /cgi-local/ HTTP/1.1" 403 291 "-" "Mozilla/5.0 (compatible; bingbot/2.0; +http://www.bing.com/bingbot.htm)"
207.46.13.133 - - [02/May/2011:14:08:55 +0000] "GET /robots.txt HTTP/1.1" 404 287 "-" "Mozilla/5.0 (compatible; bingbot/2.0; +http://www.bing.com/bingbot.htm)"
207.46.13.133 - - [02/May/2011:14:09:27 +0000] "GET /stats/when_idx.html HTTP/1.1" 200 1442 "-" "Mozilla/5.0 (compatible; bingbot/2.0; +http://www.bing.com/bingbot.htm)"
207.46.199.47 - - [02/May/2011:16:28:00 +0000] "GET /robots.txt HTTP/1.1" 404 287 "-" "Mozilla/5.0 (compatible; bingbot/2.0; +http://www.bing.com/bingbot.htm)"
207.46.199.47 - - [02/May/2011:16:29:02 +0000] "GET /index.html-old HTTP/1.1" 200 1190 "-" "Mozilla/5.0 (compatible; bingbot/2.0; +http://www.bing.com/bingbot.htm)"
65.52.110.32 - - [02/May/2011:18:24:08 +0000] "GET /robots.txt HTTP/1.1" 404 287 "-" "Mozilla/5.0 (compatible; bingbot/2.0; +http://www.bing.com/bingbot.htm)"
65.52.110.32 - - [02/May/2011:18:26:05 +0000] "GET /stats/error_idx.html HTTP/1.1" 200 1070 "-" "Mozilla/5.0 (compatible; bingbot/2.0; +http://www.bing.com/bingbot.htm)"
67.195.112.173 - - [02/May/2011:19:11:46 +0000] "GET /robots.txt HTTP/1.0" 404 275 "-" "Mozilla/5.0 (compatible; Yahoo! Slurp; http://help.yahoo.com/help/us/ysearch/slurp)"
67.195.112.173 - - [02/May/2011:19:11:46 +0000] "GET /stats/ HTTP/1.0" 200 1742 "-" "Mozilla/5.0 (compatible; Yahoo! Slurp; http://help.yahoo.com/help/us/ysearch/slurp)"
65.52.110.93 - - [02/May/2011:19:45:41 +0000] "GET /robots.txt HTTP/1.1" 404 287 "-" "Mozilla/5.0 (compatible; bingbot/2.0; +http://www.bing.com/bingbot.htm)"
65.52.110.93 - - [02/May/2011:19:47:14 +0000] "GET /stats/misc_idx.html HTTP/1.1" 200 1081 "-" "Mozilla/5.0 (compatible; bingbot/2.0; +http://www.bing.com/bingbot.htm)"
207.46.13.94 - - [02/May/2011:19:48:07 +0000] "GET /logs/access.log HTTP/1.1" 200 207588 "-" "Mozilla/5.0 (compatible; bingbot/2.0; +http://www.bing.com/bingbot.htm)"
207.46.13.43 - - [02/May/2011:20:22:19 +0000] "GET /robots.txt HTTP/1.1" 404 287 "-" "Mozilla/5.0 (compatible; bingbot/2.0; +http://www.bing.com/bingbot.htm)"
207.46.13.43 - - [02/May/2011:20:22:59 +0000] "GET /stats/summary_idx.html HTTP/1.1" 304 - "-" "Mozilla/5.0 (compatible; bingbot/2.0; +http://www.bing.com/bingbot.htm)"
65.52.110.48 - - [02/May/2011:22:53:28 +0000] "GET /robots.txt HTTP/1.1" 404 287 "-" "Mozilla/5.0 (compatible; bingbot/2.0; +http://www.bing.com/bingbot.htm)"
65.52.110.48 - - [02/May/2011:22:54:29 +0000] "GET /stats/who_summary.html HTTP/1.1" 304 - "-" "Mozilla/5.0 (compatible; bingbot/2.0; +http://www.bing.com/bingbot.htm)"
207.46.13.93 - - [02/May/2011:23:01:30 +0000] "GET / HTTP/1.1" 200 1004 "-" "Mozilla/5.0 (compatible; bingbot/2.0; +http://www.bing.com/bingbot.htm)"
207.46.204.178 - - [02/May/2011:23:26:18 +0000] "GET /robots.txt HTTP/1.1" 404 287 "-" "Mozilla/5.0 (compatible; bingbot/2.0; +http://www.bing.com/bingbot.htm)"
207.46.204.178 - - [02/May/2011:23:27:05 +0000] "GET /stats/tops.html HTTP/1.1" 304 - "-" "Mozilla/5.0 (compatible; bingbot/2.0; +http://www.bing.com/bingbot.htm)"
67.195.112.173 - - [03/May/2011:01:58:37 +0000] "GET /robots.txt HTTP/1.0" 404 275 "-" "Mozilla/5.0 (compatible; Yahoo! Slurp; http://help.yahoo.com/help/us/ysearch/slurp)"
67.195.112.173 - - [03/May/2011:01:58:38 +0000] "GET /logs/?S=D HTTP/1.0" 200 888 "-" "Mozilla/5.0 (compatible; Yahoo! Slurp; http://help.yahoo.com/help/us/ysearch/slurp)"
207.46.13.142 - - [03/May/2011:02:54:42 +0000] "GET /robots.txt HTTP/1.1" 404 287 "-" "Mozilla/5.0 (compatible; bingbot/2.0; +http://www.bing.com/bingbot.htm)"
207.46.13.142 - - [03/May/2011:02:55:32 +0000] "GET /?D=A HTTP/1.1" 200 1004 "-" "Mozilla/5.0 (compatible; bingbot/2.0; +http://www.bing.com/bingbot.htm)"
207.46.195.226 - - [03/May/2011:04:04:55 +0000] "GET /robots.txt HTTP/1.1" 404 287 "-" "Mozilla/5.0 (compatible; bingbot/2.0; +http://www.bing.com/bingbot.htm)"
207.46.195.226 - - [03/May/2011:04:05:36 +0000] "GET /stats/referer_idx.html HTTP/1.1" 304 - "-" "Mozilla/5.0 (compatible; bingbot/2.0; +http://www.bing.com/bingbot.htm)"
207.46.194.82 - - [03/May/2011:04:49:00 +0000] "GET /robots.txt HTTP/1.1" 404 287 "-" "msnbot-media/1.1 (+http://search.msn.com/msnbot.htm)"
207.46.194.82 - - [03/May/2011:04:49:00 +0000] "GET /icons/folder.gif HTTP/1.1" 200 225 "-" "msnbot-media/1.1 (+http://search.msn.com/msnbot.htm)"
207.46.194.82 - - [03/May/2011:04:49:00 +0000] "GET / HTTP/1.1" 200 1004 "-" "msnbot-media/1.1 (+http://search.msn.com/msnbot.htm)"
203.73.48.39 - - [03/May/2011:04:51:46 +0000] "GET /robots.txt HTTP/1.0" 404 275 "-" "Mozilla/5.0 (compatible; MJ12bot/v1.3.3; http://www.majestic12.co.uk/bot.php?+)"
203.73.48.39 - - [03/May/2011:04:51:47 +0000] "GET / HTTP/1.1" 200 1004 "-" "Mozilla/5.0 (compatible; MJ12bot/v1.3.3; http://www.majestic12.co.uk/bot.php?+)"
203.73.48.39 - - [03/May/2011:04:51:50 +0000] "GET /robots.txt HTTP/1.0" 404 275 "-" "Mozilla/5.0 (compatible; MJ12bot/v1.3.3; http://www.majestic12.co.uk/bot.php?+)"
203.73.48.39 - - [03/May/2011:04:51:51 +0000] "GET / HTTP/1.1" 200 1004 "-" "Mozilla/5.0 (compatible; MJ12bot/v1.3.3; http://www.majestic12.co.uk/bot.php?+)"
67.195.112.173 - - [03/May/2011:06:36:05 +0000] "GET /stats/browser_idx.html HTTP/1.0" 200 1095 "-" "Mozilla/5.0 (compatible; Yahoo! Slurp; http://help.yahoo.com/help/us/ysearch/slurp)"
157.55.16.230 - - [03/May/2011:07:00:49 +0000] "GET /robots.txt HTTP/1.1" 404 287 "-" "Mozilla/5.0 (compatible; bingbot/2.0; +http://www.bing.com/bingbot.htm)"
157.55.16.230 - - [03/May/2011:07:02:00 +0000] "GET / HTTP/1.1" 200 1004 "-" "Mozilla/5.0 (compatible; bingbot/2.0; +http://www.bing.com/bingbot.htm)"
38.111.147.84 - - [03/May/2011:10:13:17 +0000] "GET /robots.txt HTTP/1.0" 404 275 "-" "TurnitinBot/2.1 (http://www.turnitin.com/robot/crawlerinfo.html)"
38.111.147.84 - - [03/May/2011:10:13:22 +0000] "GET /index.html-old HTTP/1.0" 304 - "-" "TurnitinBot/2.1 (http://www.turnitin.com/robot/crawlerinfo.html)"
67.195.112.173 - - [03/May/2011:12:10:46 +0000] "GET /robots.txt HTTP/1.0" 404 275 "-" "Mozilla/5.0 (compatible; Yahoo! Slurp; http://help.yahoo.com/help/us/ysearch/slurp)"
67.195.112.173 - - [03/May/2011:12:10:47 +0000] "GET /logs/?N=A HTTP/1.0" 200 888 "-" "Mozilla/5.0 (compatible; Yahoo! Slurp; http://help.yahoo.com/help/us/ysearch/slurp)"
67.195.112.173 - - [03/May/2011:13:45:05 +0000] "GET /logs/script.log HTTP/1.0" 200 54015 "-" "Mozilla/5.0 (compatible; Yahoo! Slurp; http://help.yahoo.com/help/us/ysearch/slurp)"
207.46.195.231 - - [03/May/2011:14:52:42 +0000] "GET /robots.txt HTTP/1.1" 404 287 "-" "Mozilla/5.0 (compatible; bingbot/2.0; +http://www.bing.com/bingbot.htm)"
207.46.195.231 - - [03/May/2011:14:53:36 +0000] "GET /stats/browser_idx.html HTTP/1.1" 304 - "-" "Mozilla/5.0 (compatible; bingbot/2.0; +http://www.bing.com/bingbot.htm)"
207.46.195.229 - - [03/May/2011:15:31:02 +0000] "GET /robots.txt HTTP/1.1" 404 287 "-" "Mozilla/5.0 (compatible; bingbot/2.0; +http://www.bing.com/bingbot.htm)"
207.46.195.229 - - [03/May/2011:15:32:01 +0000] "GET / HTTP/1.1" 200 1004 "-" "Mozilla/5.0 (compatible; bingbot/2.0; +http://www.bing.com/bingbot.htm)"
66.249.72.5 - - [03/May/2011:15:52:59 +0000] "GET /robots.txt HTTP/1.1" 404 287 "-" "Mozilla/5.0 (compatible; Googlebot/2.1; +http://www.google.com/bot.html)"
66.249.72.5 - - [03/May/2011:15:52:59 +0000] "GET /logs/ HTTP/1.1" 200 900 "-" "Mozilla/5.0 (compatible; Googlebot/2.1; +http://www.google.com/bot.html)"
65.52.110.54 - - [03/May/2011:21:28:53 +0000] "GET /robots.txt HTTP/1.1" 404 287 "-" "Mozilla/5.0 (compatible; bingbot/2.0; +http://www.bing.com/bingbot.htm)"
65.52.110.54 - - [03/May/2011:21:29:32 +0000] "GET /stats/what_summary.html HTTP/1.1" 304 - "-" "Mozilla/5.0 (compatible; bingbot/2.0; +http://www.bing.com/bingbot.htm)"
207.46.13.45 - - [03/May/2011:21:59:23 +0000] "GET /robots.txt HTTP/1.1" 404 287 "-" "Mozilla/5.0 (compatible; bingbot/2.0; +http://www.bing.com/bingbot.htm)"
207.46.13.45 - - [03/May/2011:22:00:01 +0000] "GET /logs/error.log HTTP/1.1" 200 52978 "-" "Mozilla/5.0 (compatible; bingbot/2.0; +http://www.bing.com/bingbot.htm)"
207.46.204.233 - - [04/May/2011:00:43:43 +0000] "GET /robots.txt HTTP/1.1" 404 287 "-" "Mozilla/5.0 (compatible; bingbot/2.0; +http://www.bing.com/bingbot.htm)"
207.46.204.233 - - [04/May/2011:00:44:36 +0000] "GET /?M=A HTTP/1.1" 200 1004 "-" "Mozilla/5.0 (compatible; bingbot/2.0; +http://www.bing.com/bingbot.htm)"
67.195.112.173 - - [04/May/2011:03:26:33 +0000] "GET /robots.txt HTTP/1.0" 404 275 "-" "Mozilla/5.0 (compatible; Yahoo! Slurp; http://help.yahoo.com/help/us/ysearch/slurp)"
67.195.112.173 - - [04/May/2011:03:26:35 +0000] "GET /stats/what_idx.html HTTP/1.0" 200 1202 "-" "Mozilla/5.0 (compatible; Yahoo! Slurp; http://help.yahoo.com/help/us/ysearch/slurp)"
67.195.112.173 - - [04/May/2011:03:46:59 +0000] "GET /?S=D HTTP/1.0" 200 992 "-" "Mozilla/5.0 (compatible; Yahoo! Slurp; http://help.yahoo.com/help/us/ysearch/slurp)"
67.195.112.173 - - [04/May/2011:04:37:24 +0000] "GET /logs/error.log HTTP/1.0" 200 53198 "-" "Mozilla/5.0 (compatible; Yahoo! Slurp; http://help.yahoo.com/help/us/ysearch/slurp)"
207.46.12.239 - - [04/May/2011:08:18:32 +0000] "GET /robots.txt HTTP/1.1" 404 287 "-" "Mozilla/5.0 (compatible; bingbot/2.0; +http://www.bing.com/bingbot.htm)"
207.46.12.239 - - [04/May/2011:08:19:36 +0000] "GET /stats/user_summary.html HTTP/1.1" 304 - "-" "Mozilla/5.0 (compatible; bingbot/2.0; +http://www.bing.com/bingbot.htm)"
91.201.67.162 - - [04/May/2011:10:20:57 +0000] "GET /stats/referer.html HTTP/1.0" 200 1740 "http://www.gan.com.ve/stats/referer.html" "Mozilla/4.0 (compatible; MSIE 6.0; Windows 98; Win 9x 4.90)"
91.201.67.162 - - [04/May/2011:11:24:06 +0000] "GET / HTTP/1.0" 200 992 "http://www.gan.com.ve/" "Mozilla/4.0 (compatible; MSIE 6.0; Windows 98; Win 9x 4.90)"
91.201.67.162 - - [04/May/2011:11:31:50 +0000] "GET / HTTP/1.0" 200 992 "http://www.gan.com.ve/" "Mozilla/4.0 (compatible; MSIE 6.0; Windows 98; Win 9x 4.90)"
91.201.67.162 - - [04/May/2011:11:45:00 +0000] "GET / HTTP/1.0" 200 992 "http://www.gan.com.ve/" "Mozilla/4.0 (compatible; MSIE 6.0; Windows 98; Win 9x 4.90)"
91.201.67.162 - - [04/May/2011:12:06:05 +0000] "GET / HTTP/1.0" 200 992 "http://www.gan.com.ve/" "Mozilla/4.0 (compatible; MSIE 6.0; Windows 98; Win 9x 4.90)"
91.201.67.162 - - [04/May/2011:12:18:10 +0000] "GET / HTTP/1.0" 200 992 "http://www.gan.com.ve/" "Mozilla/4.0 (compatible; MSIE 6.0; Windows 98; Win 9x 4.90)"
91.201.67.162 - - [04/May/2011:13:59:50 +0000] "GET /stats/referer.html HTTP/1.0" 200 1740 "http://www.casinofreegamesblog.com/" "Mozilla/4.0 (compatible; MSIE 6.0; Windows NT 5.1; en) Opera 8.00"
91.201.67.162 - - [04/May/2011:13:59:51 +0000] "GET /stats/referer.html HTTP/1.0" 200 1740 "http://www.casinofreegamesblog.com/" "Mozilla/4.0 (compatible; MSIE 6.0; AOL 9.0; Windows NT 5.1)"
91.201.67.162 - - [04/May/2011:13:59:51 +0000] "GET /stats/referer.html HTTP/1.0" 200 1740 "http://www.casinofreegamesblog.com/" "Mozilla/4.0 (compatible; MSIE 6.0; Windows NT 5.1; SV1; FunWebProducts)"
91.201.67.162 - - [04/May/2011:13:59:51 +0000] "GET /stats/referer.html HTTP/1.0" 200 1740 "http://www.casinofreegamesblog.com/" "Mozilla/4.0 (compatible; MSIE 7.0; Windows NT 5.1; SV1; .NET CLR 2.0.50727)"
91.201.67.162 - - [04/May/2011:13:59:52 +0000] "GET /stats/referer.html HTTP/1.0" 200 1740 "http://www.casinofreegamesblog.com/" "Mozilla/4.0 (compatible; MSIE 6.0; Windows NT 5.0; APC; .NET CLR 1.0.3705; .NET CLR 1.1.4322; .NET CLR 2.0.50215; InfoPath.1)"
66.249.71.98 - - [04/May/2011:15:22:07 +0000] "GET /robots.txt HTTP/1.1" 404 287 "-" "Mozilla/5.0 (compatible; Googlebot/2.1; +http://www.google.com/bot.html)"
66.249.71.98 - - [04/May/2011:15:22:07 +0000] "GET /logs/script.log HTTP/1.1" 200 54015 "-" "Mozilla/5.0 (compatible; Googlebot/2.1; +http://www.google.com/bot.html)"
67.195.112.173 - - [04/May/2011:18:26:32 +0000] "GET /robots.txt HTTP/1.0" 404 275 "-" "Mozilla/5.0 (compatible; Yahoo! Slurp; http://help.yahoo.com/help/us/ysearch/slurp)"
67.195.112.173 - - [04/May/2011:18:26:32 +0000] "GET /?N=A HTTP/1.0" 200 992 "-" "Mozilla/5.0 (compatible; Yahoo! Slurp; http://help.yahoo.com/help/us/ysearch/slurp)"
66.249.71.98 - - [04/May/2011:19:25:25 +0000] "GET /robots.txt HTTP/1.1" 404 287 "-" "Mozilla/5.0 (compatible; Googlebot/2.1; +http://www.google.com/bot.html)"
66.249.71.98 - - [04/May/2011:19:25:25 +0000] "GET /stats/error_idx.html HTTP/1.1" 200 1070 "-" "Mozilla/5.0 (compatible; Googlebot/2.1; +http://www.google.com/bot.html)"
67.195.112.173 - - [04/May/2011:19:50:57 +0000] "GET /logs/?D=A HTTP/1.0" 200 888 "-" "Mozilla/5.0 (compatible; Yahoo! Slurp; http://help.yahoo.com/help/us/ysearch/slurp)"
65.52.108.12 - - [04/May/2011:19:53:14 +0000] "GET /robots.txt HTTP/1.1" 404 287 "-" "Mozilla/5.0 (compatible; bingbot/2.0; +http://www.bing.com/bingbot.htm)"
67.195.112.173 - - [04/May/2011:19:53:55 +0000] "GET /logs/?D=D HTTP/1.0" 200 888 "-" "Mozilla/5.0 (compatible; Yahoo! Slurp; http://help.yahoo.com/help/us/ysearch/slurp)"
65.52.108.12 - - [04/May/2011:19:54:01 +0000] "GET /?N=D HTTP/1.1" 200 1004 "-" "Mozilla/5.0 (compatible; bingbot/2.0; +http://www.bing.com/bingbot.htm)"
66.249.71.44 - - [04/May/2011:20:26:17 +0000] "GET /robots.txt HTTP/1.1" 404 287 "-" "Mozilla/5.0 (compatible; Googlebot/2.1; +http://www.google.com/bot.html)"
66.249.71.44 - - [04/May/2011:20:26:17 +0000] "GET / HTTP/1.1" 200 1004 "-" "Mozilla/5.0 (compatible; Googlebot/2.1; +http://www.google.com/bot.html)"
91.201.67.162 - - [04/May/2011:20:44:53 +0000] "GET / HTTP/1.0" 200 992 "http://www.casinofreegamesblog.com/" "Mozilla/4.0 (compatible; MSIE 6.0; Windows NT 5.1; SV1)"
91.201.67.162 - - [04/May/2011:20:44:55 +0000] "GET / HTTP/1.0" 200 992 "http://www.casinofreegamesblog.com/" "Mozilla/4.0 (compatible; MSIE 6.0; Windows NT 5.1; Deepnet Explorer 1.5.0; .NET CLR 1.0.3705)"
91.201.67.162 - - [04/May/2011:20:44:56 +0000] "GET / HTTP/1.0" 200 992 "http://www.casinofreegamesblog.com/" "Mozilla/4.0 (compatible; MSIE 6.0; Windows NT 5.1; SV1; .NET CLR 1.1.4322) Babya Discoverer 8.0:"
91.201.67.162 - - [04/May/2011:20:44:56 +0000] "GET / HTTP/1.0" 200 992 "http://www.casinofreegamesblog.com/" "Mozilla/0.91 Beta (Windows)"
91.201.67.162 - - [04/May/2011:20:44:57 +0000] "GET / HTTP/1.0" 200 992 "http://www.casinofreegamesblog.com/" "Mozilla/4.79 [en] (Windows NT 5.0; U)"
65.52.110.50 - - [04/May/2011:20:55:07 +0000] "GET /robots.txt HTTP/1.1" 404 287 "-" "Mozilla/5.0 (compatible; bingbot/2.0; +http://www.bing.com/bingbot.htm)"
65.52.110.50 - - [04/May/2011:20:56:04 +0000] "GET / HTTP/1.1" 200 1004 "-" "Mozilla/5.0 (compatible; bingbot/2.0; +http://www.bing.com/bingbot.htm)"
207.46.204.235 - - [04/May/2011:21:23:20 +0000] "GET /robots.txt HTTP/1.1" 404 287 "-" "Mozilla/5.0 (compatible; bingbot/2.0; +http://www.bing.com/bingbot.htm)"
207.46.204.235 - - [04/May/2011:21:25:07 +0000] "GET /?S=A HTTP/1.1" 200 1004 "-" "Mozilla/5.0 (compatible; bingbot/2.0; +http://www.bing.com/bingbot.htm)"
91.201.67.162 - - [04/May/2011:21:46:47 +0000] "GET / HTTP/1.0" 200 992 "http://www.casinofreegamesblog.com/" "Mozilla/4.0 (compatible; MSIE 6.0; Windows NT 5.1; MyIE2; Deepnet Explorer)"
91.201.67.162 - - [04/May/2011:21:46:47 +0000] "GET / HTTP/1.0" 200 992 "http://www.casinofreegamesblog.com/" "Mozilla/4.0 (compatible; MSIE 6.0; Windows NT 5.1; SV1; .NET CLR 1.1.4322) NS8/0.9.6"
91.201.67.162 - - [04/May/2011:21:46:48 +0000] "GET / HTTP/1.0" 200 992 "http://www.casinofreegamesblog.com/" "Mozilla/4.0 (compatible; MSIE 6.0; Windows NT 5.2; Win64; AMD64)"
91.201.67.162 - - [04/May/2011:21:46:48 +0000] "GET / HTTP/1.0" 200 992 "http://www.casinofreegamesblog.com/" "Mozilla/4.0 (compatible; MSIE 7.0; Windows NT 5.1; SV1; .NET CLR 2.0.50727)"
91.201.67.162 - - [04/May/2011:21:46:49 +0000] "GET / HTTP/1.0" 200 992 "http://www.casinofreegamesblog.com/" "Mozilla/4.0 (compatible; MSIE 6.0; Windows NT 5.1; SV1)"
207.46.199.179 - - [04/May/2011:21:54:54 +0000] "GET /robots.txt HTTP/1.1" 404 287 "-" "Mozilla/5.0 (compatible; bingbot/2.0; +http://www.bing.com/bingbot.htm)"
66.249.71.44 - - [04/May/2011:22:22:06 +0000] "GET /robots.txt HTTP/1.1" 404 287 "-" "Mozilla/5.0 (compatible; Googlebot/2.1; +http://www.google.com/bot.html)"
66.249.71.44 - - [04/May/2011:22:22:07 +0000] "GET /cgi-local/ HTTP/1.1" 403 291 "-" "Mozilla/5.0 (compatible; Googlebot/2.1; +http://www.google.com/bot.html)"
207.46.13.135 - - [04/May/2011:22:32:50 +0000] "GET /robots.txt HTTP/1.1" 404 287 "-" "Mozilla/5.0 (compatible; bingbot/2.0; +http://www.bing.com/bingbot.htm)"
207.46.13.135 - - [04/May/2011:22:34:09 +0000] "GET /stats/agent_summary.html HTTP/1.1" 304 - "-" "Mozilla/5.0 (compatible; bingbot/2.0; +http://www.bing.com/bingbot.htm)"
207.46.13.44 - - [04/May/2011:22:53:23 +0000] "GET /robots.txt HTTP/1.1" 404 287 "-" "Mozilla/5.0 (compatible; bingbot/2.0; +http://www.bing.com/bingbot.htm)"
207.46.13.44 - - [04/May/2011:22:53:59 +0000] "GET /stats/when_summary.html HTTP/1.1" 304 - "-" "Mozilla/5.0 (compatible; bingbot/2.0; +http://www.bing.com/bingbot.htm)"
91.201.67.162 - - [04/May/2011:23:32:34 +0000] "GET / HTTP/1.0" 200 992 "http://www.casinofreegamesblog.com/" "Mozilla/4.0 (compatible; MSIE 6.0; Windows NT 5.2; Win64; AMD64)"
91.201.67.162 - - [04/May/2011:23:32:35 +0000] "GET / HTTP/1.0" 200 992 "http://www.casinofreegamesblog.com/" "Mozilla/4.0 (compatible; MSIE 5.0; Windows 3.1)"
91.201.67.162 - - [04/May/2011:23:32:36 +0000] "GET / HTTP/1.0" 200 992 "http://www.casinofreegamesblog.com/" "Mozilla/4.0 (compatible; MSIE 6.0; AOL 9.0; Windows NT 5.1)"
91.201.67.162 - - [04/May/2011:23:32:36 +0000] "GET / HTTP/1.0" 200 992 "http://www.casinofreegamesblog.com/" "Mozilla/4.0 (compatible; MSIE 6.0; Windows NT 5.1; .NET CLR 1.1.4322)"
91.201.67.162 - - [04/May/2011:23:32:37 +0000] "GET / HTTP/1.0" 200 992 "http://www.casinofreegamesblog.com/" "Mozilla/4.0 (compatible; MSIE 6.0; Windows NT 5.1; SV1)"
67.195.112.173 - - [05/May/2011:00:56:00 +0000] "GET /logs/access.log HTTP/1.0" 200 223670 "-" "Mozilla/5.0 (compatible; Yahoo! Slurp; http://help.yahoo.com/help/us/ysearch/slurp)"
91.201.67.162 - - [05/May/2011:02:25:29 +0000] "GET / HTTP/1.0" 200 992 "http://www.casinofreegamesblog.com/" "Mozilla/4.0 (compatible; MSIE 6.0; Windows NT 5.1; en) Opera 8.00"
91.201.67.162 - - [05/May/2011:02:25:29 +0000] "GET / HTTP/1.0" 200 992 "http://www.casinofreegamesblog.com/" "Mozilla/4.0 (compatible; MSIE 6.0; Windows NT 5.1; SV1)"
91.201.67.162 - - [05/May/2011:02:25:29 +0000] "GET / HTTP/1.0" 200 992 "http://www.casinofreegamesblog.com/" "Opera/9.01 (Windows NT 5.1; U; en)"
91.201.67.162 - - [05/May/2011:02:25:30 +0000] "GET / HTTP/1.0" 200 992 "http://www.casinofreegamesblog.com/" "Mozilla/4.0 (compatible; MSIE 6.0; MSIE 5.5; Windows NT 5.0) Opera 7.02 Bork-edition [en]"
91.201.67.162 - - [05/May/2011:02:25:30 +0000] "GET / HTTP/1.0" 200 992 "http://www.casinofreegamesblog.com/" "Mozilla/4.0 (compatible; MSIE 6.0; Windows NT 5.1) Netscape/8.0.4"
91.201.67.162 - - [05/May/2011:04:01:27 +0000] "GET / HTTP/1.0" 200 992 "http://www.casinofreegamesblog.com/" "Mozilla/4.0 (compatible; MSIE 5.5; Windows 95; BCD2000)"
91.201.67.162 - - [05/May/2011:04:01:28 +0000] "GET / HTTP/1.0" 200 992 "http://www.casinofreegamesblog.com/" "Mozilla/4.0 (compatible; MSIE 4.01; Digital AlphaServer 1000A 4/233; Windows NT; Powered By 64-Bit Alpha Processor)"
91.201.67.162 - - [05/May/2011:04:01:28 +0000] "GET / HTTP/1.0" 200 992 "http://www.casinofreegamesblog.com/" "Mozilla/4.0 (compatible; MSIE 6.0; America Online Browser 1.1; rev1.2; Windows NT 5.1; SV1; .NET CLR 1.1.4322)"
91.201.67.162 - - [05/May/2011:04:01:29 +0000] "GET / HTTP/1.0" 200 992 "http://www.casinofreegamesblog.com/" "Mozilla/4.0 (compatible; MSIE 5.0; Windows 95) Opera 6.01 [en]"
91.201.67.162 - - [05/May/2011:04:01:29 +0000] "GET / HTTP/1.0" 200 992 "http://www.casinofreegamesblog.com/" "Mozilla/4.0 (compatible; MSIE 6.0; MSIE 5.5; Windows NT 4.0) Opera 7.0 [en]"
193.47.80.49 - - [05/May/2011:06:32:57 +0000] "GET /robots.txt HTTP/1.1" 404 287 "-" "Mozilla/5.0 (compatible; Exabot/3.0; +http://www.exabot.com/go/robot)"
193.47.80.49 - - [05/May/2011:06:32:57 +0000] "GET /?S=A HTTP/1.1" 200 1004 "-" "Mozilla/5.0 (compatible; Exabot/3.0; +http://www.exabot.com/go/robot)"
50.19.56.180 - - [05/May/2011:08:50:15 +0000] "HEAD / HTTP/1.1" 200 0 "http://www.netcraft.com/survey/" "Mozilla/4.0 (compatible; Netcraft Web Server Survey)"
67.195.112.173 - - [05/May/2011:10:42:45 +0000] "GET /robots.txt HTTP/1.0" 404 275 "-" "Mozilla/5.0 (compatible; Yahoo! Slurp; http://help.yahoo.com/help/us/ysearch/slurp)"
67.195.112.173 - - [05/May/2011:10:42:45 +0000] "GET /logs/?M=D HTTP/1.0" 200 888 "-" "Mozilla/5.0 (compatible; Yahoo! Slurp; http://help.yahoo.com/help/us/ysearch/slurp)"
74.52.245.146 - - [05/May/2011:14:34:46 +0000] "GET / HTTP/1.0" 200 992 "-" "Mozilla/5.0 (X11; U; Linux i686; en-US; rv:1.7.5) Gecko/20041107 Firefox/1.0"
62.231.141.195 - - [05/May/2011:17:00:35 +0000] "GET /robots.txt HTTP/1.0" 404 275 "-" "Mozilla/5.0 (compatible; MJ12bot/v1.3.3; http://www.majestic12.co.uk/bot.php?+)"
62.231.141.195 - - [05/May/2011:17:00:39 +0000] "GET /?D=A HTTP/1.0" 200 992 "-" "Mozilla/5.0 (compatible; MJ12bot/v1.3.3; http://www.majestic12.co.uk/bot.php?+)"
62.231.141.195 - - [05/May/2011:17:00:40 +0000] "GET /?M=A HTTP/1.0" 200 992 "-" "Mozilla/5.0 (compatible; MJ12bot/v1.3.3; http://www.majestic12.co.uk/bot.php?+)"
62.231.141.195 - - [05/May/2011:17:00:42 +0000] "GET /?N=D HTTP/1.0" 200 992 "-" "Mozilla/5.0 (compatible; MJ12bot/v1.3.3; http://www.majestic12.co.uk/bot.php?+)"
62.231.141.195 - - [05/May/2011:17:00:46 +0000] "GET /?S=A HTTP/1.0" 200 992 "-" "Mozilla/5.0 (compatible; MJ12bot/v1.3.3; http://www.majestic12.co.uk/bot.php?+)"
62.231.141.195 - - [05/May/2011:17:00:48 +0000] "GET /cgi-local HTTP/1.0" 301 307 "-" "Mozilla/5.0 (compatible; MJ12bot/v1.3.3; http://www.majestic12.co.uk/bot.php?+)"
62.231.141.195 - - [05/May/2011:17:00:49 +0000] "GET /robots.txt HTTP/1.0" 404 275 "-" "Mozilla/5.0 (compatible; MJ12bot/v1.3.3; http://www.majestic12.co.uk/bot.php?+)"
62.231.141.195 - - [05/May/2011:17:00:56 +0000] "GET /cgi-local/ HTTP/1.0" 403 279 "-" "Mozilla/5.0 (compatible; MJ12bot/v1.3.3; http://www.majestic12.co.uk/bot.php?+)"
62.231.141.195 - - [05/May/2011:17:00:58 +0000] "GET /index.html-old HTTP/1.0" 200 1190 "-" "Mozilla/5.0 (compatible; MJ12bot/v1.3.3; http://www.majestic12.co.uk/bot.php?+)"
62.231.141.195 - - [05/May/2011:17:00:59 +0000] "GET /logs HTTP/1.0" 301 302 "-" "Mozilla/5.0 (compatible; MJ12bot/v1.3.3; http://www.majestic12.co.uk/bot.php?+)"
62.231.141.195 - - [05/May/2011:17:01:00 +0000] "GET /logs/ HTTP/1.0" 200 888 "-" "Mozilla/5.0 (compatible; MJ12bot/v1.3.3; http://www.majestic12.co.uk/bot.php?+)"
62.231.141.195 - - [05/May/2011:17:01:01 +0000] "GET /stats HTTP/1.0" 301 303 "-" "Mozilla/5.0 (compatible; MJ12bot/v1.3.3; http://www.majestic12.co.uk/bot.php?+)"
62.231.141.195 - - [05/May/2011:17:01:02 +0000] "GET /stats/ HTTP/1.0" 200 1742 "-" "Mozilla/5.0 (compatible; MJ12bot/v1.3.3; http://www.majestic12.co.uk/bot.php?+)"
62.231.141.195 - - [05/May/2011:17:01:14 +0000] "GET /?D=A HTTP/1.0" 200 992 "-" "Mozilla/5.0 (compatible; MJ12bot/v1.3.3; http://www.majestic12.co.uk/bot.php?+)"
62.231.141.195 - - [05/May/2011:17:01:22 +0000] "GET /?M=A HTTP/1.0" 200 992 "-" "Mozilla/5.0 (compatible; MJ12bot/v1.3.3; http://www.majestic12.co.uk/bot.php?+)"
62.231.141.195 - - [05/May/2011:17:01:24 +0000] "GET /?N=D HTTP/1.0" 200 992 "-" "Mozilla/5.0 (compatible; MJ12bot/v1.3.3; http://www.majestic12.co.uk/bot.php?+)"
62.231.141.195 - - [05/May/2011:17:01:25 +0000] "GET /?S=A HTTP/1.0" 200 992 "-" "Mozilla/5.0 (compatible; MJ12bot/v1.3.3; http://www.majestic12.co.uk/bot.php?+)"
62.231.141.195 - - [05/May/2011:17:01:27 +0000] "GET /cgi-local HTTP/1.0" 301 307 "-" "Mozilla/5.0 (compatible; MJ12bot/v1.3.3; http://www.majestic12.co.uk/bot.php?+)"
62.231.141.195 - - [05/May/2011:17:01:28 +0000] "GET /cgi-local/ HTTP/1.0" 403 279 "-" "Mozilla/5.0 (compatible; MJ12bot/v1.3.3; http://www.majestic12.co.uk/bot.php?+)"
62.231.141.195 - - [05/May/2011:17:01:29 +0000] "GET /index.html-old HTTP/1.0" 200 1190 "-" "Mozilla/5.0 (compatible; MJ12bot/v1.3.3; http://www.majestic12.co.uk/bot.php?+)"
62.231.141.195 - - [05/May/2011:17:01:31 +0000] "GET /logs HTTP/1.0" 301 302 "-" "Mozilla/5.0 (compatible; MJ12bot/v1.3.3; http://www.majestic12.co.uk/bot.php?+)"
62.231.141.195 - - [05/May/2011:17:01:31 +0000] "GET /logs/ HTTP/1.0" 200 888 "-" "Mozilla/5.0 (compatible; MJ12bot/v1.3.3; http://www.majestic12.co.uk/bot.php?+)"
62.231.141.195 - - [05/May/2011:17:01:33 +0000] "GET /stats HTTP/1.0" 301 303 "-" "Mozilla/5.0 (compatible; MJ12bot/v1.3.3; http://www.majestic12.co.uk/bot.php?+)"
62.231.141.195 - - [05/May/2011:17:01:37 +0000] "GET /stats/ HTTP/1.0" 200 1742 "-" "Mozilla/5.0 (compatible; MJ12bot/v1.3.3; http://www.majestic12.co.uk/bot.php?+)"
67.195.112.173 - - [05/May/2011:17:23:12 +0000] "GET /logs/ HTTP/1.0" 200 888 "-" "Mozilla/5.0 (compatible; Yahoo! Slurp; http://help.yahoo.com/help/us/ysearch/slurp)"
67.195.112.173 - - [05/May/2011:17:24:06 +0000] "GET /logs/?N=D HTTP/1.0" 200 888 "-" "Mozilla/5.0 (compatible; Yahoo! Slurp; http://help.yahoo.com/help/us/ysearch/slurp)"
65.52.110.24 - - [05/May/2011:18:04:03 +0000] "GET /robots.txt HTTP/1.1" 404 287 "-" "Mozilla/5.0 (compatible; bingbot/2.0; +http://www.bing.com/bingbot.htm)"
65.52.110.24 - - [05/May/2011:18:04:59 +0000] "GET / HTTP/1.1" 200 1004 "-" "Mozilla/5.0 (compatible; bingbot/2.0; +http://www.bing.com/bingbot.htm)"
65.52.110.30 - - [05/May/2011:20:12:13 +0000] "GET /robots.txt HTTP/1.1" 404 287 "-" "Mozilla/5.0 (compatible; bingbot/2.0; +http://www.bing.com/bingbot.htm)"
65.52.110.30 - - [05/May/2011:20:13:03 +0000] "GET /stats/status.html HTTP/1.1" 304 - "-" "Mozilla/5.0 (compatible; bingbot/2.0; +http://www.bing.com/bingbot.htm)"
207.46.199.200 - - [05/May/2011:20:22:34 +0000] "GET /robots.txt HTTP/1.1" 404 287 "-" "Mozilla/5.0 (compatible; bingbot/2.0; +http://www.bing.com/bingbot.htm)"
66.249.71.98 - - [05/May/2011:20:25:21 +0000] "GET /robots.txt HTTP/1.1" 404 287 "-" "Mozilla/5.0 (compatible; Googlebot/2.1; +http://www.google.com/bot.html)"
66.249.71.98 - - [05/May/2011:20:25:21 +0000] "GET /logs/ HTTP/1.1" 200 900 "-" "Mozilla/5.0 (compatible; Googlebot/2.1; +http://www.google.com/bot.html)"
91.201.67.162 - - [05/May/2011:20:32:11 +0000] "GET /logs/access.log HTTP/1.0" 200 232101 "http://www.casinofreegamesblog.com/" "Mozilla/4.0 (compatible; MSIE 5.5; Windows 98)"
91.201.67.162 - - [05/May/2011:20:32:12 +0000] "GET /logs/access.log HTTP/1.0" 200 0 "http://www.casinofreegamesblog.com/" "Mozilla/5.0 (Windows NT 5.1; U; en) Opera 8.01"
91.201.67.162 - - [05/May/2011:20:32:13 +0000] "GET /logs/access.log HTTP/1.0" 200 0 "http://www.casinofreegamesblog.com/" "Mozilla/4.0 (compatible; MSIE 6.0; Windows NT 5.1; SV1; .NET CLR 1.1.4322)"
91.201.67.162 - - [05/May/2011:20:32:13 +0000] "GET /logs/access.log HTTP/1.0" 200 0 "http://www.casinofreegamesblog.com/" "Mozilla/4.0 (compatible; MSIE 6.0; Windows NT 5.1; en) Opera 8.00"
91.201.67.162 - - [05/May/2011:20:32:14 +0000] "GET /logs/access.log HTTP/1.0" 200 0 "http://www.casinofreegamesblog.com/" "Mozilla/1.22 (compatible; MSIE 2.0; Windows 95)"
67.195.112.173 - - [05/May/2011:21:16:50 +0000] "GET /robots.txt HTTP/1.0" 404 275 "-" "Mozilla/5.0 (compatible; Yahoo! Slurp; http://help.yahoo.com/help/us/ysearch/slurp)"
67.195.112.173 - - [05/May/2011:21:16:51 +0000] "GET / HTTP/1.0" 200 992 "-" "Mozilla/5.0 (compatible; Yahoo! Slurp; http://help.yahoo.com/help/us/ysearch/slurp)"
207.46.195.229 - - [05/May/2011:21:26:20 +0000] "GET /robots.txt HTTP/1.1" 404 287 "-" "Mozilla/5.0 (compatible; bingbot/2.0; +http://www.bing.com/bingbot.htm)"
207.46.195.229 - - [05/May/2011:21:27:00 +0000] "GET /stats/ HTTP/1.1" 200 1742 "-" "Mozilla/5.0 (compatible; bingbot/2.0; +http://www.bing.com/bingbot.htm)"
91.201.67.162 - - [05/May/2011:21:49:18 +0000] "GET /logs/access.log HTTP/1.0" 200 233669 "http://www.casinofreegamesblog.com/" "Mozilla/4.0 (compatible; MSIE 6.0; Windows NT 5.1)"
207.46.199.45 - - [06/May/2011:01:50:55 +0000] "GET /robots.txt HTTP/1.1" 404 287 "-" "Mozilla/5.0 (compatible; bingbot/2.0; +http://www.bing.com/bingbot.htm)"
207.46.199.45 - - [06/May/2011:01:51:56 +0000] "GET / HTTP/1.1" 200 1004 "-" "Mozilla/5.0 (compatible; bingbot/2.0; +http://www.bing.com/bingbot.htm)"
207.46.204.229 - - [06/May/2011:03:09:38 +0000] "GET /robots.txt HTTP/1.1" 404 287 "-" "Mozilla/5.0 (compatible; bingbot/2.0; +http://www.bing.com/bingbot.htm)"
207.46.204.229 - - [06/May/2011:03:10:26 +0000] "GET /logs/script.log HTTP/1.1" 200 54423 "-" "Mozilla/5.0 (compatible; bingbot/2.0; +http://www.bing.com/bingbot.htm)"
207.46.204.182 - - [06/May/2011:06:53:41 +0000] "GET /robots.txt HTTP/1.1" 404 287 "-" "Mozilla/5.0 (compatible; bingbot/2.0; +http://www.bing.com/bingbot.htm)"
207.46.204.182 - - [06/May/2011:06:54:24 +0000] "GET /stats/error_summary.html HTTP/1.1" 304 - "-" "Mozilla/5.0 (compatible; bingbot/2.0; +http://www.bing.com/bingbot.htm)"
67.195.112.173 - - [06/May/2011:10:06:02 +0000] "GET /robots.txt HTTP/1.0" 404 275 "-" "Mozilla/5.0 (compatible; Yahoo! Slurp; http://help.yahoo.com/help/us/ysearch/slurp)"
67.195.112.173 - - [06/May/2011:10:06:03 +0000] "GET /?M=A HTTP/1.0" 200 992 "-" "Mozilla/5.0 (compatible; Yahoo! Slurp; http://help.yahoo.com/help/us/ysearch/slurp)"
65.52.109.61 - - [06/May/2011:10:21:50 +0000] "GET /robots.txt HTTP/1.1" 404 287 "-" "Mozilla/5.0 (compatible; bingbot/2.0; +http://www.bing.com/bingbot.htm)"
65.52.109.61 - - [06/May/2011:10:22:53 +0000] "GET / HTTP/1.1" 200 1004 "-" "Mozilla/5.0 (compatible; bingbot/2.0; +http://www.bing.com/bingbot.htm)"
67.195.112.173 - - [06/May/2011:12:30:21 +0000] "GET /logs/?S=A HTTP/1.0" 200 888 "-" "Mozilla/5.0 (compatible; Yahoo! Slurp; http://help.yahoo.com/help/us/ysearch/slurp)"
75.101.215.191 - - [06/May/2011:13:53:35 +0000] "GET / HTTP/1.0" 200 992 "-" "Mozilla/5.0 (compatible; NetcraftSurveyAgent/1.0; +info@netcraft.com)"
67.195.112.173 - - [06/May/2011:14:13:41 +0000] "GET /logs/?M=A HTTP/1.0" 200 888 "-" "Mozilla/5.0 (compatible; Yahoo! Slurp; http://help.yahoo.com/help/us/ysearch/slurp)"
204.15.39.12 - - [06/May/2011:14:19:09 +0000] "HEAD /logs/ HTTP/1.1" 200 0 "-" "Botslist Botfinder (+http://www.botslist.ca)"
204.15.39.12 - - [06/May/2011:14:19:10 +0000] "GET /logs/ HTTP/1.1" 200 900 "-" "Botslist Botfinder (+http://www.botslist.ca)"
204.15.39.12 - - [06/May/2011:14:19:32 +0000] "HEAD /logs/access.log HTTP/1.1" 200 0 "-" "Botslist Botfinder (+http://www.botslist.ca)"
204.15.39.12 - - [06/May/2011:14:19:34 +0000] "GET /logs/access.log HTTP/1.1" 200 236355 "-" "Botslist Botfinder (+http://www.botslist.ca)"
204.15.39.12 - - [06/May/2011:14:19:35 +0000] "HEAD /logs/error.log HTTP/1.1" 200 0 "-" "Botslist Botfinder (+http://www.botslist.ca)"
204.15.39.12 - - [06/May/2011:14:19:36 +0000] "GET /logs/error.log HTTP/1.1" 200 56520 "-" "Botslist Botfinder (+http://www.botslist.ca)"
204.15.39.12 - - [06/May/2011:14:19:36 +0000] "HEAD /logs/script.log HTTP/1.1" 200 0 "-" "Botslist Botfinder (+http://www.botslist.ca)"
204.15.39.12 - - [06/May/2011:14:19:38 +0000] "GET /logs/script.log HTTP/1.1" 200 54423 "-" "Botslist Botfinder (+http://www.botslist.ca)"
66.249.71.98 - - [06/May/2011:15:59:50 +0000] "GET /robots.txt HTTP/1.1" 404 287 "-" "Mozilla/5.0 (compatible; Googlebot/2.1; +http://www.google.com/bot.html)"
66.249.71.98 - - [06/May/2011:15:59:50 +0000] "GET / HTTP/1.1" 200 1004 "-" "Mozilla/5.0 (compatible; Googlebot/2.1; +http://www.google.com/bot.html)"
207.46.199.40 - - [06/May/2011:17:05:27 +0000] "GET /robots.txt HTTP/1.1" 404 287 "-" "Mozilla/5.0 (compatible; bingbot/2.0; +http://www.bing.com/bingbot.htm)"
207.46.199.40 - - [06/May/2011:17:06:25 +0000] "GET /logs/script.log HTTP/1.1" 200 54423 "-" "Mozilla/5.0 (compatible; bingbot/2.0; +http://www.bing.com/bingbot.htm)"
66.176.11.70 - - [06/May/2011:17:55:59 +0000] "GET /robots.txt HTTP/1.0" 404 275 "-" "Mozilla/5.0 (compatible; MJ12bot/v1.3.3; http://www.majestic12.co.uk/bot.php?+)"
66.176.11.70 - - [06/May/2011:17:55:59 +0000] "GET / HTTP/1.1" 200 1004 "-" "Mozilla/5.0 (compatible; MJ12bot/v1.3.3; http://www.majestic12.co.uk/bot.php?+)"
66.176.11.70 - - [06/May/2011:17:56:00 +0000] "GET /robots.txt HTTP/1.0" 404 275 "-" "Mozilla/5.0 (compatible; MJ12bot/v1.3.3; http://www.majestic12.co.uk/bot.php?+)"
66.176.11.70 - - [06/May/2011:17:56:01 +0000] "GET / HTTP/1.1" 200 1004 "-" "Mozilla/5.0 (compatible; MJ12bot/v1.3.3; http://www.majestic12.co.uk/bot.php?+)"
207.46.204.244 - - [06/May/2011:23:13:19 +0000] "GET /robots.txt HTTP/1.1" 404 287 "-" "Mozilla/5.0 (compatible; bingbot/2.0; +http://www.bing.com/bingbot.htm)"
207.46.204.244 - - [06/May/2011:23:13:55 +0000] "GET /stats/graphic_day_graph.html HTTP/1.1" 304 - "-" "Mozilla/5.0 (compatible; bingbot/2.0; +http://www.bing.com/bingbot.htm)"
64.246.165.170 - - [06/May/2011:23:36:15 +0000] "GET /robots.txt HTTP/1.0" 404 275 "-" "Mozilla/5.0 (Windows; U; Windows NT 5.1; en; rv:1.9.0.13) Gecko/2009073022 Firefox/3.5.2 (.NET CLR 3.5.30729) SurveyBot/2.3 (DomainTools)"
64.246.165.170 - - [06/May/2011:23:36:16 +0000] "GET / HTTP/1.1" 200 1004 "http://whois.domaintools.com/gan.com.ve" "Mozilla/5.0 (Windows; U; Windows NT 5.1; en; rv:1.9.0.13) Gecko/2009073022 Firefox/3.5.2 (.NET CLR 3.5.30729) SurveyBot/2.3 (DomainTools)"
207.46.195.105 - - [06/May/2011:23:57:18 +0000] "GET /robots.txt HTTP/1.1" 404 287 "-" "Mozilla/5.0 (compatible; bingbot/2.0; +http://www.bing.com/bingbot.htm)"
207.46.195.105 - - [06/May/2011:23:57:53 +0000] "GET /stats/referer_idx.html HTTP/1.1" 304 - "-" "Mozilla/5.0 (compatible; bingbot/2.0; +http://www.bing.com/bingbot.htm)"
66.249.71.98 - - [07/May/2011:02:56:46 +0000] "GET /robots.txt HTTP/1.1" 404 287 "-" "Mozilla/5.0 (compatible; Googlebot/2.1; +http://www.google.com/bot.html)"
66.249.71.98 - - [07/May/2011:02:56:46 +0000] "GET /logs/ HTTP/1.1" 200 900 "-" "Mozilla/5.0 (compatible; Googlebot/2.1; +http://www.google.com/bot.html)"
65.52.110.37 - - [07/May/2011:03:04:51 +0000] "GET /robots.txt HTTP/1.1" 404 287 "-" "Mozilla/5.0 (compatible; bingbot/2.0; +http://www.bing.com/bingbot.htm)"
65.52.110.37 - - [07/May/2011:03:05:55 +0000] "GET /stats/what_idx.html HTTP/1.1" 304 - "-" "Mozilla/5.0 (compatible; bingbot/2.0; +http://www.bing.com/bingbot.htm)"
65.52.110.88 - - [07/May/2011:04:30:46 +0000] "GET /robots.txt HTTP/1.1" 404 287 "-" "Mozilla/5.0 (compatible; bingbot/2.0; +http://www.bing.com/bingbot.htm)"
65.52.110.88 - - [07/May/2011:04:31:25 +0000] "GET /stats/index.html HTTP/1.1" 304 - "-" "Mozilla/5.0 (compatible; bingbot/2.0; +http://www.bing.com/bingbot.htm)"
65.52.110.75 - - [07/May/2011:07:04:26 +0000] "GET /robots.txt HTTP/1.1" 404 287 "-" "Mozilla/5.0 (compatible; bingbot/2.0; +http://www.bing.com/bingbot.htm)"
65.52.110.75 - - [07/May/2011:07:05:23 +0000] "GET /stats/page_summary.html HTTP/1.1" 304 - "-" "Mozilla/5.0 (compatible; bingbot/2.0; +http://www.bing.com/bingbot.htm)"
91.201.67.162 - - [07/May/2011:08:02:49 +0000] "GET /logs/access.log HTTP/1.0" 200 240775 "http://www.casinofreegamesblog.com/" "Mozilla/4.0 (compatible; MSIE 5.5; Windows NT 4.0; .NET CLR 1.0.2914)"
91.201.67.162 - - [07/May/2011:08:02:50 +0000] "GET /logs/access.log HTTP/1.0" 200 0 "http://www.casinofreegamesblog.com/" "Opera/7.11 (Windows NT 5.1; U) [en]"
91.201.67.162 - - [07/May/2011:08:02:50 +0000] "GET /logs/access.log HTTP/1.0" 200 0 "http://www.casinofreegamesblog.com/" "Mozilla/4.0 (compatible; MSIE 6.0; Update a; AOL 6.0; Windows 98)"
91.201.67.162 - - [07/May/2011:08:02:50 +0000] "GET /logs/access.log HTTP/1.0" 200 0 "http://www.casinofreegamesblog.com/" "Mozilla/4.0 (compatible; MSIE 4.01; Digital AlphaServer 1000A 4/233; Windows NT; Powered By 64-Bit Alpha Processor)"
91.201.67.162 - - [07/May/2011:08:02:51 +0000] "GET /logs/access.log HTTP/1.0" 200 0 "http://www.casinofreegamesblog.com/" "Mozilla/4.0 (compatible; MSIE 6.0; Windows NT 5.1; SV1; .NET CLR 1.0.3705; .NET CLR 1.1.4322; .NET CLR 2.0.40607)"
91.201.67.162 - - [07/May/2011:08:08:58 +0000] "GET / HTTP/1.0" 200 992 "http://www.casinofreegamesblog.com/" "Mozilla/4.0 (compatible; MSIE 6.0; MSIE 5.5; Windows NT 5.0) Opera 7.02 Bork-edition [en]"
91.201.67.162 - - [07/May/2011:08:08:58 +0000] "GET / HTTP/1.0" 200 992 "http://www.casinofreegamesblog.com/" "Mozilla/4.0 (compatible; MSIE 5.0; Windows 3.1)"
91.201.67.162 - - [07/May/2011:08:08:59 +0000] "GET / HTTP/1.0" 200 992 "http://www.casinofreegamesblog.com/" "Mozilla/4.0 (compatible; MSIE 7.0b; Windows NT 6.0 ; .NET CLR 2.0.50215; SL Commerce Client v1.0; Tablet PC 2.0"
91.201.67.162 - - [07/May/2011:08:08:59 +0000] "GET / HTTP/1.0" 200 992 "http://www.casinofreegamesblog.com/" "Mozilla/4.0 (compatible; MSIE 6.0; Windows 98; Win 9x 4.90)"
91.201.67.162 - - [07/May/2011:08:08:59 +0000] "GET / HTTP/1.0" 200 992 "http://www.casinofreegamesblog.com/" "Mozilla/4.0 (compatible; MSIE 7.0b; Windows NT 6.0)"
65.52.110.13 - - [07/May/2011:08:36:29 +0000] "GET /robots.txt HTTP/1.1" 404 287 "-" "Mozilla/5.0 (compatible; bingbot/2.0; +http://www.bing.com/bingbot.htm)"
65.52.110.13 - - [07/May/2011:08:37:23 +0000] "GET /stats/who_idx.html HTTP/1.1" 304 - "-" "Mozilla/5.0 (compatible; bingbot/2.0; +http://www.bing.com/bingbot.htm)"
91.201.67.162 - - [07/May/2011:09:01:56 +0000] "GET /stats/referer.html HTTP/1.0" 200 1740 "http://www.casinofreegamesblog.com/" "Mozilla/4.0 (compatible; MSIE 6.0; Windows NT 5.1; SV1; .NET CLR 1.1.4322; .NET CLR 2.0.50727)"
91.201.67.162 - - [07/May/2011:09:01:58 +0000] "GET /stats/referer.html HTTP/1.0" 200 1740 "http://www.casinofreegamesblog.com/" "Mozilla/4.0 (compatible; MSIE 6.0; Windows NT) ::ELNSB50::000061100320025802a00111000000000507000900000000"
91.201.67.162 - - [07/May/2011:09:01:59 +0000] "GET /stats/referer.html HTTP/1.0" 200 1740 "http://www.casinofreegamesblog.com/" "Mozilla/4.0 (compatible; MSIE 6.0; Windows NT 5.1)"
91.201.67.162 - - [07/May/2011:09:02:01 +0000] "GET /stats/referer.html HTTP/1.0" 200 1740 "http://www.casinofreegamesblog.com/" "Opera/9.0 (Windows NT 5.1; U; en)"
91.201.67.162 - - [07/May/2011:09:02:01 +0000] "GET /stats/referer.html HTTP/1.0" 200 1740 "http://www.casinofreegamesblog.com/" "Mozilla/4.0 (compatible; MSIE 6.0; Windows NT 5.0; KTXN)"
207.46.199.43 - - [07/May/2011:09:25:54 +0000] "GET /robots.txt HTTP/1.1" 404 287 "-" "Mozilla/5.0 (compatible; bingbot/2.0; +http://www.bing.com/bingbot.htm)"
207.46.199.43 - - [07/May/2011:09:27:25 +0000] "GET /?M=A HTTP/1.1" 200 1004 "-" "Mozilla/5.0 (compatible; bingbot/2.0; +http://www.bing.com/bingbot.htm)"
67.195.112.173 - - [07/May/2011:11:28:30 +0000] "GET /robots.txt HTTP/1.0" 404 275 "-" "Mozilla/5.0 (compatible; Yahoo! Slurp; http://help.yahoo.com/help/us/ysearch/slurp)"
67.195.112.173 - - [07/May/2011:11:28:31 +0000] "GET /?S=A HTTP/1.0" 200 992 "-" "Mozilla/5.0 (compatible; Yahoo! Slurp; http://help.yahoo.com/help/us/ysearch/slurp)"
67.195.112.173 - - [07/May/2011:12:22:12 +0000] "GET /?M=D HTTP/1.0" 200 992 "-" "Mozilla/5.0 (compatible; Yahoo! Slurp; http://help.yahoo.com/help/us/ysearch/slurp)"
91.201.67.162 - - [07/May/2011:12:37:05 +0000] "GET /logs/access.log HTTP/1.0" 200 244874 "http://www.casinofreegamesblog.com/" "Mozilla/4.0 (compatible; MSIE 6.0; Windows NT 5.1; SV1; .NET CLR 1.0.3705; .NET CLR 1.1.4322; .NET CLR 2.0.40607)"
91.201.67.162 - - [07/May/2011:12:44:33 +0000] "GET / HTTP/1.0" 200 992 "http://www.casinofreegamesblog.com/" "Mozilla/4.0 (compatible; MSIE 6.0; Windows NT 5.1; SV1; .NET CLR 1.0.3705; .NET CLR 1.1.4322; .NET CLR 2.0.40607)"
91.201.67.162 - - [07/May/2011:13:49:54 +0000] "GET /stats/referer.html HTTP/1.0" 200 1740 "http://www.casinofreegamesblog.com/" "Mozilla/5.0 (Windows NT 5.1; U; en) Opera 8.01"
65.52.110.82 - - [07/May/2011:16:42:33 +0000] "GET /robots.txt HTTP/1.1" 404 287 "-" "Mozilla/5.0 (compatible; bingbot/2.0; +http://www.bing.com/bingbot.htm)"
65.52.110.82 - - [07/May/2011:16:43:33 +0000] "GET /stats/when_idx.html HTTP/1.1" 304 - "-" "Mozilla/5.0 (compatible; bingbot/2.0; +http://www.bing.com/bingbot.htm)"
207.46.13.53 - - [07/May/2011:18:40:31 +0000] "GET /robots.txt HTTP/1.1" 404 287 "-" "Mozilla/5.0 (compatible; bingbot/2.0; +http://www.bing.com/bingbot.htm)"
207.46.13.53 - - [07/May/2011:18:41:32 +0000] "GET / HTTP/1.1" 200 1004 "-" "Mozilla/5.0 (compatible; bingbot/2.0; +http://www.bing.com/bingbot.htm)"
207.46.195.239 - - [07/May/2011:20:29:07 +0000] "GET /robots.txt HTTP/1.1" 404 287 "-" "Mozilla/5.0 (compatible; bingbot/2.0; +http://www.bing.com/bingbot.htm)"
207.46.195.239 - - [07/May/2011:20:30:00 +0000] "GET /stats/referer.html HTTP/1.1" 304 - "-" "Mozilla/5.0 (compatible; bingbot/2.0; +http://www.bing.com/bingbot.htm)"
207.46.12.238 - - [07/May/2011:22:04:49 +0000] "GET /robots.txt HTTP/1.1" 404 287 "-" "Mozilla/5.0 (compatible; bingbot/2.0; +http://www.bing.com/bingbot.htm)"
207.46.12.238 - - [07/May/2011:22:05:33 +0000] "GET /stats/error_idx.html HTTP/1.1" 304 - "-" "Mozilla/5.0 (compatible; bingbot/2.0; +http://www.bing.com/bingbot.htm)"
65.52.110.36 - - [07/May/2011:22:15:01 +0000] "GET / HTTP/1.1" 200 1004 "-" "Mozilla/5.0 (compatible; bingbot/2.0; +http://www.bing.com/bingbot.htm)"
65.52.110.79 - - [07/May/2011:22:44:59 +0000] "GET /robots.txt HTTP/1.1" 404 287 "-" "Mozilla/5.0 (compatible; bingbot/2.0; +http://www.bing.com/bingbot.htm)"
65.52.110.79 - - [07/May/2011:22:46:04 +0000] "GET /logs/error.log HTTP/1.1" 200 58585 "-" "Mozilla/5.0 (compatible; bingbot/2.0; +http://www.bing.com/bingbot.htm)"
65.52.110.17 - - [07/May/2011:22:46:32 +0000] "GET /stats/summary_idx.html HTTP/1.1" 304 - "-" "Mozilla/5.0 (compatible; bingbot/2.0; +http://www.bing.com/bingbot.htm)"
207.46.204.243 - - [07/May/2011:22:51:03 +0000] "GET /stats/ HTTP/1.1" 304 - "-" "Mozilla/5.0 (compatible; bingbot/2.0; +http://www.bing.com/bingbot.htm)"
65.52.110.90 - - [08/May/2011:00:11:52 +0000] "GET /robots.txt HTTP/1.1" 404 287 "-" "Mozilla/5.0 (compatible; bingbot/2.0; +http://www.bing.com/bingbot.htm)"
65.52.110.90 - - [08/May/2011:00:12:32 +0000] "GET /stats/misc_idx.html HTTP/1.1" 304 - "-" "Mozilla/5.0 (compatible; bingbot/2.0; +http://www.bing.com/bingbot.htm)"
193.47.80.49 - - [08/May/2011:01:19:23 +0000] "GET /robots.txt HTTP/1.1" 404 287 "-" "Mozilla/5.0 (compatible; Exabot/3.0; +http://www.exabot.com/go/robot)"
193.47.80.49 - - [08/May/2011:01:19:23 +0000] "GET / HTTP/1.1" 200 1004 "-" "Mozilla/5.0 (compatible; Exabot/3.0; +http://www.exabot.com/go/robot)"
67.195.112.173 - - [08/May/2011:01:22:43 +0000] "GET /robots.txt HTTP/1.0" 404 275 "-" "Mozilla/5.0 (compatible; Yahoo! Slurp; http://help.yahoo.com/help/us/ysearch/slurp)"
67.195.112.173 - - [08/May/2011:01:22:44 +0000] "GET /stats/error_idx.html HTTP/1.0" 200 1070 "-" "Mozilla/5.0 (compatible; Yahoo! Slurp; http://help.yahoo.com/help/us/ysearch/slurp)"
66.249.71.98 - - [08/May/2011:03:55:57 +0000] "GET /robots.txt HTTP/1.1" 404 287 "-" "Mozilla/5.0 (compatible; Googlebot/2.1; +http://www.google.com/bot.html)"
66.249.71.98 - - [08/May/2011:03:55:57 +0000] "GET /index.html-old HTTP/1.1" 304 - "-" "Mozilla/5.0 (compatible; Googlebot/2.1; +http://www.google.com/bot.html)"
207.46.13.133 - - [08/May/2011:07:42:52 +0000] "GET /robots.txt HTTP/1.1" 404 287 "-" "Mozilla/5.0 (compatible; bingbot/2.0; +http://www.bing.com/bingbot.htm)"
207.46.13.133 - - [08/May/2011:07:43:30 +0000] "GET /index.html-old HTTP/1.1" 200 1190 "-" "Mozilla/5.0 (compatible; bingbot/2.0; +http://www.bing.com/bingbot.htm)"
66.249.71.98 - - [08/May/2011:09:52:28 +0000] "GET /logs/ HTTP/1.1" 200 900 "-" "Mozilla/5.0 (compatible; Googlebot/2.1; +http://www.google.com/bot.html)"
