207.46.195.233 - - [12/Apr/2011:03:07:28 +0000] "GET /stats/graphic_day_graph.html HTTP/1.1" 304 - "-" "Mozilla/5.0 (compatible; bingbot/2.0; +http://www.bing.com/bingbot.htm)"
65.52.110.18 - - [12/Apr/2011:04:56:23 +0000] "GET /robots.txt HTTP/1.1" 404 287 "-" "Mozilla/5.0 (compatible; bingbot/2.0; +http://www.bing.com/bingbot.htm)"
65.52.110.18 - - [12/Apr/2011:04:57:53 +0000] "GET /logs/access.log HTTP/1.1" 200 100129 "-" "Mozilla/5.0 (compatible; bingbot/2.0; +http://www.bing.com/bingbot.htm)"
95.108.158.237 - - [12/Apr/2011:06:20:09 +0000] "GET /icons/back.gif HTTP/1.1" 200 216 "-" "Mozilla/5.0 (compatible; YandexImages/3.0; +http://yandex.com/bots)"
157.55.16.230 - - [12/Apr/2011:06:40:14 +0000] "GET /robots.txt HTTP/1.1" 404 287 "-" "Mozilla/5.0 (compatible; bingbot/2.0; +http://www.bing.com/bingbot.htm)"
157.55.16.230 - - [12/Apr/2011:06:40:54 +0000] "GET / HTTP/1.1" 200 1004 "-" "Mozilla/5.0 (compatible; bingbot/2.0; +http://www.bing.com/bingbot.htm)"
67.195.112.241 - - [12/Apr/2011:07:47:43 +0000] "GET /robots.txt HTTP/1.0" 404 275 "-" "Mozilla/5.0 (compatible; Yahoo! Slurp; http://help.yahoo.com/help/us/ysearch/slurp)"
67.195.112.241 - - [12/Apr/2011:07:47:43 +0000] "GET / HTTP/1.0" 200 992 "-" "Mozilla/5.0 (compatible; Yahoo! Slurp; http://help.yahoo.com/help/us/ysearch/slurp)"
157.55.17.103 - - [12/Apr/2011:07:47:59 +0000] "GET /robots.txt HTTP/1.1" 404 287 "-" "Mozilla/5.0 (compatible; bingbot/2.0; +http://www.bing.com/bingbot.htm)"
157.55.17.103 - - [12/Apr/2011:07:48:56 +0000] "GET /?D=A HTTP/1.1" 200 1004 "-" "Mozilla/5.0 (compatible; bingbot/2.0; +http://www.bing.com/bingbot.htm)"
65.52.110.93 - - [12/Apr/2011:08:11:41 +0000] "GET /robots.txt HTTP/1.1" 404 287 "-" "Mozilla/5.0 (compatible; bingbot/2.0; +http://www.bing.com/bingbot.htm)"
65.52.110.93 - - [12/Apr/2011:08:12:25 +0000] "GET /stats/who_summary.html HTTP/1.1" 304 - "-" "Mozilla/5.0 (compatible; bingbot/2.0; +http://www.bing.com/bingbot.htm)"
65.52.110.78 - - [12/Apr/2011:09:13:01 +0000] "GET /robots.txt HTTP/1.1" 404 287 "-" "Mozilla/5.0 (compatible; bingbot/2.0; +http://www.bing.com/bingbot.htm)"
65.52.110.78 - - [12/Apr/2011:09:13:56 +0000] "GET /stats/tops.html HTTP/1.1" 304 - "-" "Mozilla/5.0 (compatible; bingbot/2.0; +http://www.bing.com/bingbot.htm)"
207.46.13.134 - - [12/Apr/2011:09:54:00 +0000] "GET /robots.txt HTTP/1.1" 404 287 "-" "Mozilla/5.0 (compatible; bingbot/2.0; +http://www.bing.com/bingbot.htm)"
207.46.13.134 - - [12/Apr/2011:09:55:00 +0000] "GET /logs/access.log HTTP/1.1" 200 102228 "-" "Mozilla/5.0 (compatible; bingbot/2.0; +http://www.bing.com/bingbot.htm)"
207.46.204.195 - - [12/Apr/2011:10:58:46 +0000] "GET /robots.txt HTTP/1.1" 404 287 "-" "Mozilla/5.0 (compatible; bingbot/2.0; +http://www.bing.com/bingbot.htm)"
207.46.204.195 - - [12/Apr/2011:10:59:25 +0000] "GET /stats/page_summary.html HTTP/1.1" 304 - "-" "Mozilla/5.0 (compatible; bingbot/2.0; +http://www.bing.com/bingbot.htm)"
95.108.158.237 - - [12/Apr/2011:13:12:46 +0000] "GET /icons/blank.gif HTTP/1.1" 200 148 "-" "Mozilla/5.0 (compatible; YandexImages/3.0; +http://yandex.com/bots)"
207.46.13.88 - - [12/Apr/2011:15:52:54 +0000] "GET /robots.txt HTTP/1.1" 404 287 "-" "Mozilla/5.0 (compatible; bingbot/2.0; +http://www.bing.com/bingbot.htm)"
207.46.13.88 - - [12/Apr/2011:15:53:54 +0000] "GET /stats/index.html HTTP/1.1" 304 - "-" "Mozilla/5.0 (compatible; bingbot/2.0; +http://www.bing.com/bingbot.htm)"
95.108.158.237 - - [12/Apr/2011:16:17:35 +0000] "GET /icons/unknown.gif HTTP/1.1" 200 245 "-" "Mozilla/5.0 (compatible; YandexImages/3.0; +http://yandex.com/bots)"
95.108.158.237 - - [12/Apr/2011:17:50:00 +0000] "GET /icons/folder.gif HTTP/1.1" 200 225 "-" "Mozilla/5.0 (compatible; YandexImages/3.0; +http://yandex.com/bots)"
65.52.110.37 - - [12/Apr/2011:18:43:41 +0000] "GET /robots.txt HTTP/1.1" 404 287 "-" "Mozilla/5.0 (compatible; bingbot/2.0; +http://www.bing.com/bingbot.htm)"
65.52.110.37 - - [12/Apr/2011:18:44:19 +0000] "GET /stats/who_idx.html HTTP/1.1" 304 - "-" "Mozilla/5.0 (compatible; bingbot/2.0; +http://www.bing.com/bingbot.htm)"
207.46.199.188 - - [12/Apr/2011:19:01:39 +0000] "GET /robots.txt HTTP/1.1" 404 287 "-" "Mozilla/5.0 (compatible; bingbot/2.0; +http://www.bing.com/bingbot.htm)"
67.195.112.241 - - [12/Apr/2011:20:42:05 +0000] "GET /robots.txt HTTP/1.0" 404 275 "-" "Mozilla/5.0 (compatible; Yahoo! Slurp; http://help.yahoo.com/help/us/ysearch/slurp)"
67.195.112.241 - - [12/Apr/2011:20:42:06 +0000] "GET /logs/?D=D HTTP/1.0" 200 888 "-" "Mozilla/5.0 (compatible; Yahoo! Slurp; http://help.yahoo.com/help/us/ysearch/slurp)"
207.46.204.233 - - [12/Apr/2011:21:25:22 +0000] "GET /robots.txt HTTP/1.1" 404 287 "-" "Mozilla/5.0 (compatible; bingbot/2.0; +http://www.bing.com/bingbot.htm)"
207.46.204.233 - - [12/Apr/2011:21:25:56 +0000] "GET / HTTP/1.1" 200 1004 "-" "Mozilla/5.0 (compatible; bingbot/2.0; +http://www.bing.com/bingbot.htm)"
207.46.13.89 - - [12/Apr/2011:22:23:08 +0000] "GET /robots.txt HTTP/1.1" 404 287 "-" "Mozilla/5.0 (compatible; bingbot/2.0; +http://www.bing.com/bingbot.htm)"
207.46.13.89 - - [12/Apr/2011:22:23:56 +0000] "GET /stats/referer.html HTTP/1.1" 304 - "-" "Mozilla/5.0 (compatible; bingbot/2.0; +http://www.bing.com/bingbot.htm)"
67.195.112.241 - - [12/Apr/2011:23:02:27 +0000] "GET /stats/what_idx.html HTTP/1.0" 200 1202 "-" "Mozilla/5.0 (compatible; Yahoo! Slurp; http://help.yahoo.com/help/us/ysearch/slurp)"
67.195.112.241 - - [12/Apr/2011:23:28:15 +0000] "GET /?S=A HTTP/1.0" 200 992 "-" "Mozilla/5.0 (compatible; Yahoo! Slurp; http://help.yahoo.com/help/us/ysearch/slurp)"
65.52.110.84 - - [13/Apr/2011:02:16:53 +0000] "GET /robots.txt HTTP/1.1" 404 287 "-" "Mozilla/5.0 (compatible; bingbot/2.0; +http://www.bing.com/bingbot.htm)"
65.52.110.84 - - [13/Apr/2011:02:17:57 +0000] "GET /stats/when_idx.html HTTP/1.1" 304 - "-" "Mozilla/5.0 (compatible; bingbot/2.0; +http://www.bing.com/bingbot.htm)"
67.195.115.222 - - [13/Apr/2011:04:38:45 +0000] "GET /robots.txt HTTP/1.0" 404 275 "-" "Mozilla/5.0 (compatible; Yahoo! Slurp; http://help.yahoo.com/help/us/ysearch/slurp)"
67.195.115.222 - - [13/Apr/2011:04:38:45 +0000] "GET /stats/error_idx.html HTTP/1.0" 200 1070 "-" "Mozilla/5.0 (compatible; Yahoo! Slurp; http://help.yahoo.com/help/us/ysearch/slurp)"
207.46.13.50 - - [13/Apr/2011:04:45:14 +0000] "GET /robots.txt HTTP/1.1" 404 287 "-" "Mozilla/5.0 (compatible; bingbot/2.0; +http://www.bing.com/bingbot.htm)"
207.46.13.50 - - [13/Apr/2011:04:45:58 +0000] "GET /stats/what_summary.html HTTP/1.1" 304 - "-" "Mozilla/5.0 (compatible; bingbot/2.0; +http://www.bing.com/bingbot.htm)"
65.52.110.87 - - [13/Apr/2011:06:04:30 +0000] "GET /robots.txt HTTP/1.1" 404 287 "-" "Mozilla/5.0 (compatible; bingbot/2.0; +http://www.bing.com/bingbot.htm)"
65.52.110.87 - - [13/Apr/2011:06:05:28 +0000] "GET /logs/error.log HTTP/1.1" 200 25187 "-" "Mozilla/5.0 (compatible; bingbot/2.0; +http://www.bing.com/bingbot.htm)"
207.46.199.55 - - [13/Apr/2011:06:40:12 +0000] "GET /robots.txt HTTP/1.1" 404 287 "-" "Mozilla/5.0 (compatible; bingbot/2.0; +http://www.bing.com/bingbot.htm)"
207.46.199.55 - - [13/Apr/2011:06:41:03 +0000] "GET /?M=A HTTP/1.1" 200 1004 "-" "Mozilla/5.0 (compatible; bingbot/2.0; +http://www.bing.com/bingbot.htm)"
207.46.199.190 - - [13/Apr/2011:07:52:05 +0000] "GET /robots.txt HTTP/1.1" 404 287 "-" "Mozilla/5.0 (compatible; bingbot/2.0; +http://www.bing.com/bingbot.htm)"
67.195.112.173 - - [13/Apr/2011:08:13:35 +0000] "GET /robots.txt HTTP/1.0" 404 275 "-" "Mozilla/5.0 (compatible; Yahoo! Slurp; http://help.yahoo.com/help/us/ysearch/slurp)"
67.195.112.173 - - [13/Apr/2011:08:13:36 +0000] "GET /?S=D HTTP/1.0" 200 992 "-" "Mozilla/5.0 (compatible; Yahoo! Slurp; http://help.yahoo.com/help/us/ysearch/slurp)"
67.195.112.173 - - [13/Apr/2011:09:02:28 +0000] "GET /logs/error.log HTTP/1.0" 200 25516 "-" "Mozilla/5.0 (compatible; Yahoo! Slurp; http://help.yahoo.com/help/us/ysearch/slurp)"
207.46.204.190 - - [13/Apr/2011:10:22:56 +0000] "GET /robots.txt HTTP/1.1" 404 287 "-" "Mozilla/5.0 (compatible; bingbot/2.0; +http://www.bing.com/bingbot.htm)"
207.46.204.190 - - [13/Apr/2011:10:23:52 +0000] "GET /cgi-local/ HTTP/1.1" 403 291 "-" "Mozilla/5.0 (compatible; bingbot/2.0; +http://www.bing.com/bingbot.htm)"
65.52.108.60 - - [13/Apr/2011:11:06:01 +0000] "GET /robots.txt HTTP/1.1" 404 287 "-" "Mozilla/5.0 (compatible; bingbot/2.0; +http://www.bing.com/bingbot.htm)"
65.52.108.60 - - [13/Apr/2011:11:06:50 +0000] "GET /stats/misc_idx.html HTTP/1.1" 304 - "-" "Mozilla/5.0 (compatible; bingbot/2.0; +http://www.bing.com/bingbot.htm)"
207.46.13.147 - - [13/Apr/2011:12:36:44 +0000] "GET /robots.txt HTTP/1.1" 404 287 "-" "Mozilla/5.0 (compatible; bingbot/2.0; +http://www.bing.com/bingbot.htm)"
207.46.13.147 - - [13/Apr/2011:12:37:22 +0000] "GET /stats/user_summary.html HTTP/1.1" 304 - "-" "Mozilla/5.0 (compatible; bingbot/2.0; +http://www.bing.com/bingbot.htm)"
207.46.204.189 - - [13/Apr/2011:12:56:54 +0000] "GET /stats/summary_idx.html HTTP/1.1" 304 - "-" "Mozilla/5.0 (compatible; bingbot/2.0; +http://www.bing.com/bingbot.htm)"
67.195.112.173 - - [13/Apr/2011:12:58:33 +0000] "GET /?N=A HTTP/1.0" 200 992 "-" "Mozilla/5.0 (compatible; Yahoo! Slurp; http://help.yahoo.com/help/us/ysearch/slurp)"
67.195.112.173 - - [13/Apr/2011:13:24:50 +0000] "GET /logs/?D=A HTTP/1.0" 200 888 "-" "Mozilla/5.0 (compatible; Yahoo! Slurp; http://help.yahoo.com/help/us/ysearch/slurp)"
67.195.112.173 - - [13/Apr/2011:13:35:33 +0000] "GET /stats/when_summary.html HTTP/1.0" 200 4081 "-" "Mozilla/5.0 (compatible; Yahoo! Slurp; http://help.yahoo.com/help/us/ysearch/slurp)"
216.145.5.42 - - [13/Apr/2011:15:49:00 +0000] "GET /robots.txt HTTP/1.0" 404 275 "-" "Mozilla/5.0 (Windows; U; Windows NT 5.1; en; rv:1.9.0.13) Gecko/2009073022 Firefox/3.5.2 (.NET CLR 3.5.30729) SurveyBot/2.3 (DomainTools)"
216.145.5.42 - - [13/Apr/2011:15:49:01 +0000] "GET / HTTP/1.1" 200 1004 "http://whois.domaintools.com/gan.com.ve" "Mozilla/5.0 (Windows; U; Windows NT 5.1; en; rv:1.9.0.13) Gecko/2009073022 Firefox/3.5.2 (.NET CLR 3.5.30729) SurveyBot/2.3 (DomainTools)"
65.52.110.42 - - [13/Apr/2011:20:55:25 +0000] "GET /robots.txt HTTP/1.1" 404 287 "-" "Mozilla/5.0 (compatible; bingbot/2.0; +http://www.bing.com/bingbot.htm)"
65.52.110.42 - - [13/Apr/2011:20:56:20 +0000] "GET /stats/referer_idx.html HTTP/1.1" 304 - "-" "Mozilla/5.0 (compatible; bingbot/2.0; +http://www.bing.com/bingbot.htm)"
207.46.13.132 - - [13/Apr/2011:23:34:56 +0000] "GET /robots.txt HTTP/1.1" 404 287 "-" "Mozilla/5.0 (compatible; bingbot/2.0; +http://www.bing.com/bingbot.htm)"
207.46.13.132 - - [13/Apr/2011:23:35:48 +0000] "GET / HTTP/1.1" 200 1004 "-" "Mozilla/5.0 (compatible; bingbot/2.0; +http://www.bing.com/bingbot.htm)"
207.46.13.134 - - [14/Apr/2011:02:37:42 +0000] "GET /robots.txt HTTP/1.1" 404 287 "-" "Mozilla/5.0 (compatible; bingbot/2.0; +http://www.bing.com/bingbot.htm)"
207.46.13.134 - - [14/Apr/2011:02:38:24 +0000] "GET /?N=D HTTP/1.1" 200 1004 "-" "Mozilla/5.0 (compatible; bingbot/2.0; +http://www.bing.com/bingbot.htm)"
207.46.13.137 - - [14/Apr/2011:04:15:30 +0000] "GET /robots.txt HTTP/1.1" 404 287 "-" "Mozilla/5.0 (compatible; bingbot/2.0; +http://www.bing.com/bingbot.htm)"
207.46.13.137 - - [14/Apr/2011:04:16:18 +0000] "GET /stats/when_summary.html HTTP/1.1" 304 - "-" "Mozilla/5.0 (compatible; bingbot/2.0; +http://www.bing.com/bingbot.htm)"
207.46.12.237 - - [14/Apr/2011:04:41:40 +0000] "GET /robots.txt HTTP/1.1" 404 287 "-" "Mozilla/5.0 (compatible; bingbot/2.0; +http://www.bing.com/bingbot.htm)"
207.46.12.237 - - [14/Apr/2011:04:42:19 +0000] "GET /stats/browser_idx.html HTTP/1.1" 304 - "-" "Mozilla/5.0 (compatible; bingbot/2.0; +http://www.bing.com/bingbot.htm)"
65.52.109.61 - - [14/Apr/2011:04:57:21 +0000] "GET /?S=A HTTP/1.1" 200 1004 "-" "Mozilla/5.0 (compatible; bingbot/2.0; +http://www.bing.com/bingbot.htm)"
67.195.112.173 - - [14/Apr/2011:05:19:57 +0000] "GET /robots.txt HTTP/1.0" 404 275 "-" "Mozilla/5.0 (compatible; Yahoo! Slurp; http://help.yahoo.com/help/us/ysearch/slurp)"
67.195.112.173 - - [14/Apr/2011:05:19:58 +0000] "GET /logs/access.log HTTP/1.0" 200 111783 "-" "Mozilla/5.0 (compatible; Yahoo! Slurp; http://help.yahoo.com/help/us/ysearch/slurp)"
67.195.112.173 - - [14/Apr/2011:07:26:20 +0000] "GET /robots.txt HTTP/1.0" 404 275 "-" "Mozilla/5.0 (compatible; Yahoo! Slurp; http://help.yahoo.com/help/us/ysearch/slurp)"
67.195.112.173 - - [14/Apr/2011:07:26:20 +0000] "GET /logs/?M=D HTTP/1.0" 200 888 "-" "Mozilla/5.0 (compatible; Yahoo! Slurp; http://help.yahoo.com/help/us/ysearch/slurp)"
207.46.12.236 - - [14/Apr/2011:10:46:56 +0000] "GET /robots.txt HTTP/1.1" 404 287 "-" "Mozilla/5.0 (compatible; bingbot/2.0; +http://www.bing.com/bingbot.htm)"
207.46.12.236 - - [14/Apr/2011:10:47:47 +0000] "GET /stats/agent_summary.html HTTP/1.1" 304 - "-" "Mozilla/5.0 (compatible; bingbot/2.0; +http://www.bing.com/bingbot.htm)"
207.46.13.40 - - [14/Apr/2011:14:26:52 +0000] "GET /robots.txt HTTP/1.1" 404 287 "-" "Mozilla/5.0 (compatible; bingbot/2.0; +http://www.bing.com/bingbot.htm)"
207.46.13.40 - - [14/Apr/2011:14:27:55 +0000] "GET / HTTP/1.1" 200 1004 "-" "Mozilla/5.0 (compatible; bingbot/2.0; +http://www.bing.com/bingbot.htm)"
67.195.112.173 - - [14/Apr/2011:15:48:31 +0000] "GET /logs/ HTTP/1.0" 200 888 "-" "Mozilla/5.0 (compatible; Yahoo! Slurp; http://help.yahoo.com/help/us/ysearch/slurp)"
190.254.21.199 - - [14/Apr/2011:16:11:04 +0000] "GET /logs/access.log HTTP/1.1" 200 113118 "http://www.google.com/url?sa=t&source=web&cd=1&ved=0CBgQFjAA&url=http%3A%2F%2Fwww.gan.com.ve%2Flogs%2Faccess.log&rct=j&q=access%20log%20filetype%3Alog%20site%3Ave&ei=5hqnTZvOEMmD0QGesPj5CA&usg=AFQjCNFHdD8qLjUaDzanzwaTfs_XURgqYA" "Mozilla/5.0 (Windows NT 5.1; rv:2.0) Gecko/20100101 Firefox/4.0"
190.254.21.199 - - [14/Apr/2011:16:11:05 +0000] "GET /favicon.ico HTTP/1.1" 404 288 "-" "Mozilla/5.0 (Windows NT 5.1; rv:2.0) Gecko/20100101 Firefox/4.0"
190.254.21.199 - - [14/Apr/2011:16:11:05 +0000] "GET /favicon.ico HTTP/1.1" 404 288 "-" "Mozilla/5.0 (Windows NT 5.1; rv:2.0) Gecko/20100101 Firefox/4.0"
190.254.21.199 - - [14/Apr/2011:16:11:24 +0000] "GET / HTTP/1.1" 200 1004 "-" "Mozilla/5.0 (Windows NT 5.1; rv:2.0) Gecko/20100101 Firefox/4.0"
190.254.21.199 - - [14/Apr/2011:16:11:25 +0000] "GET /icons/blank.gif HTTP/1.1" 200 148 "http://www.gan.com.ve/" "Mozilla/5.0 (Windows NT 5.1; rv:2.0) Gecko/20100101 Firefox/4.0"
190.254.21.199 - - [14/Apr/2011:16:11:25 +0000] "GET /icons/folder.gif HTTP/1.1" 200 225 "http://www.gan.com.ve/" "Mozilla/5.0 (Windows NT 5.1; rv:2.0) Gecko/20100101 Firefox/4.0"
190.254.21.199 - - [14/Apr/2011:16:11:25 +0000] "GET /icons/back.gif HTTP/1.1" 200 216 "http://www.gan.com.ve/" "Mozilla/5.0 (Windows NT 5.1; rv:2.0) Gecko/20100101 Firefox/4.0"
190.254.21.199 - - [14/Apr/2011:16:11:25 +0000] "GET /icons/unknown.gif HTTP/1.1" 200 245 "http://www.gan.com.ve/" "Mozilla/5.0 (Windows NT 5.1; rv:2.0) Gecko/20100101 Firefox/4.0"
190.254.21.199 - - [14/Apr/2011:16:11:27 +0000] "GET /logs/ HTTP/1.1" 200 900 "http://www.gan.com.ve/" "Mozilla/5.0 (Windows NT 5.1; rv:2.0) Gecko/20100101 Firefox/4.0"
190.254.21.199 - - [14/Apr/2011:16:28:51 +0000] "GET /logs/access.log HTTP/1.1" 200 114844 "http://www.google.com/url?sa=t&source=web&cd=5&ved=0CCQQFjAE&url=http%3A%2F%2Fwww.gan.com.ve%2Flogs%2Faccess.log&rct=j&q=access%20site%3Ave%20filetype%3Alog&ei=DB-nTYDVHYm90QHUpsD5CA&usg=AFQjCNFHdD8qLjUaDzanzwaTfs_XURgqYA" "Mozilla/5.0 (Windows NT 5.1; rv:2.0) Gecko/20100101 Firefox/4.0"
190.254.21.199 - - [14/Apr/2011:16:28:56 +0000] "GET / HTTP/1.1" 200 1004 "-" "Mozilla/5.0 (Windows NT 5.1; rv:2.0) Gecko/20100101 Firefox/4.0"
67.195.112.173 - - [14/Apr/2011:17:07:31 +0000] "GET /logs/?N=D HTTP/1.0" 200 888 "-" "Mozilla/5.0 (compatible; Yahoo! Slurp; http://help.yahoo.com/help/us/ysearch/slurp)"
66.249.71.44 - - [14/Apr/2011:17:57:36 +0000] "GET /robots.txt HTTP/1.1" 404 287 "-" "Mozilla/5.0 (compatible; Googlebot/2.1; +http://www.google.com/bot.html)"
66.249.71.44 - - [14/Apr/2011:17:57:36 +0000] "GET / HTTP/1.1" 200 1004 "-" "Mozilla/5.0 (compatible; Googlebot/2.1; +http://www.google.com/bot.html)"
207.46.12.241 - - [14/Apr/2011:19:04:56 +0000] "GET /robots.txt HTTP/1.1" 404 287 "-" "Mozilla/5.0 (compatible; bingbot/2.0; +http://www.bing.com/bingbot.htm)"
207.46.12.241 - - [14/Apr/2011:19:05:51 +0000] "GET / HTTP/1.1" 200 1004 "-" "Mozilla/5.0 (compatible; bingbot/2.0; +http://www.bing.com/bingbot.htm)"
207.46.13.43 - - [14/Apr/2011:23:08:54 +0000] "GET /robots.txt HTTP/1.1" 404 287 "-" "Mozilla/5.0 (compatible; bingbot/2.0; +http://www.bing.com/bingbot.htm)"
207.46.13.43 - - [14/Apr/2011:23:10:02 +0000] "GET /stats/what_idx.html HTTP/1.1" 304 - "-" "Mozilla/5.0 (compatible; bingbot/2.0; +http://www.bing.com/bingbot.htm)"
67.159.35.100 - - [14/Apr/2011:23:22:58 +0000] "GET /robots.txt HTTP/1.0" 404 275 "-" "Mozilla/5.0 (compatible; MJ12bot/v1.3.3; http://www.majestic12.co.uk/bot.php?+)"
67.159.35.100 - - [14/Apr/2011:23:22:58 +0000] "GET / HTTP/1.0" 200 992 "-" "Mozilla/5.0 (compatible; MJ12bot/v1.3.3; http://www.majestic12.co.uk/bot.php?+)"
67.159.35.100 - - [14/Apr/2011:23:23:00 +0000] "GET /robots.txt HTTP/1.0" 404 275 "-" "Mozilla/5.0 (compatible; MJ12bot/v1.3.3; http://www.majestic12.co.uk/bot.php?+)"
67.159.35.100 - - [14/Apr/2011:23:23:01 +0000] "GET / HTTP/1.0" 200 992 "-" "Mozilla/5.0 (compatible; MJ12bot/v1.3.3; http://www.majestic12.co.uk/bot.php?+)"
69.20.52.230 - - [15/Apr/2011:00:39:08 +0000] "GET /logs/script.log HTTP/1.0" 200 52927 "-" "Mozilla/5.0 (Windows; U; Windows NT 6.0;) Gecko/2008091618 Firefox/3.0.2"
66.249.71.98 - - [15/Apr/2011:02:23:49 +0000] "GET /robots.txt HTTP/1.1" 404 287 "-" "Googlebot-Image/1.0"
66.249.71.98 - - [15/Apr/2011:02:23:49 +0000] "GET /icons/back.gif HTTP/1.1" 304 - "-" "Googlebot-Image/1.0"
66.249.71.98 - - [15/Apr/2011:02:37:18 +0000] "GET /icons/folder.gif HTTP/1.1" 304 - "-" "Googlebot-Image/1.0"
66.249.71.98 - - [15/Apr/2011:03:17:47 +0000] "GET /icons/compressed.gif HTTP/1.1" 304 - "-" "Googlebot-Image/1.0"
66.249.71.98 - - [15/Apr/2011:03:31:12 +0000] "GET /tnet_images/t-net.gif HTTP/1.1" 304 - "-" "Googlebot-Image/1.0"
66.249.71.98 - - [15/Apr/2011:05:32:36 +0000] "GET /stats/summaryico.gif HTTP/1.1" 304 - "-" "Googlebot-Image/1.0"
66.249.71.98 - - [15/Apr/2011:05:46:12 +0000] "GET /stats/refererico.gif HTTP/1.1" 304 - "-" "Googlebot-Image/1.0"
66.249.71.98 - - [15/Apr/2011:05:59:41 +0000] "GET /stats/miscico.gif HTTP/1.1" 304 - "-" "Googlebot-Image/1.0"
66.249.71.98 - - [15/Apr/2011:06:13:05 +0000] "GET /stats/browsersico.gif HTTP/1.1" 304 - "-" "Googlebot-Image/1.0"
67.195.112.173 - - [15/Apr/2011:06:13:06 +0000] "GET /robots.txt HTTP/1.0" 404 275 "-" "Mozilla/5.0 (compatible; Yahoo! Slurp; http://help.yahoo.com/help/us/ysearch/slurp)"
67.195.112.173 - - [15/Apr/2011:06:13:06 +0000] "GET /?N=D HTTP/1.0" 200 992 "-" "Mozilla/5.0 (compatible; Yahoo! Slurp; http://help.yahoo.com/help/us/ysearch/slurp)"
66.249.71.98 - - [15/Apr/2011:06:26:44 +0000] "GET /stats/browsersused.gif HTTP/1.1" 304 - "-" "Googlebot-Image/1.0"
119.165.17.229 - - [15/Apr/2011:10:27:04 +0000] "GET /stats/page_summary.html HTTP/1.1" 200 642 "http://www.google.com.hk/search?q=www.GAN.com/&hl=zh-CN&newwindow=1&safe=strict&client=firefox-a&hs=dd1&rls=org.mozilla:zh-CN:official&channel=np&prmd=ivns&ei=VBuoTb_FAoegvgPng4WQCg&start=240&sa=N" "Mozilla/5.0 (Windows NT 6.0; rv:2.0) Gecko/20100101 Firefox/4.0"
119.165.17.229 - - [15/Apr/2011:10:27:05 +0000] "GET /stats/mklogo.gif HTTP/1.1" 200 3828 "http://www.gan.com.ve/stats/page_summary.html" "Mozilla/5.0 (Windows NT 6.0; rv:2.0) Gecko/20100101 Firefox/4.0"
119.165.17.229 - - [15/Apr/2011:10:27:05 +0000] "GET /favicon.ico HTTP/1.1" 404 288 "-" "Mozilla/5.0 (Windows NT 6.0; rv:2.0) Gecko/20100101 Firefox/4.0"
119.165.17.229 - - [15/Apr/2011:10:27:06 +0000] "GET /favicon.ico HTTP/1.1" 404 288 "-" "Mozilla/5.0 (Windows NT 6.0; rv:2.0) Gecko/20100101 Firefox/4.0"
119.165.17.229 - - [15/Apr/2011:10:27:24 +0000] "GET /stats/page_summary.html HTTP/1.1" 304 - "http://www.google.com.hk/search?q=www.GAN.com/&hl=zh-CN&newwindow=1&safe=strict&client=firefox-a&hs=dd1&rls=org.mozilla:zh-CN:official&channel=np&prmd=ivns&ei=VBuoTb_FAoegvgPng4WQCg&start=240&sa=N" "Mozilla/5.0 (Windows NT 6.0; rv:2.0) Gecko/20100101 Firefox/4.0"
119.165.17.229 - - [15/Apr/2011:10:27:24 +0000] "GET /stats/mklogo.gif HTTP/1.1" 304 - "http://www.gan.com.ve/stats/page_summary.html" "Mozilla/5.0 (Windows NT 6.0; rv:2.0) Gecko/20100101 Firefox/4.0"
119.165.17.229 - - [15/Apr/2011:10:27:32 +0000] "GET /stats/_index_html.html HTTP/1.1" 200 1391 "http://www.gan.com.ve/stats/page_summary.html" "Mozilla/5.0 (Windows NT 6.0; rv:2.0) Gecko/20100101 Firefox/4.0"
207.46.199.184 - - [15/Apr/2011:10:39:01 +0000] "GET /robots.txt HTTP/1.1" 404 287 "-" "Mozilla/5.0 (compatible; bingbot/2.0; +http://www.bing.com/bingbot.htm)"
95.108.154.252 - - [15/Apr/2011:10:51:13 +0000] "GET /robots.txt HTTP/1.1" 404 287 "-" "Mozilla/5.0 (compatible; YandexBot/3.0; +http://yandex.com/bots)"
65.52.110.92 - - [15/Apr/2011:13:14:11 +0000] "GET /robots.txt HTTP/1.1" 404 287 "-" "Mozilla/5.0 (compatible; bingbot/2.0; +http://www.bing.com/bingbot.htm)"
65.52.110.92 - - [15/Apr/2011:13:14:58 +0000] "GET /logs/script.log HTTP/1.1" 200 52927 "-" "Mozilla/5.0 (compatible; bingbot/2.0; +http://www.bing.com/bingbot.htm)"
65.52.110.39 - - [15/Apr/2011:13:57:20 +0000] "GET /robots.txt HTTP/1.1" 404 287 "-" "Mozilla/5.0 (compatible; bingbot/2.0; +http://www.bing.com/bingbot.htm)"
65.52.110.39 - - [15/Apr/2011:13:57:58 +0000] "GET /logs/ HTTP/1.1" 200 900 "-" "Mozilla/5.0 (compatible; bingbot/2.0; +http://www.bing.com/bingbot.htm)"
207.46.199.50 - - [15/Apr/2011:14:30:27 +0000] "GET /robots.txt HTTP/1.1" 404 287 "-" "Mozilla/5.0 (compatible; bingbot/2.0; +http://www.bing.com/bingbot.htm)"
207.46.199.50 - - [15/Apr/2011:14:31:27 +0000] "GET /cgi-local/ HTTP/1.1" 403 291 "-" "Mozilla/5.0 (compatible; bingbot/2.0; +http://www.bing.com/bingbot.htm)"
67.195.112.173 - - [15/Apr/2011:14:38:04 +0000] "GET /robots.txt HTTP/1.0" 404 275 "-" "Mozilla/5.0 (compatible; Yahoo! Slurp; http://help.yahoo.com/help/us/ysearch/slurp)"
67.195.112.173 - - [15/Apr/2011:14:38:04 +0000] "GET /?M=A HTTP/1.0" 200 992 "-" "Mozilla/5.0 (compatible; Yahoo! Slurp; http://help.yahoo.com/help/us/ysearch/slurp)"
67.195.112.173 - - [15/Apr/2011:11:11:51 +0000] "GET /logs/?S=A HTTP/1.0" 200 888 "-" "Mozilla/5.0 (compatible; Yahoo! Slurp; http://help.yahoo.com/help/us/ysearch/slurp)"
67.195.112.173 - - [15/Apr/2011:14:08:22 +0000] "GET /logs/?M=A HTTP/1.0" 200 888 "-" "Mozilla/5.0 (compatible; Yahoo! Slurp; http://help.yahoo.com/help/us/ysearch/slurp)"
207.46.204.186 - - [15/Apr/2011:15:36:12 +0000] "GET /robots.txt HTTP/1.1" 404 287 "-" "Mozilla/5.0 (compatible; bingbot/2.0; +http://www.bing.com/bingbot.htm)"
207.46.204.186 - - [15/Apr/2011:15:37:20 +0000] "GET / HTTP/1.1" 200 1004 "-" "Mozilla/5.0 (compatible; bingbot/2.0; +http://www.bing.com/bingbot.htm)"
95.108.154.252 - - [15/Apr/2011:16:34:59 +0000] "GET /robots.txt HTTP/1.1" 404 287 "-" "Mozilla/5.0 (compatible; YandexBot/3.0; +http://yandex.com/bots)"
65.52.110.86 - - [15/Apr/2011:18:58:32 +0000] "GET /robots.txt HTTP/1.1" 404 287 "-" "Mozilla/5.0 (compatible; bingbot/2.0; +http://www.bing.com/bingbot.htm)"
65.52.110.86 - - [15/Apr/2011:18:59:09 +0000] "GET /stats/error_idx.html HTTP/1.1" 304 - "-" "Mozilla/5.0 (compatible; bingbot/2.0; +http://www.bing.com/bingbot.htm)"
207.46.199.188 - - [15/Apr/2011:19:04:12 +0000] "GET /robots.txt HTTP/1.1" 404 287 "-" "Mozilla/5.0 (compatible; bingbot/2.0; +http://www.bing.com/bingbot.htm)"
66.249.71.98 - - [15/Apr/2011:20:28:40 +0000] "GET /robots.txt HTTP/1.1" 404 287 "-" "Mozilla/5.0 (compatible; Googlebot/2.1; +http://www.google.com/bot.html)"
66.249.71.98 - - [15/Apr/2011:20:28:41 +0000] "GET /stats/who_summary.html HTTP/1.1" 200 1294 "-" "Mozilla/5.0 (compatible; Googlebot/2.1; +http://www.google.com/bot.html)"
67.195.112.173 - - [15/Apr/2011:22:12:40 +0000] "GET /robots.txt HTTP/1.0" 404 275 "-" "Mozilla/5.0 (compatible; Yahoo! Slurp; http://help.yahoo.com/help/us/ysearch/slurp)"
67.195.112.173 - - [15/Apr/2011:22:12:41 +0000] "GET / HTTP/1.0" 200 992 "-" "Mozilla/5.0 (compatible; Yahoo! Slurp; http://help.yahoo.com/help/us/ysearch/slurp)"
66.249.71.98 - - [16/Apr/2011:00:38:49 +0000] "GET /robots.txt HTTP/1.1" 404 287 "-" "Mozilla/5.0 (compatible; Googlebot/2.1; +http://www.google.com/bot.html)"
66.249.71.98 - - [16/Apr/2011:00:38:49 +0000] "GET /stats/who_idx.html HTTP/1.1" 200 1209 "-" "Mozilla/5.0 (compatible; Googlebot/2.1; +http://www.google.com/bot.html)"
207.46.204.188 - - [16/Apr/2011:01:28:36 +0000] "GET /robots.txt HTTP/1.1" 404 287 "-" "Mozilla/5.0 (compatible; bingbot/2.0; +http://www.bing.com/bingbot.htm)"
207.46.204.188 - - [16/Apr/2011:01:29:41 +0000] "GET /stats/graphic_day_graph.html HTTP/1.1" 304 - "-" "Mozilla/5.0 (compatible; bingbot/2.0; +http://www.bing.com/bingbot.htm)"
207.46.199.189 - - [16/Apr/2011:01:43:37 +0000] "GET /robots.txt HTTP/1.1" 404 287 "-" "Mozilla/5.0 (compatible; bingbot/2.0; +http://www.bing.com/bingbot.htm)"
95.108.154.252 - - [16/Apr/2011:01:46:49 +0000] "GET / HTTP/1.1" 200 1004 "-" "Mozilla/5.0 (compatible; YandexBot/3.0; +http://yandex.com/bots)"
207.46.204.187 - - [16/Apr/2011:03:10:59 +0000] "GET /robots.txt HTTP/1.1" 404 287 "-" "Mozilla/5.0 (compatible; bingbot/2.0; +http://www.bing.com/bingbot.htm)"
207.46.204.187 - - [16/Apr/2011:03:11:47 +0000] "GET /logs/access.log HTTP/1.1" 200 125137 "-" "Mozilla/5.0 (compatible; bingbot/2.0; +http://www.bing.com/bingbot.htm)"
67.195.112.173 - - [16/Apr/2011:03:58:39 +0000] "GET /robots.txt HTTP/1.0" 404 275 "-" "Mozilla/5.0 (compatible; Yahoo! Slurp; http://help.yahoo.com/help/us/ysearch/slurp)"
67.195.112.173 - - [16/Apr/2011:03:58:39 +0000] "GET /stats/summary_idx.html HTTP/1.0" 200 1062 "-" "Mozilla/5.0 (compatible; Yahoo! Slurp; http://help.yahoo.com/help/us/ysearch/slurp)"
207.46.13.42 - - [16/Apr/2011:05:09:42 +0000] "GET /robots.txt HTTP/1.1" 404 287 "-" "Mozilla/5.0 (compatible; bingbot/2.0; +http://www.bing.com/bingbot.htm)"
207.46.13.42 - - [16/Apr/2011:05:10:20 +0000] "GET / HTTP/1.1" 200 1004 "-" "Mozilla/5.0 (compatible; bingbot/2.0; +http://www.bing.com/bingbot.htm)"
46.248.162.20 - - [16/Apr/2011:05:32:51 +0000] "GET / HTTP/1.0" 200 992 "-" "-"
67.195.112.173 - - [16/Apr/2011:07:27:41 +0000] "GET /?D=A HTTP/1.0" 200 992 "-" "Mozilla/5.0 (compatible; Yahoo! Slurp; http://help.yahoo.com/help/us/ysearch/slurp)"
66.249.71.98 - - [16/Apr/2011:07:30:44 +0000] "GET / HTTP/1.1" 200 1004 "-" "Mozilla/5.0 (compatible; Googlebot/2.1; +http://www.google.com/bot.html)"
207.46.195.226 - - [16/Apr/2011:08:23:49 +0000] "GET /robots.txt HTTP/1.1" 404 287 "-" "Mozilla/5.0 (compatible; bingbot/2.0; +http://www.bing.com/bingbot.htm)"
207.46.195.226 - - [16/Apr/2011:08:24:49 +0000] "GET /stats/index.html HTTP/1.1" 304 - "-" "Mozilla/5.0 (compatible; bingbot/2.0; +http://www.bing.com/bingbot.htm)"
66.249.71.98 - - [16/Apr/2011:08:25:45 +0000] "GET /logs/ HTTP/1.1" 200 900 "-" "Mozilla/5.0 (compatible; Googlebot/2.1; +http://www.google.com/bot.html)"
207.46.199.189 - - [16/Apr/2011:08:31:23 +0000] "GET /robots.txt HTTP/1.1" 404 287 "-" "Mozilla/5.0 (compatible; bingbot/2.0; +http://www.bing.com/bingbot.htm)"
207.46.204.195 - - [16/Apr/2011:09:19:57 +0000] "GET /robots.txt HTTP/1.1" 404 287 "-" "Mozilla/5.0 (compatible; bingbot/2.0; +http://www.bing.com/bingbot.htm)"
207.46.204.195 - - [16/Apr/2011:09:20:52 +0000] "GET /stats/page_summary.html HTTP/1.1" 304 - "-" "Mozilla/5.0 (compatible; bingbot/2.0; +http://www.bing.com/bingbot.htm)"
207.46.199.185 - - [16/Apr/2011:10:16:38 +0000] "GET /robots.txt HTTP/1.1" 404 287 "-" "Mozilla/5.0 (compatible; bingbot/2.0; +http://www.bing.com/bingbot.htm)"
65.52.110.75 - - [16/Apr/2011:11:00:58 +0000] "GET /robots.txt HTTP/1.1" 404 287 "-" "Mozilla/5.0 (compatible; bingbot/2.0; +http://www.bing.com/bingbot.htm)"
65.52.110.75 - - [16/Apr/2011:11:01:53 +0000] "GET /stats/who_idx.html HTTP/1.1" 304 - "-" "Mozilla/5.0 (compatible; bingbot/2.0; +http://www.bing.com/bingbot.htm)"
67.195.112.173 - - [16/Apr/2011:12:14:36 +0000] "GET /robots.txt HTTP/1.0" 404 275 "-" "Mozilla/5.0 (compatible; Yahoo! Slurp; http://help.yahoo.com/help/us/ysearch/slurp)"
67.195.112.173 - - [16/Apr/2011:12:14:37 +0000] "GET /?M=D HTTP/1.0" 200 992 "-" "Mozilla/5.0 (compatible; Yahoo! Slurp; http://help.yahoo.com/help/us/ysearch/slurp)"
207.46.199.46 - - [16/Apr/2011:18:08:46 +0000] "GET /robots.txt HTTP/1.1" 404 287 "-" "Mozilla/5.0 (compatible; bingbot/2.0; +http://www.bing.com/bingbot.htm)"
207.46.199.46 - - [16/Apr/2011:18:09:20 +0000] "GET /stats/when_idx.html HTTP/1.1" 304 - "-" "Mozilla/5.0 (compatible; bingbot/2.0; +http://www.bing.com/bingbot.htm)"
207.46.199.184 - - [16/Apr/2011:19:41:43 +0000] "GET /robots.txt HTTP/1.1" 404 287 "-" "Mozilla/5.0 (compatible; bingbot/2.0; +http://www.bing.com/bingbot.htm)"
66.249.71.98 - - [16/Apr/2011:21:53:27 +0000] "GET /robots.txt HTTP/1.1" 404 287 "-" "Mozilla/5.0 (compatible; Googlebot/2.1; +http://www.google.com/bot.html)"
66.249.71.98 - - [16/Apr/2011:21:53:27 +0000] "GET /index.html-old HTTP/1.1" 304 - "-" "Mozilla/5.0 (compatible; Googlebot/2.1; +http://www.google.com/bot.html)"
128.151.22.247 - - [16/Apr/2011:22:01:33 +0000] "GET / HTTP/1.1" 200 1004 "http://www.google.com/url?sa=t&source=web&cd=156&ved=0CDQQFjAFOJYB&url=http%3A%2F%2Fwww.gan.com.ve%2F&rct=j&q=%22apache%201.3.12%20Server%20at%22&ei=YVCqTZblK4WT0QHu7b35CA&usg=AFQjCNF_DG8PKGr-SVESX3an-4W1A8D-GQ&sig2=_dPSTa3ugRDgsthZQFjsJw" "Mozilla/5.0 (X11; Linux x86_64; rv:2.0) Gecko/20100101 Firefox/4.0"
128.151.22.247 - - [16/Apr/2011:22:01:34 +0000] "GET /icons/blank.gif HTTP/1.1" 200 148 "http://www.gan.com.ve/" "Mozilla/5.0 (X11; Linux x86_64; rv:2.0) Gecko/20100101 Firefox/4.0"
128.151.22.247 - - [16/Apr/2011:22:01:34 +0000] "GET /icons/unknown.gif HTTP/1.1" 200 245 "http://www.gan.com.ve/" "Mozilla/5.0 (X11; Linux x86_64; rv:2.0) Gecko/20100101 Firefox/4.0"
128.151.22.247 - - [16/Apr/2011:22:01:34 +0000] "GET /icons/back.gif HTTP/1.1" 200 216 "http://www.gan.com.ve/" "Mozilla/5.0 (X11; Linux x86_64; rv:2.0) Gecko/20100101 Firefox/4.0"
128.151.22.247 - - [16/Apr/2011:22:01:34 +0000] "GET /icons/folder.gif HTTP/1.1" 200 225 "http://www.gan.com.ve/" "Mozilla/5.0 (X11; Linux x86_64; rv:2.0) Gecko/20100101 Firefox/4.0"
128.151.22.247 - - [16/Apr/2011:22:01:34 +0000] "GET /favicon.ico HTTP/1.1" 404 288 "-" "Mozilla/5.0 (X11; Linux x86_64; rv:2.0) Gecko/20100101 Firefox/4.0"
128.151.22.247 - - [16/Apr/2011:22:01:34 +0000] "GET /favicon.ico HTTP/1.1" 404 288 "-" "Mozilla/5.0 (X11; Linux x86_64; rv:2.0) Gecko/20100101 Firefox/4.0"
67.195.112.173 - - [16/Apr/2011:22:48:05 +0000] "GET /logs/?S=D HTTP/1.0" 200 888 "-" "Mozilla/5.0 (compatible; Yahoo! Slurp; http://help.yahoo.com/help/us/ysearch/slurp)"
207.46.13.136 - - [17/Apr/2011:04:54:10 +0000] "GET /robots.txt HTTP/1.1" 404 287 "-" "Mozilla/5.0 (compatible; bingbot/2.0; +http://www.bing.com/bingbot.htm)"
207.46.13.136 - - [17/Apr/2011:04:54:50 +0000] "GET /logs/error.log HTTP/1.1" 200 31673 "-" "Mozilla/5.0 (compatible; bingbot/2.0; +http://www.bing.com/bingbot.htm)"
207.46.199.182 - - [17/Apr/2011:05:05:33 +0000] "GET /robots.txt HTTP/1.1" 404 287 "-" "Mozilla/5.0 (compatible; bingbot/2.0; +http://www.bing.com/bingbot.htm)"
38.111.147.84 - - [17/Apr/2011:05:12:51 +0000] "GET /robots.txt HTTP/1.0" 404 275 "-" "TurnitinBot/2.1 (http://www.turnitin.com/robot/crawlerinfo.html)"
38.111.147.84 - - [17/Apr/2011:05:12:56 +0000] "GET /index.html-old HTTP/1.0" 304 - "-" "TurnitinBot/2.1 (http://www.turnitin.com/robot/crawlerinfo.html)"
207.46.195.236 - - [17/Apr/2011:05:19:32 +0000] "GET /robots.txt HTTP/1.1" 404 287 "-" "Mozilla/5.0 (compatible; bingbot/2.0; +http://www.bing.com/bingbot.htm)"
207.46.195.236 - - [17/Apr/2011:05:20:21 +0000] "GET /stats/summary_idx.html HTTP/1.1" 304 - "-" "Mozilla/5.0 (compatible; bingbot/2.0; +http://www.bing.com/bingbot.htm)"
65.52.110.26 - - [17/Apr/2011:05:21:50 +0000] "GET /stats/misc_idx.html HTTP/1.1" 304 - "-" "Mozilla/5.0 (compatible; bingbot/2.0; +http://www.bing.com/bingbot.htm)"
207.46.13.134 - - [17/Apr/2011:09:36:22 +0000] "GET /robots.txt HTTP/1.1" 404 287 "-" "Mozilla/5.0 (compatible; bingbot/2.0; +http://www.bing.com/bingbot.htm)"
207.46.13.134 - - [17/Apr/2011:09:36:57 +0000] "GET / HTTP/1.1" 200 1004 "-" "Mozilla/5.0 (compatible; bingbot/2.0; +http://www.bing.com/bingbot.htm)"
207.46.204.184 - - [17/Apr/2011:09:48:29 +0000] "GET /stats/user_summary.html HTTP/1.1" 304 - "-" "Mozilla/5.0 (compatible; bingbot/2.0; +http://www.bing.com/bingbot.htm)"
207.46.199.50 - - [17/Apr/2011:10:15:39 +0000] "GET /robots.txt HTTP/1.1" 404 287 "-" "Mozilla/5.0 (compatible; bingbot/2.0; +http://www.bing.com/bingbot.htm)"
207.46.199.50 - - [17/Apr/2011:10:17:00 +0000] "GET /index.html-old HTTP/1.1" 200 1190 "-" "Mozilla/5.0 (compatible; bingbot/2.0; +http://www.bing.com/bingbot.htm)"
65.52.110.93 - - [17/Apr/2011:12:07:04 +0000] "GET /robots.txt HTTP/1.1" 404 287 "-" "Mozilla/5.0 (compatible; bingbot/2.0; +http://www.bing.com/bingbot.htm)"
65.52.110.93 - - [17/Apr/2011:12:07:50 +0000] "GET /stats/referer_idx.html HTTP/1.1" 304 - "-" "Mozilla/5.0 (compatible; bingbot/2.0; +http://www.bing.com/bingbot.htm)"
207.46.199.184 - - [17/Apr/2011:14:05:26 +0000] "GET /robots.txt HTTP/1.1" 404 287 "-" "Mozilla/5.0 (compatible; bingbot/2.0; +http://www.bing.com/bingbot.htm)"
65.52.110.39 - - [17/Apr/2011:16:06:35 +0000] "GET /robots.txt HTTP/1.1" 404 287 "-" "Mozilla/5.0 (compatible; bingbot/2.0; +http://www.bing.com/bingbot.htm)"
65.52.110.39 - - [17/Apr/2011:16:07:21 +0000] "GET / HTTP/1.1" 200 1004 "-" "Mozilla/5.0 (compatible; bingbot/2.0; +http://www.bing.com/bingbot.htm)"
204.15.39.12 - - [17/Apr/2011:17:50:47 +0000] "HEAD /logs/ HTTP/1.1" 200 0 "-" "Botslist Botfinder (+http://www.botslist.ca)"
204.15.39.12 - - [17/Apr/2011:17:50:47 +0000] "GET /logs/ HTTP/1.1" 200 900 "-" "Botslist Botfinder (+http://www.botslist.ca)"
204.15.39.12 - - [17/Apr/2011:17:51:09 +0000] "HEAD /logs/access.log HTTP/1.1" 200 0 "-" "Botslist Botfinder (+http://www.botslist.ca)"
204.15.39.12 - - [17/Apr/2011:17:51:11 +0000] "GET /logs/access.log HTTP/1.1" 200 133870 "-" "Botslist Botfinder (+http://www.botslist.ca)"
204.15.39.12 - - [17/Apr/2011:17:51:11 +0000] "HEAD /logs/error.log HTTP/1.1" 200 0 "-" "Botslist Botfinder (+http://www.botslist.ca)"
204.15.39.12 - - [17/Apr/2011:17:51:12 +0000] "GET /logs/error.log HTTP/1.1" 200 32546 "-" "Botslist Botfinder (+http://www.botslist.ca)"
204.15.39.12 - - [17/Apr/2011:17:51:12 +0000] "HEAD /logs/script.log HTTP/1.1" 200 0 "-" "Botslist Botfinder (+http://www.botslist.ca)"
204.15.39.12 - - [17/Apr/2011:17:51:13 +0000] "GET /logs/script.log HTTP/1.1" 200 53063 "-" "Botslist Botfinder (+http://www.botslist.ca)"
65.52.110.18 - - [17/Apr/2011:20:14:35 +0000] "GET /robots.txt HTTP/1.1" 404 287 "-" "Mozilla/5.0 (compatible; bingbot/2.0; +http://www.bing.com/bingbot.htm)"
65.52.110.18 - - [17/Apr/2011:20:15:25 +0000] "GET /stats/browser_idx.html HTTP/1.1" 304 - "-" "Mozilla/5.0 (compatible; bingbot/2.0; +http://www.bing.com/bingbot.htm)"
188.134.32.66 - - [17/Apr/2011:22:15:19 +0000] "GET /robots.txt HTTP/1.0" 404 275 "-" "Mozilla/5.0 (compatible; MJ12bot/v1.3.3; http://www.majestic12.co.uk/bot.php?+)"
188.134.32.66 - - [17/Apr/2011:22:15:20 +0000] "GET / HTTP/1.0" 200 992 "-" "Mozilla/5.0 (compatible; MJ12bot/v1.3.3; http://www.majestic12.co.uk/bot.php?+)"
188.134.32.66 - - [17/Apr/2011:22:15:20 +0000] "GET /robots.txt HTTP/1.0" 404 275 "-" "Mozilla/5.0 (compatible; MJ12bot/v1.3.3; http://www.majestic12.co.uk/bot.php?+)"
188.134.32.66 - - [17/Apr/2011:22:15:21 +0000] "GET / HTTP/1.0" 200 992 "-" "Mozilla/5.0 (compatible; MJ12bot/v1.3.3; http://www.majestic12.co.uk/bot.php?+)"
65.52.110.35 - - [17/Apr/2011:22:50:18 +0000] "GET /robots.txt HTTP/1.1" 404 287 "-" "Mozilla/5.0 (compatible; bingbot/2.0; +http://www.bing.com/bingbot.htm)"
65.52.110.35 - - [17/Apr/2011:22:50:52 +0000] "GET / HTTP/1.1" 200 1004 "-" "Mozilla/5.0 (compatible; bingbot/2.0; +http://www.bing.com/bingbot.htm)"
207.46.199.183 - - [18/Apr/2011:03:46:39 +0000] "GET /robots.txt HTTP/1.1" 404 287 "-" "Mozilla/5.0 (compatible; bingbot/2.0; +http://www.bing.com/bingbot.htm)"
207.46.199.183 - - [18/Apr/2011:14:05:32 +0000] "GET /robots.txt HTTP/1.1" 404 287 "-" "Mozilla/5.0 (compatible; bingbot/2.0; +http://www.bing.com/bingbot.htm)"
207.46.13.43 - - [18/Apr/2011:14:22:29 +0000] "GET /robots.txt HTTP/1.1" 404 287 "-" "Mozilla/5.0 (compatible; bingbot/2.0; +http://www.bing.com/bingbot.htm)"
207.46.13.43 - - [18/Apr/2011:14:23:37 +0000] "GET /stats/what_idx.html HTTP/1.1" 304 - "-" "Mozilla/5.0 (compatible; bingbot/2.0; +http://www.bing.com/bingbot.htm)"
207.46.199.182 - - [18/Apr/2011:19:03:53 +0000] "GET /robots.txt HTTP/1.1" 404 287 "-" "Mozilla/5.0 (compatible; bingbot/2.0; +http://www.bing.com/bingbot.htm)"
65.52.110.49 - - [18/Apr/2011:19:40:47 +0000] "GET /robots.txt HTTP/1.1" 404 287 "-" "Mozilla/5.0 (compatible; bingbot/2.0; +http://www.bing.com/bingbot.htm)"
65.52.110.49 - - [18/Apr/2011:19:41:37 +0000] "GET /logs/script.log HTTP/1.1" 200 53063 "-" "Mozilla/5.0 (compatible; bingbot/2.0; +http://www.bing.com/bingbot.htm)"
207.46.195.236 - - [19/Apr/2011:02:01:26 +0000] "GET /robots.txt HTTP/1.1" 404 287 "-" "Mozilla/5.0 (compatible; bingbot/2.0; +http://www.bing.com/bingbot.htm)"
207.46.195.236 - - [19/Apr/2011:02:02:47 +0000] "GET /stats/status.html HTTP/1.1" 304 - "-" "Mozilla/5.0 (compatible; bingbot/2.0; +http://www.bing.com/bingbot.htm)"
65.52.108.58 - - [19/Apr/2011:03:01:22 +0000] "GET /robots.txt HTTP/1.1" 404 287 "-" "Mozilla/5.0 (compatible; bingbot/2.0; +http://www.bing.com/bingbot.htm)"
65.52.108.58 - - [19/Apr/2011:03:02:16 +0000] "GET /stats/ HTTP/1.1" 304 - "-" "Mozilla/5.0 (compatible; bingbot/2.0; +http://www.bing.com/bingbot.htm)"
65.52.110.83 - - [19/Apr/2011:04:02:24 +0000] "GET /robots.txt HTTP/1.1" 404 287 "-" "Mozilla/5.0 (compatible; bingbot/2.0; +http://www.bing.com/bingbot.htm)"
65.52.110.83 - - [19/Apr/2011:04:03:10 +0000] "GET / HTTP/1.1" 200 1004 "-" "Mozilla/5.0 (compatible; bingbot/2.0; +http://www.bing.com/bingbot.htm)"
98.129.118.118 - - [19/Apr/2011:04:09:01 +0000] "GET /stats/ HTTP/1.0" 200 1742 "-" "Mozilla/4.0 (compatible; MSIE 7.0; Windows; U; Windows NT 5.1;)"
207.46.204.230 - - [19/Apr/2011:06:46:06 +0000] "GET /robots.txt HTTP/1.1" 404 287 "-" "Mozilla/5.0 (compatible; bingbot/2.0; +http://www.bing.com/bingbot.htm)"
207.46.204.230 - - [19/Apr/2011:06:47:12 +0000] "GET /stats/gd_time.html HTTP/1.1" 304 - "-" "Mozilla/5.0 (compatible; bingbot/2.0; +http://www.bing.com/bingbot.htm)"
207.46.13.96 - - [19/Apr/2011:07:17:23 +0000] "GET /robots.txt HTTP/1.1" 404 287 "-" "Mozilla/5.0 (compatible; bingbot/2.0; +http://www.bing.com/bingbot.htm)"
207.46.13.96 - - [19/Apr/2011:07:18:13 +0000] "GET /?M=A HTTP/1.1" 200 1004 "-" "Mozilla/5.0 (compatible; bingbot/2.0; +http://www.bing.com/bingbot.htm)"
207.46.199.193 - - [19/Apr/2011:09:18:09 +0000] "GET /robots.txt HTTP/1.1" 404 287 "-" "Mozilla/5.0 (compatible; bingbot/2.0; +http://www.bing.com/bingbot.htm)"
207.46.204.190 - - [19/Apr/2011:09:19:56 +0000] "GET /robots.txt HTTP/1.1" 404 287 "-" "Mozilla/5.0 (compatible; bingbot/2.0; +http://www.bing.com/bingbot.htm)"
207.46.204.190 - - [19/Apr/2011:09:20:35 +0000] "GET /stats/error_summary.html HTTP/1.1" 304 - "-" "Mozilla/5.0 (compatible; bingbot/2.0; +http://www.bing.com/bingbot.htm)"
65.52.110.46 - - [19/Apr/2011:10:22:19 +0000] "GET /robots.txt HTTP/1.1" 404 287 "-" "Mozilla/5.0 (compatible; bingbot/2.0; +http://www.bing.com/bingbot.htm)"
65.52.110.46 - - [19/Apr/2011:10:23:14 +0000] "GET /logs/ HTTP/1.1" 200 900 "-" "Mozilla/5.0 (compatible; bingbot/2.0; +http://www.bing.com/bingbot.htm)"
67.195.112.173 - - [19/Apr/2011:11:33:59 +0000] "GET /robots.txt HTTP/1.0" 404 275 "-" "Mozilla/5.0 (compatible; Yahoo! Slurp; http://help.yahoo.com/help/us/ysearch/slurp)"
67.195.112.173 - - [19/Apr/2011:11:34:00 +0000] "GET /logs/?N=A HTTP/1.0" 200 888 "-" "Mozilla/5.0 (compatible; Yahoo! Slurp; http://help.yahoo.com/help/us/ysearch/slurp)"
67.195.112.173 - - [19/Apr/2011:16:06:31 +0000] "GET /robots.txt HTTP/1.0" 404 275 "-" "Mozilla/5.0 (compatible; Yahoo! Slurp; http://help.yahoo.com/help/us/ysearch/slurp)"
67.195.112.173 - - [19/Apr/2011:16:06:31 +0000] "GET /logs/?D=D HTTP/1.0" 200 888 "-" "Mozilla/5.0 (compatible; Yahoo! Slurp; http://help.yahoo.com/help/us/ysearch/slurp)"
207.46.199.194 - - [19/Apr/2011:16:14:34 +0000] "GET /robots.txt HTTP/1.1" 404 287 "-" "Mozilla/5.0 (compatible; bingbot/2.0; +http://www.bing.com/bingbot.htm)"
67.195.112.173 - - [19/Apr/2011:17:04:07 +0000] "GET / HTTP/1.0" 200 992 "-" "Mozilla/5.0 (compatible; Yahoo! Slurp; http://help.yahoo.com/help/us/ysearch/slurp)"
207.46.199.43 - - [19/Apr/2011:18:10:10 +0000] "GET /robots.txt HTTP/1.1" 404 287 "-" "Mozilla/5.0 (compatible; bingbot/2.0; +http://www.bing.com/bingbot.htm)"
207.46.199.43 - - [19/Apr/2011:18:11:13 +0000] "GET / HTTP/1.1" 200 1004 "-" "Mozilla/5.0 (compatible; bingbot/2.0; +http://www.bing.com/bingbot.htm)"
67.195.112.173 - - [19/Apr/2011:18:57:18 +0000] "GET /?S=A HTTP/1.0" 200 992 "-" "Mozilla/5.0 (compatible; Yahoo! Slurp; http://help.yahoo.com/help/us/ysearch/slurp)"
207.46.199.179 - - [19/Apr/2011:21:37:57 +0000] "GET /robots.txt HTTP/1.1" 404 287 "-" "Mozilla/5.0 (compatible; bingbot/2.0; +http://www.bing.com/bingbot.htm)"
67.195.112.173 - - [19/Apr/2011:23:54:45 +0000] "GET /logs/script.log HTTP/1.0" 200 53063 "-" "Mozilla/5.0 (compatible; Yahoo! Slurp; http://help.yahoo.com/help/us/ysearch/slurp)"
193.47.80.49 - - [20/Apr/2011:00:40:04 +0000] "GET /robots.txt HTTP/1.1" 404 287 "-" "Mozilla/5.0 (compatible; Exabot/3.0; +http://www.exabot.com/go/robot)"
193.47.80.49 - - [20/Apr/2011:00:40:04 +0000] "GET / HTTP/1.1" 200 1004 "-" "Mozilla/5.0 (compatible; Exabot/3.0; +http://www.exabot.com/go/robot)"
207.46.204.187 - - [20/Apr/2011:02:26:20 +0000] "GET /robots.txt HTTP/1.1" 404 287 "-" "Mozilla/5.0 (compatible; bingbot/2.0; +http://www.bing.com/bingbot.htm)"
207.46.204.187 - - [20/Apr/2011:02:27:06 +0000] "GET /stats/day_graph.html HTTP/1.1" 304 - "-" "Mozilla/5.0 (compatible; bingbot/2.0; +http://www.bing.com/bingbot.htm)"
207.46.199.48 - - [20/Apr/2011:03:35:30 +0000] "GET /robots.txt HTTP/1.1" 404 287 "-" "Mozilla/5.0 (compatible; bingbot/2.0; +http://www.bing.com/bingbot.htm)"
207.46.199.48 - - [20/Apr/2011:03:36:44 +0000] "GET /stats/index.html HTTP/1.1" 304 - "-" "Mozilla/5.0 (compatible; bingbot/2.0; +http://www.bing.com/bingbot.htm)"
67.195.112.173 - - [20/Apr/2011:03:38:40 +0000] "GET /?S=D HTTP/1.0" 200 992 "-" "Mozilla/5.0 (compatible; Yahoo! Slurp; http://help.yahoo.com/help/us/ysearch/slurp)"
67.195.112.173 - - [20/Apr/2011:04:29:44 +0000] "GET /robots.txt HTTP/1.0" 404 275 "-" "Mozilla/5.0 (compatible; Yahoo! Slurp; http://help.yahoo.com/help/us/ysearch/slurp)"
67.195.112.173 - - [20/Apr/2011:04:29:44 +0000] "GET /logs/error.log HTTP/1.0" 200 35384 "-" "Mozilla/5.0 (compatible; Yahoo! Slurp; http://help.yahoo.com/help/us/ysearch/slurp)"
65.52.110.54 - - [20/Apr/2011:04:33:58 +0000] "GET /robots.txt HTTP/1.1" 404 287 "-" "Mozilla/5.0 (compatible; bingbot/2.0; +http://www.bing.com/bingbot.htm)"
65.52.110.54 - - [20/Apr/2011:04:34:36 +0000] "GET /logs/access.log HTTP/1.1" 200 142997 "-" "Mozilla/5.0 (compatible; bingbot/2.0; +http://www.bing.com/bingbot.htm)"
207.46.199.198 - - [20/Apr/2011:04:55:25 +0000] "GET /robots.txt HTTP/1.1" 404 287 "-" "Mozilla/5.0 (compatible; bingbot/2.0; +http://www.bing.com/bingbot.htm)"
207.46.13.45 - - [20/Apr/2011:07:04:21 +0000] "GET /robots.txt HTTP/1.1" 404 287 "-" "Mozilla/5.0 (compatible; bingbot/2.0; +http://www.bing.com/bingbot.htm)"
207.46.13.45 - - [20/Apr/2011:07:05:06 +0000] "GET /stats/who_idx.html HTTP/1.1" 304 - "-" "Mozilla/5.0 (compatible; bingbot/2.0; +http://www.bing.com/bingbot.htm)"
207.46.204.190 - - [20/Apr/2011:07:17:39 +0000] "GET /stats/who_summary.html HTTP/1.1" 304 - "-" "Mozilla/5.0 (compatible; bingbot/2.0; +http://www.bing.com/bingbot.htm)"
67.195.112.173 - - [20/Apr/2011:08:23:47 +0000] "GET /?N=A HTTP/1.0" 200 992 "-" "Mozilla/5.0 (compatible; Yahoo! Slurp; http://help.yahoo.com/help/us/ysearch/slurp)"
207.46.204.196 - - [20/Apr/2011:08:54:05 +0000] "GET /robots.txt HTTP/1.1" 404 287 "-" "Mozilla/5.0 (compatible; bingbot/2.0; +http://www.bing.com/bingbot.htm)"
207.46.204.196 - - [20/Apr/2011:08:55:06 +0000] "GET /?D=A HTTP/1.1" 200 1004 "-" "Mozilla/5.0 (compatible; bingbot/2.0; +http://www.bing.com/bingbot.htm)"
207.46.12.239 - - [20/Apr/2011:09:07:05 +0000] "GET /stats/ HTTP/1.1" 304 - "-" "Mozilla/5.0 (compatible; bingbot/2.0; +http://www.bing.com/bingbot.htm)"
207.46.204.184 - - [20/Apr/2011:09:23:36 +0000] "GET /stats/tops.html HTTP/1.1" 304 - "-" "Mozilla/5.0 (compatible; bingbot/2.0; +http://www.bing.com/bingbot.htm)"
207.46.13.97 - - [20/Apr/2011:14:31:25 +0000] "GET /robots.txt HTTP/1.1" 404 287 "-" "Mozilla/5.0 (compatible; bingbot/2.0; +http://www.bing.com/bingbot.htm)"
207.46.13.97 - - [20/Apr/2011:14:32:44 +0000] "GET /stats/when_idx.html HTTP/1.1" 304 - "-" "Mozilla/5.0 (compatible; bingbot/2.0; +http://www.bing.com/bingbot.htm)"
65.52.110.64 - - [20/Apr/2011:15:30:14 +0000] "GET /robots.txt HTTP/1.1" 404 287 "-" "Mozilla/5.0 (compatible; bingbot/2.0; +http://www.bing.com/bingbot.htm)"
65.52.110.64 - - [20/Apr/2011:15:31:13 +0000] "GET / HTTP/1.1" 200 1004 "-" "Mozilla/5.0 (compatible; bingbot/2.0; +http://www.bing.com/bingbot.htm)"
67.195.112.173 - - [20/Apr/2011:19:44:10 +0000] "GET /robots.txt HTTP/1.0" 404 275 "-" "Mozilla/5.0 (compatible; Yahoo! Slurp; http://help.yahoo.com/help/us/ysearch/slurp)"
67.195.112.173 - - [20/Apr/2011:19:44:10 +0000] "GET /logs/?D=A HTTP/1.0" 200 888 "-" "Mozilla/5.0 (compatible; Yahoo! Slurp; http://help.yahoo.com/help/us/ysearch/slurp)"
174.123.30.35 - - [20/Apr/2011:20:28:31 +0000] "GET /stats/ HTTP/1.0" 200 1742 "-" "Mozilla/4.0 (compatible; MSIE 7.0; Windows; U; Windows NT 5.1;)"
207.46.13.95 - - [20/Apr/2011:21:38:40 +0000] "GET /robots.txt HTTP/1.1" 404 287 "-" "Mozilla/5.0 (compatible; bingbot/2.0; +http://www.bing.com/bingbot.htm)"
207.46.13.95 - - [20/Apr/2011:21:39:43 +0000] "GET /stats/error_idx.html HTTP/1.1" 304 - "-" "Mozilla/5.0 (compatible; bingbot/2.0; +http://www.bing.com/bingbot.htm)"
65.52.110.65 - - [20/Apr/2011:22:12:08 +0000] "GET /robots.txt HTTP/1.1" 404 287 "-" "Mozilla/5.0 (compatible; bingbot/2.0; +http://www.bing.com/bingbot.htm)"
65.52.110.65 - - [20/Apr/2011:22:12:41 +0000] "GET /stats/referer.html HTTP/1.1" 304 - "-" "Mozilla/5.0 (compatible; bingbot/2.0; +http://www.bing.com/bingbot.htm)"
66.249.71.98 - - [20/Apr/2011:22:44:19 +0000] "GET /robots.txt HTTP/1.1" 404 287 "-" "Mozilla/5.0 (compatible; Googlebot/2.1; +http://www.google.com/bot.html)"
66.249.71.98 - - [20/Apr/2011:22:44:19 +0000] "GET /stats/what_summary.html HTTP/1.1" 304 - "-" "Mozilla/5.0 (compatible; Googlebot/2.1; +http://www.google.com/bot.html)"
178.74.10.106 - - [20/Apr/2011:23:35:59 +0000] "GET /robots.txt HTTP/1.0" 404 275 "-" "Mozilla/5.0 (compatible; MJ12bot/v1.3.3; http://www.majestic12.co.uk/bot.php?+)"
178.74.10.106 - - [20/Apr/2011:23:35:59 +0000] "GET / HTTP/1.1" 200 1004 "-" "Mozilla/5.0 (compatible; MJ12bot/v1.3.3; http://www.majestic12.co.uk/bot.php?+)"
178.74.10.106 - - [20/Apr/2011:23:36:00 +0000] "GET /robots.txt HTTP/1.0" 404 275 "-" "Mozilla/5.0 (compatible; MJ12bot/v1.3.3; http://www.majestic12.co.uk/bot.php?+)"
178.74.10.106 - - [20/Apr/2011:23:36:01 +0000] "GET / HTTP/1.1" 200 1004 "-" "Mozilla/5.0 (compatible; MJ12bot/v1.3.3; http://www.majestic12.co.uk/bot.php?+)"
207.46.13.137 - - [20/Apr/2011:23:42:30 +0000] "GET /robots.txt HTTP/1.1" 404 287 "-" "Mozilla/5.0 (compatible; bingbot/2.0; +http://www.bing.com/bingbot.htm)"
207.46.13.137 - - [20/Apr/2011:23:44:12 +0000] "GET / HTTP/1.1" 200 1004 "-" "Mozilla/5.0 (compatible; bingbot/2.0; +http://www.bing.com/bingbot.htm)"
207.46.13.101 - - [20/Apr/2011:23:58:39 +0000] "GET /stats/misc_idx.html HTTP/1.1" 304 - "-" "Mozilla/5.0 (compatible; bingbot/2.0; +http://www.bing.com/bingbot.htm)"
66.249.71.98 - - [21/Apr/2011:00:01:20 +0000] "GET /stats/page_summary.html HTTP/1.1" 304 - "-" "Mozilla/5.0 (compatible; Googlebot/2.1; +http://www.google.com/bot.html)"
67.195.112.173 - - [21/Apr/2011:00:45:22 +0000] "GET /logs/access.log HTTP/1.0" 200 148034 "-" "Mozilla/5.0 (compatible; Yahoo! Slurp; http://help.yahoo.com/help/us/ysearch/slurp)"
207.46.204.181 - - [21/Apr/2011:00:48:30 +0000] "GET /robots.txt HTTP/1.1" 404 287 "-" "Mozilla/5.0 (compatible; bingbot/2.0; +http://www.bing.com/bingbot.htm)"
207.46.204.181 - - [21/Apr/2011:00:49:25 +0000] "GET /stats/summary_idx.html HTTP/1.1" 304 - "-" "Mozilla/5.0 (compatible; bingbot/2.0; +http://www.bing.com/bingbot.htm)"
66.249.71.98 - - [21/Apr/2011:01:18:47 +0000] "GET /stats/tops.html HTTP/1.1" 200 1107 "-" "Mozilla/5.0 (compatible; Googlebot/2.1; +http://www.google.com/bot.html)"
207.46.199.178 - - [21/Apr/2011:01:24:36 +0000] "GET /robots.txt HTTP/1.1" 404 287 "-" "Mozilla/5.0 (compatible; bingbot/2.0; +http://www.bing.com/bingbot.htm)"
67.195.112.173 - - [21/Apr/2011:02:51:36 +0000] "GET /logs/?M=D HTTP/1.0" 200 888 "-" "Mozilla/5.0 (compatible; Yahoo! Slurp; http://help.yahoo.com/help/us/ysearch/slurp)"
207.46.204.195 - - [21/Apr/2011:06:06:50 +0000] "GET /robots.txt HTTP/1.1" 404 287 "-" "Mozilla/5.0 (compatible; bingbot/2.0; +http://www.bing.com/bingbot.htm)"
207.46.204.195 - - [21/Apr/2011:06:07:53 +0000] "GET /stats/what_summary.html HTTP/1.1" 304 - "-" "Mozilla/5.0 (compatible; bingbot/2.0; +http://www.bing.com/bingbot.htm)"
207.46.204.182 - - [21/Apr/2011:06:10:55 +0000] "GET /logs/error.log HTTP/1.1" 200 37127 "-" "Mozilla/5.0 (compatible; bingbot/2.0; +http://www.bing.com/bingbot.htm)"
207.46.13.47 - - [21/Apr/2011:07:26:49 +0000] "GET /robots.txt HTTP/1.1" 404 287 "-" "Mozilla/5.0 (compatible; bingbot/2.0; +http://www.bing.com/bingbot.htm)"
