88.131.106.1 - - [08/May/2011:14:03:49 +0000] "GET /robots.txt HTTP/1.0" 404 275 "-" "Mozilla/5.0 (Windows; U; Windows NT 5.1; en-US) Speedy Spider (http://www.entireweb.com/about/search_tech/speedy_spider/)"
88.131.106.8 - - [08/May/2011:14:03:50 +0000] "GET / HTTP/1.0" 200 992 "-" "Mozilla/5.0 (Windows; U; Windows NT 5.1; en-US) Speedy Spider (http://www.entireweb.com/about/search_tech/speedy_spider/)"
207.46.195.225 - - [08/May/2011:17:11:24 +0000] "GET /robots.txt HTTP/1.1" 404 287 "-" "Mozilla/5.0 (compatible; bingbot/2.0; +http://www.bing.com/bingbot.htm)"
207.46.195.225 - - [08/May/2011:17:12:34 +0000] "GET /stats/browser_idx.html HTTP/1.1" 304 - "-" "Mozilla/5.0 (compatible; bingbot/2.0; +http://www.bing.com/bingbot.htm)"
67.195.112.173 - - [08/May/2011:20:29:36 +0000] "GET /robots.txt HTTP/1.0" 404 275 "-" "Mozilla/5.0 (compatible; Yahoo! Slurp; http://help.yahoo.com/help/us/ysearch/slurp)"
67.195.112.173 - - [08/May/2011:20:29:36 +0000] "GET /stats/ HTTP/1.0" 200 1742 "-" "Mozilla/5.0 (compatible; Yahoo! Slurp; http://help.yahoo.com/help/us/ysearch/slurp)"
65.52.110.35 - - [09/May/2011:01:43:43 +0000] "GET /robots.txt HTTP/1.1" 404 287 "-" "Mozilla/5.0 (compatible; bingbot/2.0; +http://www.bing.com/bingbot.htm)"
65.52.110.35 - - [09/May/2011:01:44:29 +0000] "GET / HTTP/1.1" 200 1004 "-" "Mozilla/5.0 (compatible; bingbot/2.0; +http://www.bing.com/bingbot.htm)"
66.249.71.98 - - [09/May/2011:02:08:26 +0000] "GET /robots.txt HTTP/1.1" 404 287 "-" "Mozilla/5.0 (compatible; Googlebot/2.1; +http://www.google.com/bot.html)"
66.249.71.98 - - [09/May/2011:02:08:26 +0000] "GET /stats/what_idx.html HTTP/1.1" 200 1202 "-" "Mozilla/5.0 (compatible; Googlebot/2.1; +http://www.google.com/bot.html)"
65.52.110.85 - - [09/May/2011:07:53:44 +0000] "GET /robots.txt HTTP/1.1" 404 287 "-" "Mozilla/5.0 (compatible; bingbot/2.0; +http://www.bing.com/bingbot.htm)"
65.52.110.85 - - [09/May/2011:07:54:22 +0000] "GET / HTTP/1.1" 200 1004 "-" "Mozilla/5.0 (compatible; bingbot/2.0; +http://www.bing.com/bingbot.htm)"
65.52.110.14 - - [09/May/2011:09:23:38 +0000] "GET /robots.txt HTTP/1.1" 404 287 "-" "Mozilla/5.0 (compatible; bingbot/2.0; +http://www.bing.com/bingbot.htm)"
65.52.110.14 - - [09/May/2011:09:24:25 +0000] "GET / HTTP/1.1" 200 1004 "-" "Mozilla/5.0 (compatible; bingbot/2.0; +http://www.bing.com/bingbot.htm)"
66.249.71.98 - - [09/May/2011:12:36:27 +0000] "GET /logs/ HTTP/1.1" 200 900 "-" "Mozilla/5.0 (compatible; Googlebot/2.1; +http://www.google.com/bot.html)"
67.195.112.173 - - [09/May/2011:15:54:30 +0000] "GET /robots.txt HTTP/1.0" 404 275 "-" "Mozilla/5.0 (compatible; Yahoo! Slurp; http://help.yahoo.com/help/us/ysearch/slurp)"
67.195.112.173 - - [09/May/2011:15:54:30 +0000] "GET /?N=D HTTP/1.0" 200 992 "-" "Mozilla/5.0 (compatible; Yahoo! Slurp; http://help.yahoo.com/help/us/ysearch/slurp)"
67.195.112.173 - - [09/May/2011:16:05:08 +0000] "GET /?D=D HTTP/1.0" 200 992 "-" "Mozilla/5.0 (compatible; Yahoo! Slurp; http://help.yahoo.com/help/us/ysearch/slurp)"
67.195.112.173 - - [09/May/2011:18:40:49 +0000] "GET /robots.txt HTTP/1.0" 404 275 "-" "Mozilla/5.0 (compatible; Yahoo! Slurp; http://help.yahoo.com/help/us/ysearch/slurp)"
67.195.112.173 - - [09/May/2011:18:40:50 +0000] "GET / HTTP/1.0" 200 992 "-" "Mozilla/5.0 (compatible; Yahoo! Slurp; http://help.yahoo.com/help/us/ysearch/slurp)"
213.188.28.84 - - [09/May/2011:19:14:25 +0000] "GET /robots.txt HTTP/1.0" 404 275 "-" "Mozilla/5.0 (compatible; MJ12bot/v1.3.3; http://www.majestic12.co.uk/bot.php?+)"
213.188.28.84 - - [09/May/2011:19:14:26 +0000] "GET / HTTP/1.0" 200 992 "-" "Mozilla/5.0 (compatible; MJ12bot/v1.3.3; http://www.majestic12.co.uk/bot.php?+)"
213.188.28.84 - - [09/May/2011:19:14:27 +0000] "GET /robots.txt HTTP/1.0" 404 275 "-" "Mozilla/5.0 (compatible; MJ12bot/v1.3.3; http://www.majestic12.co.uk/bot.php?+)"
213.188.28.84 - - [09/May/2011:19:14:27 +0000] "GET / HTTP/1.0" 200 992 "-" "Mozilla/5.0 (compatible; MJ12bot/v1.3.3; http://www.majestic12.co.uk/bot.php?+)"
207.46.204.193 - - [09/May/2011:23:13:30 +0000] "GET /robots.txt HTTP/1.1" 404 287 "-" "Mozilla/5.0 (compatible; bingbot/2.0; +http://www.bing.com/bingbot.htm)"
207.46.204.193 - - [09/May/2011:23:14:22 +0000] "GET /stats/who_idx.html HTTP/1.1" 304 - "-" "Mozilla/5.0 (compatible; bingbot/2.0; +http://www.bing.com/bingbot.htm)"
65.52.110.50 - - [10/May/2011:02:33:52 +0000] "GET /robots.txt HTTP/1.1" 404 287 "-" "Mozilla/5.0 (compatible; bingbot/2.0; +http://www.bing.com/bingbot.htm)"
65.52.110.50 - - [10/May/2011:02:34:59 +0000] "GET /stats/gd_time.html HTTP/1.1" 304 - "-" "Mozilla/5.0 (compatible; bingbot/2.0; +http://www.bing.com/bingbot.htm)"
67.195.112.173 - - [10/May/2011:03:48:37 +0000] "GET /robots.txt HTTP/1.0" 404 275 "-" "Mozilla/5.0 (compatible; Yahoo! Slurp; http://help.yahoo.com/help/us/ysearch/slurp)"
67.195.112.173 - - [10/May/2011:03:48:38 +0000] "GET /logs/?S=D HTTP/1.0" 200 888 "-" "Mozilla/5.0 (compatible; Yahoo! Slurp; http://help.yahoo.com/help/us/ysearch/slurp)"
65.52.110.20 - - [10/May/2011:07:59:20 +0000] "GET /robots.txt HTTP/1.1" 404 287 "-" "Mozilla/5.0 (compatible; bingbot/2.0; +http://www.bing.com/bingbot.htm)"
65.52.110.20 - - [10/May/2011:07:59:55 +0000] "GET / HTTP/1.1" 200 1004 "-" "Mozilla/5.0 (compatible; bingbot/2.0; +http://www.bing.com/bingbot.htm)"
65.52.110.87 - - [10/May/2011:09:27:05 +0000] "GET /robots.txt HTTP/1.1" 404 287 "-" "Mozilla/5.0 (compatible; bingbot/2.0; +http://www.bing.com/bingbot.htm)"
65.52.110.87 - - [10/May/2011:09:28:03 +0000] "GET /cgi-local/ HTTP/1.1" 403 291 "-" "Mozilla/5.0 (compatible; bingbot/2.0; +http://www.bing.com/bingbot.htm)"
65.52.110.87 - - [10/May/2011:09:39:22 +0000] "GET /logs/ HTTP/1.1" 200 900 "-" "Mozilla/5.0 (compatible; bingbot/2.0; +http://www.bing.com/bingbot.htm)"
207.46.195.226 - - [10/May/2011:11:49:38 +0000] "GET /robots.txt HTTP/1.1" 404 287 "-" "Mozilla/5.0 (compatible; bingbot/2.0; +http://www.bing.com/bingbot.htm)"
207.46.195.226 - - [10/May/2011:11:50:28 +0000] "GET /stats/summary_idx.html HTTP/1.1" 304 - "-" "Mozilla/5.0 (compatible; bingbot/2.0; +http://www.bing.com/bingbot.htm)"
67.195.112.173 - - [10/May/2011:12:17:51 +0000] "GET /logs/?N=A HTTP/1.0" 200 888 "-" "Mozilla/5.0 (compatible; Yahoo! Slurp; http://help.yahoo.com/help/us/ysearch/slurp)"
65.52.110.38 - - [10/May/2011:13:09:15 +0000] "GET /robots.txt HTTP/1.1" 404 287 "-" "Mozilla/5.0 (compatible; bingbot/2.0; +http://www.bing.com/bingbot.htm)"
65.52.110.38 - - [10/May/2011:13:11:04 +0000] "GET /stats/misc_idx.html HTTP/1.1" 304 - "-" "Mozilla/5.0 (compatible; bingbot/2.0; +http://www.bing.com/bingbot.htm)"
66.249.71.98 - - [10/May/2011:14:10:47 +0000] "GET /robots.txt HTTP/1.1" 404 287 "-" "Googlebot-Image/1.0"
66.249.71.98 - - [10/May/2011:14:10:48 +0000] "GET /stats/pageinformation.gif HTTP/1.1" 304 - "-" "Googlebot-Image/1.0"
82.192.74.52 - - [10/May/2011:18:37:22 +0000] "GET / HTTP/1.0" 200 992 "-" "TwengaBot"
91.201.67.162 - - [10/May/2011:22:23:56 +0000] "GET /logs/access.log HTTP/1.0" 200 256310 "http://www.casinofreegamesblog.com/" "Mozilla/4.0 (compatible; MSIE 6.0; Windows NT 5.0; .NET CLR 1.0.3705; .NET CLR 1.1.4322)"
91.201.67.162 - - [10/May/2011:22:23:57 +0000] "GET /logs/access.log HTTP/1.0" 200 0 "http://www.casinofreegamesblog.com/" "Mozilla/4.0 (compatible; Powermarks/3.5; Windows 95/98/2000/NT)"
91.201.67.162 - - [10/May/2011:22:23:58 +0000] "GET /logs/access.log HTTP/1.0" 200 0 "http://www.casinofreegamesblog.com/" "Mozilla/4.0 (compatible; MSIE 6.0; Windows NT 5.1; SV1; .NET CLR 1.1.4322) Babya Discoverer 8.0:"
91.201.67.162 - - [10/May/2011:22:23:59 +0000] "GET /logs/access.log HTTP/1.0" 200 0 "http://www.casinofreegamesblog.com/" "Mozilla/5.0 (Windows NT 5.1; U; en) Opera 8.00"
91.201.67.162 - - [10/May/2011:22:24:01 +0000] "GET /logs/access.log HTTP/1.0" 200 0 "http://www.casinofreegamesblog.com/" "Mozilla/1.22 (compatible; MSIE 2.0d; Windows NT)"
91.201.67.162 - - [10/May/2011:22:37:43 +0000] "GET / HTTP/1.0" 200 992 "http://www.casinofreegamesblog.com/" "Mozilla/4.0 (compatible; MSIE 6.0; MSIE 5.5; Windows NT 4.0) Opera 7.0 [en]"
91.201.67.162 - - [10/May/2011:22:37:44 +0000] "GET / HTTP/1.0" 200 992 "http://www.casinofreegamesblog.com/" "Mozilla/4.0 (compatible; MSIE 6.0; Windows NT 5.1; ru) Opera 8.50"
91.201.67.162 - - [10/May/2011:22:37:48 +0000] "GET / HTTP/1.0" 200 992 "http://www.casinofreegamesblog.com/" "Mozilla/4.0 (compatible; MSIE 6.0; Windows NT 5.1; SV1; FunWebProducts; MRA 4.6 (build 01425); .NET CLR 1.1.4322; .NET CLR 2.0.50727)"
91.201.67.162 - - [10/May/2011:22:37:49 +0000] "GET / HTTP/1.0" 200 992 "http://www.casinofreegamesblog.com/" "Mozilla/4.0 (compatible; MSIE 7.0b; Windows NT 6.0 ; .NET CLR 2.0.50215; SL Commerce Client v1.0; Tablet PC 2.0"
91.201.67.162 - - [10/May/2011:22:37:57 +0000] "GET / HTTP/1.0" 200 992 "http://www.casinofreegamesblog.com/" "Mozilla/4.0 (compatible; MSIE 6.0; AOL 9.0; Windows NT 5.1)"
207.46.13.144 - - [10/May/2011:22:39:22 +0000] "GET /robots.txt HTTP/1.1" 404 287 "-" "Mozilla/5.0 (compatible; bingbot/2.0; +http://www.bing.com/bingbot.htm)"
207.46.13.144 - - [10/May/2011:22:40:08 +0000] "GET / HTTP/1.1" 200 1004 "-" "Mozilla/5.0 (compatible; bingbot/2.0; +http://www.bing.com/bingbot.htm)"
91.201.67.162 - - [11/May/2011:00:38:06 +0000] "GET /stats/referer.html HTTP/1.0" 200 1740 "http://www.casinofreegamesblog.com/" "Mozilla/4.0 (compatible; MSIE 6.0; Windows NT 5.1) Netscape/8.0.4"
91.201.67.162 - - [11/May/2011:00:38:06 +0000] "GET /stats/referer.html HTTP/1.0" 200 1740 "http://www.casinofreegamesblog.com/" "Mozilla/4.0 (compatible; MSIE 5.5; Windows NT 4.0)"
91.201.67.162 - - [11/May/2011:00:38:07 +0000] "GET /stats/referer.html HTTP/1.0" 200 1740 "http://www.casinofreegamesblog.com/" "Mozilla/0.6 Beta (Windows)"
91.201.67.162 - - [11/May/2011:00:38:08 +0000] "GET /stats/referer.html HTTP/1.0" 200 1740 "http://www.casinofreegamesblog.com/" "Mozilla/4.0 (compatible; MSIE 6.0; Windows NT 5.1; .NET CLR 1.0.3705)"
91.201.67.162 - - [11/May/2011:00:38:08 +0000] "GET /stats/referer.html HTTP/1.0" 200 1740 "http://www.casinofreegamesblog.com/" "Mozilla/4.0 (compatible; MSIE 6.0; Windows NT 5.1; Deepnet Explorer 1.5.0; .NET CLR 1.0.3705)"
76.74.151.140 - - [11/May/2011:04:37:22 +0000] "GET /stats/ HTTP/1.0" 200 1742 "-" "Mozilla/4.0 (compatible; MSIE 7.0; Windows; U; Windows NT 6.0;)"
67.195.112.173 - - [11/May/2011:04:38:57 +0000] "GET /robots.txt HTTP/1.0" 404 275 "-" "Mozilla/5.0 (compatible; Yahoo! Slurp; http://help.yahoo.com/help/us/ysearch/slurp)"
67.195.112.173 - - [11/May/2011:04:38:58 +0000] "GET /logs/error.log HTTP/1.0" 200 61540 "-" "Mozilla/5.0 (compatible; Yahoo! Slurp; http://help.yahoo.com/help/us/ysearch/slurp)"
66.249.71.17 - - [11/May/2011:05:50:14 +0000] "GET /robots.txt HTTP/1.1" 404 287 "-" "Mozilla/5.0 (compatible; Googlebot/2.1; +http://www.google.com/bot.html)"
66.249.71.17 - - [11/May/2011:05:50:14 +0000] "GET /logs/ HTTP/1.1" 200 900 "-" "Mozilla/5.0 (compatible; Googlebot/2.1; +http://www.google.com/bot.html)"
67.195.112.173 - - [11/May/2011:18:27:35 +0000] "GET /robots.txt HTTP/1.0" 404 275 "-" "Mozilla/5.0 (compatible; Yahoo! Slurp; http://help.yahoo.com/help/us/ysearch/slurp)"
67.195.112.173 - - [11/May/2011:18:27:36 +0000] "GET /?N=A HTTP/1.0" 200 992 "-" "Mozilla/5.0 (compatible; Yahoo! Slurp; http://help.yahoo.com/help/us/ysearch/slurp)"
193.47.80.49 - - [11/May/2011:19:15:04 +0000] "GET /robots.txt HTTP/1.1" 404 287 "-" "Mozilla/5.0 (compatible; Exabot/3.0; +http://www.exabot.com/go/robot)"
193.47.80.49 - - [11/May/2011:19:15:04 +0000] "GET / HTTP/1.1" 200 1004 "-" "Mozilla/5.0 (compatible; Exabot/3.0; +http://www.exabot.com/go/robot)"
67.195.112.173 - - [12/May/2011:01:02:10 +0000] "GET /robots.txt HTTP/1.0" 404 275 "-" "Mozilla/5.0 (compatible; Yahoo! Slurp; http://help.yahoo.com/help/us/ysearch/slurp)"
67.195.112.173 - - [12/May/2011:01:02:12 +0000] "GET /logs/access.log HTTP/1.0" 200 261203 "-" "Mozilla/5.0 (compatible; Yahoo! Slurp; http://help.yahoo.com/help/us/ysearch/slurp)"
67.195.112.173 - - [12/May/2011:04:57:53 +0000] "GET /logs/?D=A HTTP/1.0" 200 888 "-" "Mozilla/5.0 (compatible; Yahoo! Slurp; http://help.yahoo.com/help/us/ysearch/slurp)"
67.195.112.173 - - [12/May/2011:04:59:26 +0000] "GET /logs/?D=D HTTP/1.0" 200 888 "-" "Mozilla/5.0 (compatible; Yahoo! Slurp; http://help.yahoo.com/help/us/ysearch/slurp)"
67.195.112.173 - - [12/May/2011:10:44:18 +0000] "GET /logs/?M=D HTTP/1.0" 200 888 "-" "Mozilla/5.0 (compatible; Yahoo! Slurp; http://help.yahoo.com/help/us/ysearch/slurp)"
65.52.110.68 - - [12/May/2011:11:17:18 +0000] "GET /robots.txt HTTP/1.1" 404 287 "-" "Mozilla/5.0 (compatible; bingbot/2.0; +http://www.bing.com/bingbot.htm)"
95.108.154.252 - - [12/May/2011:14:38:51 +0000] "GET /robots.txt HTTP/1.1" 404 287 "-" "Mozilla/5.0 (compatible; YandexBot/3.0; +http://yandex.com/bots)"
66.249.71.17 - - [12/May/2011:15:07:29 +0000] "GET /robots.txt HTTP/1.1" 404 287 "-" "Mozilla/5.0 (compatible; Googlebot/2.1; +http://www.google.com/bot.html)"
66.249.71.17 - - [12/May/2011:15:07:29 +0000] "GET /stats/page_summary.html HTTP/1.1" 304 - "-" "Mozilla/5.0 (compatible; Googlebot/2.1; +http://www.google.com/bot.html)"
173.242.125.191 - - [12/May/2011:15:12:02 +0000] "GET /robots.txt HTTP/1.0" 404 275 "-" "Mozilla/5.0 (compatible; MJ12bot/v1.3.3; http://www.majestic12.co.uk/bot.php?+)"
173.242.125.191 - - [12/May/2011:15:12:03 +0000] "GET /?D=D HTTP/1.0" 200 992 "-" "Mozilla/5.0 (compatible; MJ12bot/v1.3.3; http://www.majestic12.co.uk/bot.php?+)"
173.242.125.191 - - [12/May/2011:15:12:05 +0000] "GET /?M=D HTTP/1.0" 200 992 "-" "Mozilla/5.0 (compatible; MJ12bot/v1.3.3; http://www.majestic12.co.uk/bot.php?+)"
173.242.125.191 - - [12/May/2011:15:12:06 +0000] "GET /?N=A HTTP/1.0" 200 992 "-" "Mozilla/5.0 (compatible; MJ12bot/v1.3.3; http://www.majestic12.co.uk/bot.php?+)"
173.242.125.191 - - [12/May/2011:15:12:07 +0000] "GET /?S=D HTTP/1.0" 200 992 "-" "Mozilla/5.0 (compatible; MJ12bot/v1.3.3; http://www.majestic12.co.uk/bot.php?+)"
173.242.125.191 - - [12/May/2011:15:12:08 +0000] "GET /robots.txt HTTP/1.0" 404 275 "-" "Mozilla/5.0 (compatible; MJ12bot/v1.3.3; http://www.majestic12.co.uk/bot.php?+)"
173.242.125.191 - - [12/May/2011:15:12:09 +0000] "GET /?D=D HTTP/1.0" 200 992 "-" "Mozilla/5.0 (compatible; MJ12bot/v1.3.3; http://www.majestic12.co.uk/bot.php?+)"
173.242.125.191 - - [12/May/2011:15:12:10 +0000] "GET /?M=D HTTP/1.0" 200 992 "-" "Mozilla/5.0 (compatible; MJ12bot/v1.3.3; http://www.majestic12.co.uk/bot.php?+)"
173.242.125.191 - - [12/May/2011:15:12:12 +0000] "GET /?N=A HTTP/1.0" 200 992 "-" "Mozilla/5.0 (compatible; MJ12bot/v1.3.3; http://www.majestic12.co.uk/bot.php?+)"
173.242.125.191 - - [12/May/2011:15:12:13 +0000] "GET /?S=D HTTP/1.0" 200 992 "-" "Mozilla/5.0 (compatible; MJ12bot/v1.3.3; http://www.majestic12.co.uk/bot.php?+)"
173.242.125.191 - - [12/May/2011:15:12:15 +0000] "GET /access.log HTTP/1.0" 404 275 "-" "Mozilla/5.0 (compatible; MJ12bot/v1.3.3; http://www.majestic12.co.uk/bot.php?+)"
173.242.125.191 - - [12/May/2011:15:12:16 +0000] "GET /browser_idx.html HTTP/1.0" 404 281 "-" "Mozilla/5.0 (compatible; MJ12bot/v1.3.3; http://www.majestic12.co.uk/bot.php?+)"
173.242.125.191 - - [12/May/2011:15:12:18 +0000] "GET /error.log HTTP/1.0" 404 274 "-" "Mozilla/5.0 (compatible; MJ12bot/v1.3.3; http://www.majestic12.co.uk/bot.php?+)"
173.242.125.191 - - [12/May/2011:15:12:19 +0000] "GET /error_idx.html HTTP/1.0" 404 279 "-" "Mozilla/5.0 (compatible; MJ12bot/v1.3.3; http://www.majestic12.co.uk/bot.php?+)"
173.242.125.191 - - [12/May/2011:15:12:20 +0000] "GET /logs/?D=A HTTP/1.0" 200 888 "-" "Mozilla/5.0 (compatible; MJ12bot/v1.3.3; http://www.majestic12.co.uk/bot.php?+)"
173.242.125.191 - - [12/May/2011:15:12:22 +0000] "GET /logs/?M=A HTTP/1.0" 200 888 "-" "Mozilla/5.0 (compatible; MJ12bot/v1.3.3; http://www.majestic12.co.uk/bot.php?+)"
173.242.125.191 - - [12/May/2011:15:12:23 +0000] "GET /logs/?N=D HTTP/1.0" 200 888 "-" "Mozilla/5.0 (compatible; MJ12bot/v1.3.3; http://www.majestic12.co.uk/bot.php?+)"
173.242.125.191 - - [12/May/2011:15:12:25 +0000] "GET /logs/?S=A HTTP/1.0" 200 888 "-" "Mozilla/5.0 (compatible; MJ12bot/v1.3.3; http://www.majestic12.co.uk/bot.php?+)"
173.242.125.191 - - [12/May/2011:15:12:27 +0000] "GET /logs/access.log HTTP/1.0" 200 265561 "-" "Mozilla/5.0 (compatible; MJ12bot/v1.3.3; http://www.majestic12.co.uk/bot.php?+)"
173.242.125.191 - - [12/May/2011:15:12:29 +0000] "GET /logs/error.log HTTP/1.0" 200 62977 "-" "Mozilla/5.0 (compatible; MJ12bot/v1.3.3; http://www.majestic12.co.uk/bot.php?+)"
173.242.125.191 - - [12/May/2011:15:12:31 +0000] "GET /logs/script.log HTTP/1.0" 200 54559 "-" "Mozilla/5.0 (compatible; MJ12bot/v1.3.3; http://www.majestic12.co.uk/bot.php?+)"
173.242.125.191 - - [12/May/2011:15:12:32 +0000] "GET /logs?D=A HTTP/1.0" 301 306 "-" "Mozilla/5.0 (compatible; MJ12bot/v1.3.3; http://www.majestic12.co.uk/bot.php?+)"
173.242.125.191 - - [12/May/2011:15:12:33 +0000] "GET /logs/?D=A HTTP/1.0" 200 888 "-" "Mozilla/5.0 (compatible; MJ12bot/v1.3.3; http://www.majestic12.co.uk/bot.php?+)"
173.242.125.191 - - [12/May/2011:15:12:34 +0000] "GET /logs?M=A HTTP/1.0" 301 306 "-" "Mozilla/5.0 (compatible; MJ12bot/v1.3.3; http://www.majestic12.co.uk/bot.php?+)"
173.242.125.191 - - [12/May/2011:15:12:35 +0000] "GET /logs/?M=A HTTP/1.0" 200 888 "-" "Mozilla/5.0 (compatible; MJ12bot/v1.3.3; http://www.majestic12.co.uk/bot.php?+)"
173.242.125.191 - - [12/May/2011:15:12:37 +0000] "GET /logs?N=D HTTP/1.0" 301 306 "-" "Mozilla/5.0 (compatible; MJ12bot/v1.3.3; http://www.majestic12.co.uk/bot.php?+)"
173.242.125.191 - - [12/May/2011:15:12:37 +0000] "GET /logs/?N=D HTTP/1.0" 200 888 "-" "Mozilla/5.0 (compatible; MJ12bot/v1.3.3; http://www.majestic12.co.uk/bot.php?+)"
173.242.125.191 - - [12/May/2011:15:12:39 +0000] "GET /logs?S=A HTTP/1.0" 301 306 "-" "Mozilla/5.0 (compatible; MJ12bot/v1.3.3; http://www.majestic12.co.uk/bot.php?+)"
173.242.125.191 - - [12/May/2011:15:12:39 +0000] "GET /logs/?S=A HTTP/1.0" 200 888 "-" "Mozilla/5.0 (compatible; MJ12bot/v1.3.3; http://www.majestic12.co.uk/bot.php?+)"
173.242.125.191 - - [12/May/2011:15:12:41 +0000] "GET /misc_idx.html HTTP/1.0" 404 278 "-" "Mozilla/5.0 (compatible; MJ12bot/v1.3.3; http://www.majestic12.co.uk/bot.php?+)"
173.242.125.191 - - [12/May/2011:15:12:42 +0000] "GET /referer_idx.html HTTP/1.0" 404 281 "-" "Mozilla/5.0 (compatible; MJ12bot/v1.3.3; http://www.majestic12.co.uk/bot.php?+)"
173.242.125.191 - - [12/May/2011:15:12:43 +0000] "GET /script.log HTTP/1.0" 404 275 "-" "Mozilla/5.0 (compatible; MJ12bot/v1.3.3; http://www.majestic12.co.uk/bot.php?+)"
173.242.125.191 - - [12/May/2011:15:12:45 +0000] "GET /stats/browser_idx.html HTTP/1.0" 200 1095 "-" "Mozilla/5.0 (compatible; MJ12bot/v1.3.3; http://www.majestic12.co.uk/bot.php?+)"
173.242.125.191 - - [12/May/2011:15:12:46 +0000] "GET /stats/error_idx.html HTTP/1.0" 200 1070 "-" "Mozilla/5.0 (compatible; MJ12bot/v1.3.3; http://www.majestic12.co.uk/bot.php?+)"
173.242.125.191 - - [12/May/2011:15:12:48 +0000] "GET /stats/misc_idx.html HTTP/1.0" 200 1081 "-" "Mozilla/5.0 (compatible; MJ12bot/v1.3.3; http://www.majestic12.co.uk/bot.php?+)"
173.242.125.191 - - [12/May/2011:15:12:49 +0000] "GET /stats/referer_idx.html HTTP/1.0" 200 1089 "-" "Mozilla/5.0 (compatible; MJ12bot/v1.3.3; http://www.majestic12.co.uk/bot.php?+)"
173.242.125.191 - - [12/May/2011:15:12:51 +0000] "GET /stats/summary_idx.html HTTP/1.0" 200 1062 "-" "Mozilla/5.0 (compatible; MJ12bot/v1.3.3; http://www.majestic12.co.uk/bot.php?+)"
173.242.125.191 - - [12/May/2011:15:12:53 +0000] "GET /stats/what_idx.html HTTP/1.0" 200 1202 "-" "Mozilla/5.0 (compatible; MJ12bot/v1.3.3; http://www.majestic12.co.uk/bot.php?+)"
173.242.125.191 - - [12/May/2011:15:12:54 +0000] "GET /stats/when_idx.html HTTP/1.0" 200 1442 "-" "Mozilla/5.0 (compatible; MJ12bot/v1.3.3; http://www.majestic12.co.uk/bot.php?+)"
173.242.125.191 - - [12/May/2011:15:12:56 +0000] "GET /stats/who_idx.html HTTP/1.0" 200 1209 "-" "Mozilla/5.0 (compatible; MJ12bot/v1.3.3; http://www.majestic12.co.uk/bot.php?+)"
173.242.125.191 - - [12/May/2011:15:12:57 +0000] "GET /summary_idx.html HTTP/1.0" 404 281 "-" "Mozilla/5.0 (compatible; MJ12bot/v1.3.3; http://www.majestic12.co.uk/bot.php?+)"
173.242.125.191 - - [12/May/2011:15:12:58 +0000] "GET /what_idx.html HTTP/1.0" 404 278 "-" "Mozilla/5.0 (compatible; MJ12bot/v1.3.3; http://www.majestic12.co.uk/bot.php?+)"
173.242.125.191 - - [12/May/2011:15:13:00 +0000] "GET /when_idx.html HTTP/1.0" 404 278 "-" "Mozilla/5.0 (compatible; MJ12bot/v1.3.3; http://www.majestic12.co.uk/bot.php?+)"
173.242.125.191 - - [12/May/2011:15:13:01 +0000] "GET /who_idx.html HTTP/1.0" 404 277 "-" "Mozilla/5.0 (compatible; MJ12bot/v1.3.3; http://www.majestic12.co.uk/bot.php?+)"
65.52.110.48 - - [12/May/2011:17:14:25 +0000] "GET /robots.txt HTTP/1.1" 404 287 "-" "Mozilla/5.0 (compatible; bingbot/2.0; +http://www.bing.com/bingbot.htm)"
65.52.110.48 - - [12/May/2011:17:15:06 +0000] "GET / HTTP/1.1" 200 1004 "-" "Mozilla/5.0 (compatible; bingbot/2.0; +http://www.bing.com/bingbot.htm)"
67.195.112.173 - - [12/May/2011:17:31:28 +0000] "GET /robots.txt HTTP/1.0" 404 275 "-" "Mozilla/5.0 (compatible; Yahoo! Slurp; http://help.yahoo.com/help/us/ysearch/slurp)"
67.195.112.173 - - [12/May/2011:17:31:28 +0000] "GET /logs/ HTTP/1.0" 200 888 "-" "Mozilla/5.0 (compatible; Yahoo! Slurp; http://help.yahoo.com/help/us/ysearch/slurp)"
67.195.112.173 - - [12/May/2011:17:33:00 +0000] "GET /logs/?N=D HTTP/1.0" 200 888 "-" "Mozilla/5.0 (compatible; Yahoo! Slurp; http://help.yahoo.com/help/us/ysearch/slurp)"
95.108.154.252 - - [12/May/2011:19:34:47 +0000] "GET / HTTP/1.1" 200 1004 "-" "Mozilla/5.0 (compatible; YandexBot/3.0; +http://yandex.com/bots)"
67.195.112.173 - - [13/May/2011:07:14:52 +0000] "GET /robots.txt HTTP/1.0" 404 275 "-" "Mozilla/5.0 (compatible; Yahoo! Slurp; http://help.yahoo.com/help/us/ysearch/slurp)"
67.195.112.173 - - [13/May/2011:07:14:52 +0000] "GET / HTTP/1.0" 200 992 "-" "Mozilla/5.0 (compatible; Yahoo! Slurp; http://help.yahoo.com/help/us/ysearch/slurp)"
66.249.71.17 - - [13/May/2011:09:07:07 +0000] "GET /robots.txt HTTP/1.1" 404 287 "-" "Mozilla/5.0 (compatible; Googlebot/2.1; +http://www.google.com/bot.html)"
66.249.71.17 - - [13/May/2011:09:07:07 +0000] "GET /logs/ HTTP/1.1" 200 900 "-" "Mozilla/5.0 (compatible; Googlebot/2.1; +http://www.google.com/bot.html)"
38.111.147.84 - - [13/May/2011:09:18:59 +0000] "GET /robots.txt HTTP/1.0" 404 275 "-" "TurnitinBot/2.1 (http://www.turnitin.com/robot/crawlerinfo.html)"
38.111.147.84 - - [13/May/2011:09:19:05 +0000] "GET /logs/access.log HTTP/1.0" 200 271873 "-" "TurnitinBot/2.1 (http://www.turnitin.com/robot/crawlerinfo.html)"
38.111.147.84 - - [13/May/2011:09:19:34 +0000] "GET /logs/?S=A HTTP/1.0" 200 888 "-" "TurnitinBot/2.1 (http://www.turnitin.com/robot/crawlerinfo.html)"
38.111.147.84 - - [13/May/2011:09:20:04 +0000] "GET /logs/?N=D HTTP/1.0" 200 888 "-" "TurnitinBot/2.1 (http://www.turnitin.com/robot/crawlerinfo.html)"
38.111.147.84 - - [13/May/2011:09:20:34 +0000] "GET /logs/?M=A HTTP/1.0" 200 888 "-" "TurnitinBot/2.1 (http://www.turnitin.com/robot/crawlerinfo.html)"
38.111.147.84 - - [13/May/2011:09:21:04 +0000] "GET /logs/?D=A HTTP/1.0" 200 888 "-" "TurnitinBot/2.1 (http://www.turnitin.com/robot/crawlerinfo.html)"
67.195.112.173 - - [13/May/2011:10:09:10 +0000] "GET /?M=A HTTP/1.0" 200 992 "-" "Mozilla/5.0 (compatible; Yahoo! Slurp; http://help.yahoo.com/help/us/ysearch/slurp)"
62.231.141.195 - - [13/May/2011:11:35:17 +0000] "GET /robots.txt HTTP/1.0" 404 275 "-" "Mozilla/5.0 (compatible; MJ12bot/v1.3.3; http://www.majestic12.co.uk/bot.php?+)"
62.231.141.195 - - [13/May/2011:11:35:18 +0000] "GET / HTTP/1.0" 200 992 "-" "Mozilla/5.0 (compatible; MJ12bot/v1.3.3; http://www.majestic12.co.uk/bot.php?+)"
62.231.141.195 - - [13/May/2011:11:35:23 +0000] "GET /robots.txt HTTP/1.0" 404 275 "-" "Mozilla/5.0 (compatible; MJ12bot/v1.3.3; http://www.majestic12.co.uk/bot.php?+)"
62.231.141.195 - - [13/May/2011:11:35:25 +0000] "GET / HTTP/1.0" 200 992 "-" "Mozilla/5.0 (compatible; MJ12bot/v1.3.3; http://www.majestic12.co.uk/bot.php?+)"
67.195.112.173 - - [13/May/2011:13:54:18 +0000] "GET /?D=A HTTP/1.0" 200 992 "-" "Mozilla/5.0 (compatible; Yahoo! Slurp; http://help.yahoo.com/help/us/ysearch/slurp)"
67.195.112.173 - - [13/May/2011:14:04:58 +0000] "GET /stats/when_idx.html HTTP/1.0" 200 1442 "-" "Mozilla/5.0 (compatible; Yahoo! Slurp; http://help.yahoo.com/help/us/ysearch/slurp)"
67.195.112.173 - - [13/May/2011:14:14:23 +0000] "GET /logs/?M=A HTTP/1.0" 200 888 "-" "Mozilla/5.0 (compatible; Yahoo! Slurp; http://help.yahoo.com/help/us/ysearch/slurp)"
67.195.112.173 - - [13/May/2011:14:15:07 +0000] "GET /logs/?S=A HTTP/1.0" 200 888 "-" "Mozilla/5.0 (compatible; Yahoo! Slurp; http://help.yahoo.com/help/us/ysearch/slurp)"
207.46.204.187 - - [13/May/2011:20:43:23 +0000] "GET /robots.txt HTTP/1.1" 404 287 "-" "Mozilla/5.0 (compatible; bingbot/2.0; +http://www.bing.com/bingbot.htm)"
207.46.204.187 - - [13/May/2011:20:44:03 +0000] "GET / HTTP/1.1" 200 1004 "-" "Mozilla/5.0 (compatible; bingbot/2.0; +http://www.bing.com/bingbot.htm)"
66.249.71.17 - - [14/May/2011:07:50:38 +0000] "GET /robots.txt HTTP/1.1" 404 287 "-" "Mozilla/5.0 (compatible; Googlebot/2.1; +http://www.google.com/bot.html)"
66.249.71.17 - - [14/May/2011:07:50:38 +0000] "GET /stats/referer_idx.html HTTP/1.1" 304 - "-" "Mozilla/5.0 (compatible; Googlebot/2.1; +http://www.google.com/bot.html)"
67.195.112.173 - - [14/May/2011:12:24:55 +0000] "GET /robots.txt HTTP/1.0" 404 275 "-" "Mozilla/5.0 (compatible; Yahoo! Slurp; http://help.yahoo.com/help/us/ysearch/slurp)"
67.195.112.173 - - [14/May/2011:12:24:55 +0000] "GET /?M=D HTTP/1.0" 200 992 "-" "Mozilla/5.0 (compatible; Yahoo! Slurp; http://help.yahoo.com/help/us/ysearch/slurp)"
66.249.71.17 - - [14/May/2011:12:50:34 +0000] "GET /robots.txt HTTP/1.1" 404 287 "-" "Mozilla/5.0 (compatible; Googlebot/2.1; +http://www.google.com/bot.html)"
66.249.71.17 - - [14/May/2011:12:50:34 +0000] "GET /logs/ HTTP/1.1" 200 900 "-" "Mozilla/5.0 (compatible; Googlebot/2.1; +http://www.google.com/bot.html)"
78.93.127.138 - - [14/May/2011:15:25:17 +0000] "GET /stats/tops.html HTTP/1.1" 200 1107 "-" "Mozilla/4.0 (compatible; MSIE 6.0; Windows NT 5.1; SV1; .NET CLR 1.1.4322)"
118.97.147.162 - - [14/May/2011:15:27:04 +0000] "GET /stats/error_idx.html HTTP/1.0" 200 1070 "-" "Mozilla/4.0 (compatible; MSIE 6.0; Windows NT 5.1; SV1; .NET CLR 1.1.4322)"
190.43.15.210 - - [14/May/2011:15:28:14 +0000] "GET /stats/graphic_day_graph.html HTTP/1.1" 200 2064 "-" "Mozilla/4.0 (compatible; MSIE 6.0; Windows NT 5.1; SV1; .NET CLR 1.1.4322)"
196.215.8.161 - - [14/May/2011:15:28:51 +0000] "GET /stats/when_summary.html HTTP/1.1" 200 4081 "-" "Mozilla/4.0 (compatible; MSIE 6.0; Windows NT 5.1; SV1; .NET CLR 1.1.4322)"
205.129.191.161 - - [14/May/2011:15:32:22 +0000] "GET /logs/ HTTP/1.1" 200 900 "-" "Mozilla/4.0 (compatible; MSIE 6.0; Windows NT 5.1; SV1; .NET CLR 1.1.4322)"
58.254.134.201 - - [14/May/2011:15:32:58 +0000] "GET /stats/what_summary.html HTTP/1.1" 200 1463 "-" "Mozilla/4.0 (compatible; MSIE 6.0; Windows NT 5.1; SV1; .NET CLR 1.1.4322)"
204.15.39.12 - - [14/May/2011:23:22:28 +0000] "HEAD /logs/ HTTP/1.1" 200 0 "-" "Botslist Botfinder (+http://www.botslist.ca)"
204.15.39.12 - - [14/May/2011:23:22:28 +0000] "GET /logs/ HTTP/1.1" 200 900 "-" "Botslist Botfinder (+http://www.botslist.ca)"
204.15.39.12 - - [14/May/2011:23:22:50 +0000] "HEAD /logs/access.log HTTP/1.1" 200 0 "-" "Botslist Botfinder (+http://www.botslist.ca)"
204.15.39.12 - - [14/May/2011:23:22:51 +0000] "GET /logs/access.log HTTP/1.1" 200 276887 "-" "Botslist Botfinder (+http://www.botslist.ca)"
204.15.39.12 - - [14/May/2011:23:22:52 +0000] "HEAD /logs/error.log HTTP/1.1" 200 0 "-" "Botslist Botfinder (+http://www.botslist.ca)"
204.15.39.12 - - [14/May/2011:23:22:53 +0000] "GET /logs/error.log HTTP/1.1" 200 64978 "-" "Botslist Botfinder (+http://www.botslist.ca)"
204.15.39.12 - - [14/May/2011:23:22:53 +0000] "HEAD /logs/script.log HTTP/1.1" 200 0 "-" "Botslist Botfinder (+http://www.botslist.ca)"
204.15.39.12 - - [14/May/2011:23:22:54 +0000] "GET /logs/script.log HTTP/1.1" 200 54559 "-" "Botslist Botfinder (+http://www.botslist.ca)"
65.52.110.50 - - [15/May/2011:07:05:21 +0000] "GET /robots.txt HTTP/1.1" 404 287 "-" "Mozilla/5.0 (compatible; bingbot/2.0; +http://www.bing.com/bingbot.htm)"
65.52.110.50 - - [15/May/2011:07:06:05 +0000] "GET / HTTP/1.1" 200 1004 "-" "Mozilla/5.0 (compatible; bingbot/2.0; +http://www.bing.com/bingbot.htm)"
193.47.80.49 - - [15/May/2011:08:46:29 +0000] "GET /robots.txt HTTP/1.1" 404 287 "-" "Mozilla/5.0 (compatible; Exabot/3.0; +http://www.exabot.com/go/robot)"
193.47.80.49 - - [15/May/2011:08:46:29 +0000] "GET / HTTP/1.1" 200 1004 "-" "Mozilla/5.0 (compatible; Exabot/3.0; +http://www.exabot.com/go/robot)"
200.84.66.239 - - [15/May/2011:14:54:20 +0000] "GET /logs/ HTTP/1.1" 200 900 "http://www.google.co.ve/url?sa=t&source=web&cd=312&ved=0CC0QFjABOLYC&url=http%3A%2F%2Fwww.gan.com.ve%2Flogs%2F&rct=j&q=Index%20of%20%2F&tbs=ctr%3AcountryVE&ei=KijQTdz9Gsa-0AGd18X2DQ&usg=AFQjCNGG7CmvKXxA-YYVCbcIgCeZ4NMiHw" "Mozilla/5.0 (X11; Linux i686; rv:2.0.1) Gecko/20100101 Firefox/4.0.1"
200.84.66.239 - - [15/May/2011:14:54:20 +0000] "GET /icons/blank.gif HTTP/1.1" 200 148 "http://www.gan.com.ve/logs/" "Mozilla/5.0 (X11; Linux i686; rv:2.0.1) Gecko/20100101 Firefox/4.0.1"
200.84.66.239 - - [15/May/2011:14:54:21 +0000] "GET /icons/back.gif HTTP/1.1" 200 216 "http://www.gan.com.ve/logs/" "Mozilla/5.0 (X11; Linux i686; rv:2.0.1) Gecko/20100101 Firefox/4.0.1"
200.84.66.239 - - [15/May/2011:14:54:21 +0000] "GET /icons/unknown.gif HTTP/1.1" 200 245 "http://www.gan.com.ve/logs/" "Mozilla/5.0 (X11; Linux i686; rv:2.0.1) Gecko/20100101 Firefox/4.0.1"
200.84.66.239 - - [15/May/2011:14:54:21 +0000] "GET /favicon.ico HTTP/1.1" 404 288 "-" "Mozilla/5.0 (X11; Linux i686; rv:2.0.1) Gecko/20100101 Firefox/4.0.1"
200.84.66.239 - - [15/May/2011:14:54:21 +0000] "GET /favicon.ico HTTP/1.1" 404 288 "-" "Mozilla/5.0 (X11; Linux i686; rv:2.0.1) Gecko/20100101 Firefox/4.0.1"
200.84.66.239 - - [15/May/2011:14:54:25 +0000] "GET /logs/access.log HTTP/1.1" 200 279441 "http://www.gan.com.ve/logs/" "Mozilla/5.0 (X11; Linux i686; rv:2.0.1) Gecko/20100101 Firefox/4.0.1"
200.84.66.239 - - [15/May/2011:14:54:49 +0000] "GET /logs/script.log HTTP/1.1" 200 54559 "http://www.gan.com.ve/logs/" "Mozilla/5.0 (X11; Linux i686; rv:2.0.1) Gecko/20100101 Firefox/4.0.1"
200.84.66.239 - - [15/May/2011:14:54:54 +0000] "GET /logs/error.log HTTP/1.1" 200 65414 "http://www.gan.com.ve/logs/" "Mozilla/5.0 (X11; Linux i686; rv:2.0.1) Gecko/20100101 Firefox/4.0.1"
207.46.199.40 - - [15/May/2011:19:01:08 +0000] "GET /robots.txt HTTP/1.1" 404 287 "-" "Mozilla/5.0 (compatible; bingbot/2.0; +http://www.bing.com/bingbot.htm)"
207.46.199.40 - - [15/May/2011:19:02:08 +0000] "GET / HTTP/1.1" 200 1004 "-" "Mozilla/5.0 (compatible; bingbot/2.0; +http://www.bing.com/bingbot.htm)"
207.46.13.84 - - [15/May/2011:19:37:10 +0000] "GET /robots.txt HTTP/1.1" 404 287 "-" "Mozilla/5.0 (compatible; bingbot/2.0; +http://www.bing.com/bingbot.htm)"
207.46.13.84 - - [15/May/2011:19:38:01 +0000] "GET /?D=A HTTP/1.1" 200 1004 "-" "Mozilla/5.0 (compatible; bingbot/2.0; +http://www.bing.com/bingbot.htm)"
66.249.67.57 - - [16/May/2011:09:20:08 +0000] "GET /robots.txt HTTP/1.1" 404 287 "-" "Mozilla/5.0 (compatible; Googlebot/2.1; +http://www.google.com/bot.html)"
66.249.67.57 - - [16/May/2011:09:20:08 +0000] "GET /logs/ HTTP/1.1" 200 900 "-" "Mozilla/5.0 (compatible; Googlebot/2.1; +http://www.google.com/bot.html)"
193.47.80.49 - - [16/May/2011:18:59:25 +0000] "GET /robots.txt HTTP/1.1" 404 287 "-" "Mozilla/5.0 (compatible; Exabot/3.0; +http://www.exabot.com/go/robot)"
193.47.80.49 - - [16/May/2011:18:59:25 +0000] "GET /logs/ HTTP/1.1" 200 900 "-" "Mozilla/5.0 (compatible; Exabot/3.0; +http://www.exabot.com/go/robot)"
157.56.0.158 - - [16/May/2011:19:40:43 +0000] "GET /robots.txt HTTP/1.1" 404 287 "-" "msnbot/2.0b (+http://search.msn.com/msnbot.htm)._"
157.56.0.158 - - [16/May/2011:19:40:43 +0000] "GET /cgi-local/ HTTP/1.1" 403 291 "-" "msnbot/2.0b (+http://search.msn.com/msnbot.htm)._"
193.47.80.49 - - [16/May/2011:21:09:13 +0000] "GET / HTTP/1.1" 200 1004 "-" "Mozilla/5.0 (compatible; Exabot/3.0; +http://www.exabot.com/go/robot)"
67.195.112.173 - - [17/May/2011:01:11:01 +0000] "GET /robots.txt HTTP/1.0" 404 275 "-" "Mozilla/5.0 (compatible; Yahoo! Slurp; http://help.yahoo.com/help/us/ysearch/slurp)"
67.195.112.173 - - [17/May/2011:01:11:02 +0000] "GET /?S=D HTTP/1.0" 200 992 "-" "Mozilla/5.0 (compatible; Yahoo! Slurp; http://help.yahoo.com/help/us/ysearch/slurp)"
66.249.67.57 - - [17/May/2011:02:18:18 +0000] "GET /robots.txt HTTP/1.1" 404 287 "-" "Mozilla/5.0 (compatible; Googlebot/2.1; +http://www.google.com/bot.html)"
66.249.67.57 - - [17/May/2011:02:18:18 +0000] "GET /stats/agent_summary.html HTTP/1.1" 304 - "-" "Mozilla/5.0 (compatible; Googlebot/2.1; +http://www.google.com/bot.html)"
186.188.9.92 - - [17/May/2011:09:10:02 +0000] "GET /tnet_images/t-net.gif HTTP/1.1" 200 7905 "http://www.google.co.ve/imgres?imgurl=http://www.gan.com.ve/tnet_images/t-net.gif&imgrefurl=http://www.gan.com.ve/index.html-old&usg=__Bc53EHoIRy2hOnLlD3gEQJ4RIV0=&h=126&w=108&sz=8&hl=es&start=0&zoom=1&tbnid=VjaRtrEAa9EcUM:&tbnh=100&tbnw=86&ei=fHrSTcOUH-Tu0gHEl-icDA&prev=/search%3Fq%3Dtnet%26um%3D1%26hl%3Des%26sa%3DN%26rlz%3D1W1GPCK_esVE356%26biw%3D1003%26bih%3D547%26tbm%3Disch&um=1&itbs=1&iact=rc&dur=734&page=1&ndsp=15&ved=1t:429,r:0,s:0&tx=58&ty=36" "Mozilla/4.0 (compatible; MSIE 7.0; Windows NT 5.1; Trident/4.0; FBSMTWB; .NET CLR 2.0.50727; OfficeLiveConnector.1.3; OfficeLivePatch.0.0; .NET CLR 3.0.4506.2152; .NET CLR 3.5.30729; InfoPath.2)"
186.188.9.92 - - [17/May/2011:09:10:02 +0000] "GET /index.html-old HTTP/1.1" 200 1190 "http://www.google.co.ve/imgres?imgurl=http://www.gan.com.ve/tnet_images/t-net.gif&imgrefurl=http://www.gan.com.ve/index.html-old&usg=__Bc53EHoIRy2hOnLlD3gEQJ4RIV0=&h=126&w=108&sz=8&hl=es&start=0&zoom=1&tbnid=VjaRtrEAa9EcUM:&tbnh=100&tbnw=86&ei=fHrSTcOUH-Tu0gHEl-icDA&prev=/search%3Fq%3Dtnet%26um%3D1%26hl%3Des%26sa%3DN%26rlz%3D1W1GPCK_esVE356%26biw%3D1003%26bih%3D547%26tbm%3Disch&um=1&itbs=1&iact=rc&dur=734&page=1&ndsp=15&ved=1t:429,r:0,s:0&tx=58&ty=36" "Mozilla/4.0 (compatible; MSIE 7.0; Windows NT 5.1; Trident/4.0; FBSMTWB; .NET CLR 2.0.50727; OfficeLiveConnector.1.3; OfficeLivePatch.0.0; .NET CLR 3.0.4506.2152; .NET CLR 3.5.30729; InfoPath.2)"
186.188.9.92 - - [17/May/2011:09:10:02 +0000] "GET /tnet_images/abajo.gif HTTP/1.1" 200 12365 "http://www.gan.com.ve/index.html-old" "Mozilla/4.0 (compatible; MSIE 7.0; Windows NT 5.1; Trident/4.0; FBSMTWB; .NET CLR 2.0.50727; OfficeLiveConnector.1.3; OfficeLivePatch.0.0; .NET CLR 3.0.4506.2152; .NET CLR 3.5.30729; InfoPath.2)"
186.188.9.92 - - [17/May/2011:09:10:02 +0000] "GET /tnet_images/arriba.gif HTTP/1.1" 200 18328 "http://www.gan.com.ve/index.html-old" "Mozilla/4.0 (compatible; MSIE 7.0; Windows NT 5.1; Trident/4.0; FBSMTWB; .NET CLR 2.0.50727; OfficeLiveConnector.1.3; OfficeLivePatch.0.0; .NET CLR 3.0.4506.2152; .NET CLR 3.5.30729; InfoPath.2)"
62.231.141.195 - - [17/May/2011:09:41:42 +0000] "GET /robots.txt HTTP/1.0" 404 275 "-" "Mozilla/5.0 (compatible; MJ12bot/v1.3.3; http://www.majestic12.co.uk/bot.php?+)"
62.231.141.195 - - [17/May/2011:09:41:44 +0000] "GET / HTTP/1.0" 200 992 "-" "Mozilla/5.0 (compatible; MJ12bot/v1.3.3; http://www.majestic12.co.uk/bot.php?+)"
62.231.141.195 - - [17/May/2011:09:41:47 +0000] "GET /robots.txt HTTP/1.0" 404 275 "-" "Mozilla/5.0 (compatible; MJ12bot/v1.3.3; http://www.majestic12.co.uk/bot.php?+)"
62.231.141.195 - - [17/May/2011:09:41:51 +0000] "GET / HTTP/1.0" 200 992 "-" "Mozilla/5.0 (compatible; MJ12bot/v1.3.3; http://www.majestic12.co.uk/bot.php?+)"
67.195.112.173 - - [17/May/2011:09:56:16 +0000] "GET /robots.txt HTTP/1.0" 404 275 "-" "Mozilla/5.0 (compatible; Yahoo! Slurp; http://help.yahoo.com/help/us/ysearch/slurp)"
67.195.112.173 - - [17/May/2011:09:56:16 +0000] "GET /?S=A HTTP/1.0" 200 992 "-" "Mozilla/5.0 (compatible; Yahoo! Slurp; http://help.yahoo.com/help/us/ysearch/slurp)"
207.46.13.50 - - [17/May/2011:11:32:18 +0000] "GET /robots.txt HTTP/1.1" 404 287 "-" "Mozilla/5.0 (compatible; bingbot/2.0; +http://www.bing.com/bingbot.htm)"
207.46.13.50 - - [17/May/2011:11:33:39 +0000] "GET / HTTP/1.1" 200 1004 "-" "Mozilla/5.0 (compatible; bingbot/2.0; +http://www.bing.com/bingbot.htm)"
67.195.112.173 - - [17/May/2011:12:22:24 +0000] "GET /logs/?N=A HTTP/1.0" 200 888 "-" "Mozilla/5.0 (compatible; Yahoo! Slurp; http://help.yahoo.com/help/us/ysearch/slurp)"
67.195.112.173 - - [17/May/2011:14:47:50 +0000] "GET / HTTP/1.0" 200 992 "-" "Mozilla/5.0 (compatible; Yahoo! Slurp; http://help.yahoo.com/help/us/ysearch/slurp)"
66.249.71.17 - - [17/May/2011:14:55:09 +0000] "GET /robots.txt HTTP/1.1" 404 287 "-" "Mozilla/5.0 (compatible; Googlebot/2.1; +http://www.google.com/bot.html)"
66.249.71.17 - - [17/May/2011:14:55:09 +0000] "GET /logs/ HTTP/1.1" 200 900 "-" "Mozilla/5.0 (compatible; Googlebot/2.1; +http://www.google.com/bot.html)"
190.169.216.176 - - [17/May/2011:15:47:56 +0000] "GET / HTTP/1.1" 200 1004 "-" "Mozilla/4.0 (compatible; MSIE 6.0; Windows NT 5.1; SV1; .NET CLR 1.1.4322; .NET CLR 2.0.50727; OfficeLiveConnector.1.3; OfficeLivePatch.0.0)"
190.169.216.176 - - [17/May/2011:15:47:57 +0000] "GET /icons/blank.gif HTTP/1.1" 200 148 "http://www.gan.com.ve" "Mozilla/4.0 (compatible; MSIE 6.0; Windows NT 5.1; SV1; .NET CLR 1.1.4322; .NET CLR 2.0.50727; OfficeLiveConnector.1.3; OfficeLivePatch.0.0)"
190.169.216.176 - - [17/May/2011:15:47:57 +0000] "GET /icons/back.gif HTTP/1.1" 200 216 "http://www.gan.com.ve" "Mozilla/4.0 (compatible; MSIE 6.0; Windows NT 5.1; SV1; .NET CLR 1.1.4322; .NET CLR 2.0.50727; OfficeLiveConnector.1.3; OfficeLivePatch.0.0)"
190.169.216.176 - - [17/May/2011:15:47:57 +0000] "GET /icons/folder.gif HTTP/1.1" 200 225 "http://www.gan.com.ve" "Mozilla/4.0 (compatible; MSIE 6.0; Windows NT 5.1; SV1; .NET CLR 1.1.4322; .NET CLR 2.0.50727; OfficeLiveConnector.1.3; OfficeLivePatch.0.0)"
190.169.216.176 - - [17/May/2011:15:47:57 +0000] "GET /icons/unknown.gif HTTP/1.1" 200 245 "http://www.gan.com.ve" "Mozilla/4.0 (compatible; MSIE 6.0; Windows NT 5.1; SV1; .NET CLR 1.1.4322; .NET CLR 2.0.50727; OfficeLiveConnector.1.3; OfficeLivePatch.0.0)"
67.195.112.173 - - [17/May/2011:16:50:24 +0000] "GET /logs/script.log HTTP/1.0" 200 54695 "-" "Mozilla/5.0 (compatible; Yahoo! Slurp; http://help.yahoo.com/help/us/ysearch/slurp)"
67.195.112.173 - - [18/May/2011:04:41:27 +0000] "GET /robots.txt HTTP/1.0" 404 275 "-" "Mozilla/5.0 (compatible; Yahoo! Slurp; http://help.yahoo.com/help/us/ysearch/slurp)"
67.195.112.173 - - [18/May/2011:04:41:28 +0000] "GET /logs/error.log HTTP/1.0" 200 66954 "-" "Mozilla/5.0 (compatible; Yahoo! Slurp; http://help.yahoo.com/help/us/ysearch/slurp)"
207.46.195.228 - - [18/May/2011:09:43:45 +0000] "GET /robots.txt HTTP/1.1" 404 287 "-" "Mozilla/5.0 (compatible; bingbot/2.0; +http://www.bing.com/bingbot.htm)"
207.46.195.228 - - [18/May/2011:09:44:39 +0000] "GET / HTTP/1.1" 200 1004 "-" "Mozilla/5.0 (compatible; bingbot/2.0; +http://www.bing.com/bingbot.htm)"
67.195.112.173 - - [18/May/2011:14:02:23 +0000] "GET /robots.txt HTTP/1.0" 404 275 "-" "Mozilla/5.0 (compatible; Yahoo! Slurp; http://help.yahoo.com/help/us/ysearch/slurp)"
67.195.112.173 - - [18/May/2011:14:02:23 +0000] "GET /logs/?S=D HTTP/1.0" 200 888 "-" "Mozilla/5.0 (compatible; Yahoo! Slurp; http://help.yahoo.com/help/us/ysearch/slurp)"
108.62.143.245 - - [18/May/2011:19:33:38 +0000] "GET /stats/ HTTP/1.0" 200 1742 "-" "Mozilla/4.0 (compatible; MSIE 7.0; Windows; U; Windows NT 6.0;)"
65.52.109.60 - - [18/May/2011:20:27:46 +0000] "GET /robots.txt HTTP/1.1" 404 287 "-" "Mozilla/5.0 (compatible; bingbot/2.0; +http://www.bing.com/bingbot.htm)"
65.52.109.60 - - [18/May/2011:20:28:36 +0000] "GET / HTTP/1.1" 200 1004 "-" "Mozilla/5.0 (compatible; bingbot/2.0; +http://www.bing.com/bingbot.htm)"
67.195.112.173 - - [19/May/2011:01:23:40 +0000] "GET /robots.txt HTTP/1.0" 404 275 "-" "Mozilla/5.0 (compatible; Yahoo! Slurp; http://help.yahoo.com/help/us/ysearch/slurp)"
67.195.112.173 - - [19/May/2011:01:23:41 +0000] "GET /logs/access.log HTTP/1.0" 200 289526 "-" "Mozilla/5.0 (compatible; Yahoo! Slurp; http://help.yahoo.com/help/us/ysearch/slurp)"
64.246.165.140 - - [19/May/2011:02:59:15 +0000] "GET /robots.txt HTTP/1.0" 404 275 "-" "Mozilla/5.0 (Windows; U; Windows NT 5.1; en; rv:1.9.0.13) Gecko/2009073022 Firefox/3.5.2 (.NET CLR 3.5.30729) SurveyBot/2.3 (DomainTools)"
64.246.165.140 - - [19/May/2011:02:59:15 +0000] "GET / HTTP/1.1" 200 1004 "http://whois.domaintools.com/gan.com.ve" "Mozilla/5.0 (Windows; U; Windows NT 5.1; en; rv:1.9.0.13) Gecko/2009073022 Firefox/3.5.2 (.NET CLR 3.5.30729) SurveyBot/2.3 (DomainTools)"
95.108.151.244 - - [19/May/2011:05:01:02 +0000] "GET /robots.txt HTTP/1.1" 404 287 "-" "Mozilla/5.0 (compatible; YandexBot/3.0; MirrorDetector; +http://yandex.com/bots)"
95.108.151.244 - - [19/May/2011:05:01:03 +0000] "GET / HTTP/1.1" 200 1004 "-" "Mozilla/5.0 (compatible; YandexBot/3.0; MirrorDetector; +http://yandex.com/bots)"
95.108.151.244 - - [19/May/2011:05:01:04 +0000] "GET / HTTP/1.1" 200 1004 "-" "Mozilla/5.0 (compatible; YandexBot/3.0; MirrorDetector; +http://yandex.com/bots)"
208.115.111.242 - - [19/May/2011:08:32:59 +0000] "GET /robots.txt HTTP/1.1" 404 287 "-" "Mozilla/5.0 (compatible; DotBot/1.1; http://www.dotnetdotcom.org/, crawler@dotnetdotcom.org)"
66.249.71.17 - - [19/May/2011:09:03:26 +0000] "GET /robots.txt HTTP/1.1" 404 287 "-" "Mozilla/5.0 (compatible; Googlebot/2.1; +http://www.google.com/bot.html)"
66.249.71.17 - - [19/May/2011:09:03:26 +0000] "GET /logs/ HTTP/1.1" 200 900 "-" "Mozilla/5.0 (compatible; Googlebot/2.1; +http://www.google.com/bot.html)"
67.195.112.173 - - [19/May/2011:10:27:35 +0000] "GET /robots.txt HTTP/1.0" 404 275 "-" "Mozilla/5.0 (compatible; Yahoo! Slurp; http://help.yahoo.com/help/us/ysearch/slurp)"
67.195.112.173 - - [19/May/2011:10:27:36 +0000] "GET /logs/?D=A HTTP/1.0" 200 888 "-" "Mozilla/5.0 (compatible; Yahoo! Slurp; http://help.yahoo.com/help/us/ysearch/slurp)"
67.195.112.173 - - [19/May/2011:10:47:13 +0000] "GET /index.html-old HTTP/1.0" 200 1190 "-" "Mozilla/5.0 (compatible; Yahoo! Slurp; http://help.yahoo.com/help/us/ysearch/slurp)"
208.115.111.242 - - [19/May/2011:12:56:38 +0000] "GET /robots.txt HTTP/1.1" 404 287 "-" "Mozilla/5.0 (compatible; DotBot/1.1; http://www.dotnetdotcom.org/, crawler@dotnetdotcom.org)"
208.115.111.242 - - [19/May/2011:14:54:11 +0000] "GET /?D=D HTTP/1.1" 200 1004 "-" "Mozilla/5.0 (compatible; DotBot/1.1; http://www.dotnetdotcom.org/, crawler@dotnetdotcom.org)"
208.115.111.242 - - [19/May/2011:14:54:16 +0000] "GET /?M=D HTTP/1.1" 200 1004 "-" "Mozilla/5.0 (compatible; DotBot/1.1; http://www.dotnetdotcom.org/, crawler@dotnetdotcom.org)"
208.115.111.242 - - [19/May/2011:14:54:21 +0000] "GET /?N=D HTTP/1.1" 200 1004 "-" "Mozilla/5.0 (compatible; DotBot/1.1; http://www.dotnetdotcom.org/, crawler@dotnetdotcom.org)"
208.115.111.242 - - [19/May/2011:14:54:26 +0000] "GET /?S=D HTTP/1.1" 200 1004 "-" "Mozilla/5.0 (compatible; DotBot/1.1; http://www.dotnetdotcom.org/, crawler@dotnetdotcom.org)"
208.115.111.242 - - [19/May/2011:14:54:31 +0000] "GET /logs/?D=D HTTP/1.1" 200 900 "-" "Mozilla/5.0 (compatible; DotBot/1.1; http://www.dotnetdotcom.org/, crawler@dotnetdotcom.org)"
208.115.111.242 - - [19/May/2011:14:54:36 +0000] "GET /logs/?M=D HTTP/1.1" 200 900 "-" "Mozilla/5.0 (compatible; DotBot/1.1; http://www.dotnetdotcom.org/, crawler@dotnetdotcom.org)"
208.115.111.242 - - [19/May/2011:14:54:42 +0000] "GET /logs/?N=D HTTP/1.1" 200 900 "-" "Mozilla/5.0 (compatible; DotBot/1.1; http://www.dotnetdotcom.org/, crawler@dotnetdotcom.org)"
208.115.111.242 - - [19/May/2011:14:54:47 +0000] "GET /logs/?S=D HTTP/1.1" 200 900 "-" "Mozilla/5.0 (compatible; DotBot/1.1; http://www.dotnetdotcom.org/, crawler@dotnetdotcom.org)"
67.195.112.173 - - [19/May/2011:16:45:24 +0000] "GET /robots.txt HTTP/1.0" 404 275 "-" "Mozilla/5.0 (compatible; Yahoo! Slurp; http://help.yahoo.com/help/us/ysearch/slurp)"
67.195.112.173 - - [19/May/2011:16:45:24 +0000] "GET /logs/?M=D HTTP/1.0" 200 888 "-" "Mozilla/5.0 (compatible; Yahoo! Slurp; http://help.yahoo.com/help/us/ysearch/slurp)"
208.115.111.242 - - [19/May/2011:17:20:37 +0000] "GET /robots.txt HTTP/1.1" 404 287 "-" "Mozilla/5.0 (compatible; DotBot/1.1; http://www.dotnetdotcom.org/, crawler@dotnetdotcom.org)"
67.195.112.173 - - [19/May/2011:17:32:43 +0000] "GET /logs/ HTTP/1.0" 200 888 "-" "Mozilla/5.0 (compatible; Yahoo! Slurp; http://help.yahoo.com/help/us/ysearch/slurp)"
157.55.16.229 - - [19/May/2011:17:35:00 +0000] "GET /robots.txt HTTP/1.1" 404 287 "-" "Mozilla/5.0 (compatible; bingbot/2.0; +http://www.bing.com/bingbot.htm)"
157.55.16.229 - - [19/May/2011:17:35:41 +0000] "GET /cgi-local/ HTTP/1.1" 403 291 "-" "Mozilla/5.0 (compatible; bingbot/2.0; +http://www.bing.com/bingbot.htm)"
208.115.111.242 - - [19/May/2011:19:12:18 +0000] "GET /?N=A HTTP/1.1" 200 1004 "-" "Mozilla/5.0 (compatible; DotBot/1.1; http://www.dotnetdotcom.org/, crawler@dotnetdotcom.org)"
208.115.111.242 - - [19/May/2011:19:12:21 +0000] "GET /index.html HTTP/1.1" 404 287 "-" "Mozilla/5.0 (compatible; DotBot/1.1; http://www.dotnetdotcom.org/, crawler@dotnetdotcom.org)"
208.115.111.242 - - [19/May/2011:19:12:25 +0000] "GET /logs/?N=A HTTP/1.1" 200 900 "-" "Mozilla/5.0 (compatible; DotBot/1.1; http://www.dotnetdotcom.org/, crawler@dotnetdotcom.org)"
208.115.111.242 - - [19/May/2011:19:12:30 +0000] "GET /stats/_index_html.html HTTP/1.1" 200 1391 "-" "Mozilla/5.0 (compatible; DotBot/1.1; http://www.dotnetdotcom.org/, crawler@dotnetdotcom.org)"
208.115.111.242 - - [19/May/2011:19:12:35 +0000] "GET /stats/day_graph.html HTTP/1.1" 200 829 "-" "Mozilla/5.0 (compatible; DotBot/1.1; http://www.dotnetdotcom.org/, crawler@dotnetdotcom.org)"
208.115.111.242 - - [19/May/2011:19:12:40 +0000] "GET /stats/gd_time.html HTTP/1.1" 200 855 "-" "Mozilla/5.0 (compatible; DotBot/1.1; http://www.dotnetdotcom.org/, crawler@dotnetdotcom.org)"
208.115.111.242 - - [19/May/2011:19:12:46 +0000] "GET /stats/graphic_day_graph.html HTTP/1.1" 200 2064 "-" "Mozilla/5.0 (compatible; DotBot/1.1; http://www.dotnetdotcom.org/, crawler@dotnetdotcom.org)"
208.115.111.242 - - [19/May/2011:19:12:51 +0000] "GET /stats/page_summary.html HTTP/1.1" 200 642 "-" "Mozilla/5.0 (compatible; DotBot/1.1; http://www.dotnetdotcom.org/, crawler@dotnetdotcom.org)"
208.115.111.242 - - [19/May/2011:19:12:56 +0000] "GET /stats/user_summary.html HTTP/1.1" 200 785 "-" "Mozilla/5.0 (compatible; DotBot/1.1; http://www.dotnetdotcom.org/, crawler@dotnetdotcom.org)"
208.115.111.242 - - [19/May/2011:19:13:01 +0000] "GET /stats/when_summary.html HTTP/1.1" 200 4081 "-" "Mozilla/5.0 (compatible; DotBot/1.1; http://www.dotnetdotcom.org/, crawler@dotnetdotcom.org)"
208.115.111.242 - - [19/May/2011:21:35:37 +0000] "GET /robots.txt HTTP/1.1" 404 287 "-" "Mozilla/5.0 (compatible; DotBot/1.1; http://www.dotnetdotcom.org/, crawler@dotnetdotcom.org)"
77.100.248.55 - - [19/May/2011:21:52:42 +0000] "GET /robots.txt HTTP/1.0" 404 275 "-" "Mozilla/5.0 (compatible; MJ12bot/v1.3.3; http://www.majestic12.co.uk/bot.php?+)"
77.100.248.55 - - [19/May/2011:21:52:48 +0000] "GET /?D=A HTTP/1.1" 200 1004 "-" "Mozilla/5.0 (compatible; MJ12bot/v1.3.3; http://www.majestic12.co.uk/bot.php?+)"
77.100.248.55 - - [19/May/2011:21:52:49 +0000] "GET /?M=A HTTP/1.1" 200 1004 "-" "Mozilla/5.0 (compatible; MJ12bot/v1.3.3; http://www.majestic12.co.uk/bot.php?+)"
77.100.248.55 - - [19/May/2011:21:52:51 +0000] "GET /?N=D HTTP/1.1" 200 1004 "-" "Mozilla/5.0 (compatible; MJ12bot/v1.3.3; http://www.majestic12.co.uk/bot.php?+)"
77.100.248.55 - - [19/May/2011:21:52:52 +0000] "GET /?S=A HTTP/1.1" 200 1004 "-" "Mozilla/5.0 (compatible; MJ12bot/v1.3.3; http://www.majestic12.co.uk/bot.php?+)"
77.100.248.55 - - [19/May/2011:21:52:54 +0000] "GET /cgi-local HTTP/1.1" 301 319 "-" "Mozilla/5.0 (compatible; MJ12bot/v1.3.3; http://www.majestic12.co.uk/bot.php?+)"
77.100.248.55 - - [19/May/2011:21:53:02 +0000] "GET /robots.txt HTTP/1.0" 404 275 "-" "Mozilla/5.0 (compatible; MJ12bot/v1.3.3; http://www.majestic12.co.uk/bot.php?+)"
77.100.248.55 - - [19/May/2011:21:53:08 +0000] "GET /cgi-local/ HTTP/1.1" 403 291 "-" "Mozilla/5.0 (compatible; MJ12bot/v1.3.3; http://www.majestic12.co.uk/bot.php?+)"
77.100.248.55 - - [19/May/2011:21:53:10 +0000] "GET /index.html-old HTTP/1.1" 200 1190 "-" "Mozilla/5.0 (compatible; MJ12bot/v1.3.3; http://www.majestic12.co.uk/bot.php?+)"
77.100.248.55 - - [19/May/2011:21:53:11 +0000] "GET /logs HTTP/1.1" 301 314 "-" "Mozilla/5.0 (compatible; MJ12bot/v1.3.3; http://www.majestic12.co.uk/bot.php?+)"
77.100.248.55 - - [19/May/2011:21:53:12 +0000] "GET /logs/ HTTP/1.1" 200 900 "-" "Mozilla/5.0 (compatible; MJ12bot/v1.3.3; http://www.majestic12.co.uk/bot.php?+)"
77.100.248.55 - - [19/May/2011:21:53:13 +0000] "GET /stats HTTP/1.1" 301 315 "-" "Mozilla/5.0 (compatible; MJ12bot/v1.3.3; http://www.majestic12.co.uk/bot.php?+)"
77.100.248.55 - - [19/May/2011:21:53:14 +0000] "GET /stats/ HTTP/1.1" 200 1742 "-" "Mozilla/5.0 (compatible; MJ12bot/v1.3.3; http://www.majestic12.co.uk/bot.php?+)"
77.100.248.55 - - [19/May/2011:21:53:15 +0000] "GET /?D=A HTTP/1.1" 200 1004 "-" "Mozilla/5.0 (compatible; MJ12bot/v1.3.3; http://www.majestic12.co.uk/bot.php?+)"
77.100.248.55 - - [19/May/2011:21:53:17 +0000] "GET /?M=A HTTP/1.1" 200 1004 "-" "Mozilla/5.0 (compatible; MJ12bot/v1.3.3; http://www.majestic12.co.uk/bot.php?+)"
77.100.248.55 - - [19/May/2011:21:53:18 +0000] "GET /?N=D HTTP/1.1" 200 1004 "-" "Mozilla/5.0 (compatible; MJ12bot/v1.3.3; http://www.majestic12.co.uk/bot.php?+)"
77.100.248.55 - - [19/May/2011:21:53:20 +0000] "GET /?S=A HTTP/1.1" 200 1004 "-" "Mozilla/5.0 (compatible; MJ12bot/v1.3.3; http://www.majestic12.co.uk/bot.php?+)"
