207.46.13.47 - - [21/Apr/2011:07:27:44 +0000] "GET /?M=A HTTP/1.1" 200 1004 "-" "Mozilla/5.0 (compatible; bingbot/2.0; +http://www.bing.com/bingbot.htm)"
207.46.204.187 - - [21/Apr/2011:09:21:42 +0000] "GET /robots.txt HTTP/1.1" 404 287 "-" "Mozilla/5.0 (compatible; bingbot/2.0; +http://www.bing.com/bingbot.htm)"
207.46.204.187 - - [21/Apr/2011:09:22:48 +0000] "GET /stats/referer_idx.html HTTP/1.1" 304 - "-" "Mozilla/5.0 (compatible; bingbot/2.0; +http://www.bing.com/bingbot.htm)"
67.195.112.173 - - [21/Apr/2011:11:14:18 +0000] "GET /robots.txt HTTP/1.0" 404 275 "-" "Mozilla/5.0 (compatible; Yahoo! Slurp; http://help.yahoo.com/help/us/ysearch/slurp)"
67.195.112.173 - - [21/Apr/2011:11:14:18 +0000] "GET /logs/ HTTP/1.0" 200 888 "-" "Mozilla/5.0 (compatible; Yahoo! Slurp; http://help.yahoo.com/help/us/ysearch/slurp)"
67.195.112.173 - - [21/Apr/2011:12:38:41 +0000] "GET /logs/?N=D HTTP/1.0" 200 888 "-" "Mozilla/5.0 (compatible; Yahoo! Slurp; http://help.yahoo.com/help/us/ysearch/slurp)"
173.242.125.196 - - [21/Apr/2011:15:13:50 +0000] "GET /robots.txt HTTP/1.0" 404 275 "-" "Mozilla/5.0 (compatible; MJ12bot/v1.3.3; http://www.majestic12.co.uk/bot.php?+)"
173.242.125.196 - - [21/Apr/2011:15:13:50 +0000] "GET /?D=A HTTP/1.0" 200 992 "-" "Mozilla/5.0 (compatible; MJ12bot/v1.3.3; http://www.majestic12.co.uk/bot.php?+)"
173.242.125.196 - - [21/Apr/2011:15:13:52 +0000] "GET /?M=A HTTP/1.0" 200 992 "-" "Mozilla/5.0 (compatible; MJ12bot/v1.3.3; http://www.majestic12.co.uk/bot.php?+)"
173.242.125.196 - - [21/Apr/2011:15:13:54 +0000] "GET /?N=D HTTP/1.0" 200 992 "-" "Mozilla/5.0 (compatible; MJ12bot/v1.3.3; http://www.majestic12.co.uk/bot.php?+)"
173.242.125.196 - - [21/Apr/2011:15:13:55 +0000] "GET /?S=A HTTP/1.0" 200 992 "-" "Mozilla/5.0 (compatible; MJ12bot/v1.3.3; http://www.majestic12.co.uk/bot.php?+)"
173.242.125.196 - - [21/Apr/2011:15:13:57 +0000] "GET /cgi-local HTTP/1.0" 301 307 "-" "Mozilla/5.0 (compatible; MJ12bot/v1.3.3; http://www.majestic12.co.uk/bot.php?+)"
173.242.125.196 - - [21/Apr/2011:15:13:57 +0000] "GET /robots.txt HTTP/1.0" 404 275 "-" "Mozilla/5.0 (compatible; MJ12bot/v1.3.3; http://www.majestic12.co.uk/bot.php?+)"
173.242.125.196 - - [21/Apr/2011:15:13:58 +0000] "GET /cgi-local/ HTTP/1.0" 403 279 "-" "Mozilla/5.0 (compatible; MJ12bot/v1.3.3; http://www.majestic12.co.uk/bot.php?+)"
173.242.125.196 - - [21/Apr/2011:15:13:59 +0000] "GET /index.html-old HTTP/1.0" 200 1190 "-" "Mozilla/5.0 (compatible; MJ12bot/v1.3.3; http://www.majestic12.co.uk/bot.php?+)"
173.242.125.196 - - [21/Apr/2011:15:14:01 +0000] "GET /logs HTTP/1.0" 301 302 "-" "Mozilla/5.0 (compatible; MJ12bot/v1.3.3; http://www.majestic12.co.uk/bot.php?+)"
173.242.125.196 - - [21/Apr/2011:15:14:02 +0000] "GET /logs/ HTTP/1.0" 200 888 "-" "Mozilla/5.0 (compatible; MJ12bot/v1.3.3; http://www.majestic12.co.uk/bot.php?+)"
173.242.125.196 - - [21/Apr/2011:15:14:03 +0000] "GET /stats HTTP/1.0" 301 303 "-" "Mozilla/5.0 (compatible; MJ12bot/v1.3.3; http://www.majestic12.co.uk/bot.php?+)"
173.242.125.196 - - [21/Apr/2011:15:14:04 +0000] "GET /stats/ HTTP/1.0" 200 1742 "-" "Mozilla/5.0 (compatible; MJ12bot/v1.3.3; http://www.majestic12.co.uk/bot.php?+)"
173.242.125.196 - - [21/Apr/2011:15:14:05 +0000] "GET /?D=A HTTP/1.0" 200 992 "-" "Mozilla/5.0 (compatible; MJ12bot/v1.3.3; http://www.majestic12.co.uk/bot.php?+)"
173.242.125.196 - - [21/Apr/2011:15:14:07 +0000] "GET /?M=A HTTP/1.0" 200 992 "-" "Mozilla/5.0 (compatible; MJ12bot/v1.3.3; http://www.majestic12.co.uk/bot.php?+)"
173.242.125.196 - - [21/Apr/2011:15:14:08 +0000] "GET /?N=D HTTP/1.0" 200 992 "-" "Mozilla/5.0 (compatible; MJ12bot/v1.3.3; http://www.majestic12.co.uk/bot.php?+)"
173.242.125.196 - - [21/Apr/2011:15:14:10 +0000] "GET /?S=A HTTP/1.0" 200 992 "-" "Mozilla/5.0 (compatible; MJ12bot/v1.3.3; http://www.majestic12.co.uk/bot.php?+)"
173.242.125.196 - - [21/Apr/2011:15:14:11 +0000] "GET /cgi-local HTTP/1.0" 301 307 "-" "Mozilla/5.0 (compatible; MJ12bot/v1.3.3; http://www.majestic12.co.uk/bot.php?+)"
173.242.125.196 - - [21/Apr/2011:15:14:12 +0000] "GET /cgi-local/ HTTP/1.0" 403 279 "-" "Mozilla/5.0 (compatible; MJ12bot/v1.3.3; http://www.majestic12.co.uk/bot.php?+)"
173.242.125.196 - - [21/Apr/2011:15:14:14 +0000] "GET /index.html-old HTTP/1.0" 200 1190 "-" "Mozilla/5.0 (compatible; MJ12bot/v1.3.3; http://www.majestic12.co.uk/bot.php?+)"
173.242.125.196 - - [21/Apr/2011:15:14:15 +0000] "GET /logs HTTP/1.0" 301 302 "-" "Mozilla/5.0 (compatible; MJ12bot/v1.3.3; http://www.majestic12.co.uk/bot.php?+)"
173.242.125.196 - - [21/Apr/2011:15:14:15 +0000] "GET /logs/ HTTP/1.0" 200 888 "-" "Mozilla/5.0 (compatible; MJ12bot/v1.3.3; http://www.majestic12.co.uk/bot.php?+)"
173.242.125.196 - - [21/Apr/2011:15:14:17 +0000] "GET /stats HTTP/1.0" 301 303 "-" "Mozilla/5.0 (compatible; MJ12bot/v1.3.3; http://www.majestic12.co.uk/bot.php?+)"
173.242.125.196 - - [21/Apr/2011:15:14:17 +0000] "GET /stats/ HTTP/1.0" 200 1742 "-" "Mozilla/5.0 (compatible; MJ12bot/v1.3.3; http://www.majestic12.co.uk/bot.php?+)"
207.46.204.229 - - [21/Apr/2011:17:15:09 +0000] "GET /robots.txt HTTP/1.1" 404 287 "-" "Mozilla/5.0 (compatible; bingbot/2.0; +http://www.bing.com/bingbot.htm)"
207.46.204.229 - - [21/Apr/2011:17:15:55 +0000] "GET /stats/browser_idx.html HTTP/1.1" 304 - "-" "Mozilla/5.0 (compatible; bingbot/2.0; +http://www.bing.com/bingbot.htm)"
207.46.199.194 - - [21/Apr/2011:19:17:32 +0000] "GET /robots.txt HTTP/1.1" 404 287 "-" "Mozilla/5.0 (compatible; bingbot/2.0; +http://www.bing.com/bingbot.htm)"
95.108.154.252 - - [21/Apr/2011:19:26:36 +0000] "GET /robots.txt HTTP/1.1" 404 287 "-" "Mozilla/5.0 (compatible; YandexBot/3.0; +http://yandex.com/bots)"
95.108.154.252 - - [22/Apr/2011:01:06:54 +0000] "GET / HTTP/1.1" 200 1004 "-" "Mozilla/5.0 (compatible; YandexBot/3.0; +http://yandex.com/bots)"
67.195.112.173 - - [22/Apr/2011:01:39:08 +0000] "GET /robots.txt HTTP/1.0" 404 275 "-" "Mozilla/5.0 (compatible; Yahoo! Slurp; http://help.yahoo.com/help/us/ysearch/slurp)"
67.195.112.173 - - [22/Apr/2011:01:39:09 +0000] "GET /?N=D HTTP/1.0" 200 992 "-" "Mozilla/5.0 (compatible; Yahoo! Slurp; http://help.yahoo.com/help/us/ysearch/slurp)"
207.46.204.195 - - [22/Apr/2011:04:33:25 +0000] "GET /robots.txt HTTP/1.1" 404 287 "-" "Mozilla/5.0 (compatible; bingbot/2.0; +http://www.bing.com/bingbot.htm)"
207.46.204.195 - - [22/Apr/2011:04:34:10 +0000] "GET /?N=D HTTP/1.1" 200 1004 "-" "Mozilla/5.0 (compatible; bingbot/2.0; +http://www.bing.com/bingbot.htm)"
65.52.110.36 - - [22/Apr/2011:05:12:01 +0000] "GET /robots.txt HTTP/1.1" 404 287 "-" "Mozilla/5.0 (compatible; bingbot/2.0; +http://www.bing.com/bingbot.htm)"
65.52.110.36 - - [22/Apr/2011:05:12:56 +0000] "GET /stats/when_summary.html HTTP/1.1" 304 - "-" "Mozilla/5.0 (compatible; bingbot/2.0; +http://www.bing.com/bingbot.htm)"
65.52.110.54 - - [22/Apr/2011:06:14:21 +0000] "GET /robots.txt HTTP/1.1" 404 287 "-" "Mozilla/5.0 (compatible; bingbot/2.0; +http://www.bing.com/bingbot.htm)"
65.52.110.54 - - [22/Apr/2011:06:15:24 +0000] "GET /?S=A HTTP/1.1" 200 1004 "-" "Mozilla/5.0 (compatible; bingbot/2.0; +http://www.bing.com/bingbot.htm)"
207.46.199.196 - - [22/Apr/2011:06:56:06 +0000] "GET /robots.txt HTTP/1.1" 404 287 "-" "Mozilla/5.0 (compatible; bingbot/2.0; +http://www.bing.com/bingbot.htm)"
67.195.112.173 - - [22/Apr/2011:10:02:55 +0000] "GET /robots.txt HTTP/1.0" 404 275 "-" "Mozilla/5.0 (compatible; Yahoo! Slurp; http://help.yahoo.com/help/us/ysearch/slurp)"
67.195.112.173 - - [22/Apr/2011:10:02:56 +0000] "GET /?M=A HTTP/1.0" 200 992 "-" "Mozilla/5.0 (compatible; Yahoo! Slurp; http://help.yahoo.com/help/us/ysearch/slurp)"
207.46.13.86 - - [22/Apr/2011:11:16:31 +0000] "GET /robots.txt HTTP/1.1" 404 287 "-" "Mozilla/5.0 (compatible; bingbot/2.0; +http://www.bing.com/bingbot.htm)"
207.46.13.86 - - [22/Apr/2011:11:17:20 +0000] "GET /stats/agent_summary.html HTTP/1.1" 304 - "-" "Mozilla/5.0 (compatible; bingbot/2.0; +http://www.bing.com/bingbot.htm)"
67.195.112.173 - - [22/Apr/2011:12:22:17 +0000] "GET /logs/?S=A HTTP/1.0" 200 888 "-" "Mozilla/5.0 (compatible; Yahoo! Slurp; http://help.yahoo.com/help/us/ysearch/slurp)"
204.15.39.12 - - [22/Apr/2011:12:31:34 +0000] "HEAD /logs/ HTTP/1.1" 200 0 "-" "Botslist Botfinder (+http://www.botslist.ca)"
204.15.39.12 - - [22/Apr/2011:12:31:35 +0000] "GET /logs/ HTTP/1.1" 200 900 "-" "Botslist Botfinder (+http://www.botslist.ca)"
204.15.39.12 - - [22/Apr/2011:12:31:57 +0000] "HEAD /logs/access.log HTTP/1.1" 200 0 "-" "Botslist Botfinder (+http://www.botslist.ca)"
204.15.39.12 - - [22/Apr/2011:12:31:58 +0000] "GET /logs/access.log HTTP/1.1" 200 158189 "-" "Botslist Botfinder (+http://www.botslist.ca)"
204.15.39.12 - - [22/Apr/2011:12:31:58 +0000] "HEAD /logs/error.log HTTP/1.1" 200 0 "-" "Botslist Botfinder (+http://www.botslist.ca)"
204.15.39.12 - - [22/Apr/2011:12:31:59 +0000] "GET /logs/error.log HTTP/1.1" 200 39027 "-" "Botslist Botfinder (+http://www.botslist.ca)"
204.15.39.12 - - [22/Apr/2011:12:32:00 +0000] "HEAD /logs/script.log HTTP/1.1" 200 0 "-" "Botslist Botfinder (+http://www.botslist.ca)"
204.15.39.12 - - [22/Apr/2011:12:32:01 +0000] "GET /logs/script.log HTTP/1.1" 200 53335 "-" "Botslist Botfinder (+http://www.botslist.ca)"
65.52.110.56 - - [22/Apr/2011:12:38:40 +0000] "GET /robots.txt HTTP/1.1" 404 287 "-" "Mozilla/5.0 (compatible; bingbot/2.0; +http://www.bing.com/bingbot.htm)"
65.52.110.56 - - [22/Apr/2011:12:39:20 +0000] "GET /stats/what_idx.html HTTP/1.1" 304 - "-" "Mozilla/5.0 (compatible; bingbot/2.0; +http://www.bing.com/bingbot.htm)"
67.195.112.173 - - [22/Apr/2011:13:59:17 +0000] "GET /stats/when_idx.html HTTP/1.0" 200 1442 "-" "Mozilla/5.0 (compatible; Yahoo! Slurp; http://help.yahoo.com/help/us/ysearch/slurp)"
67.195.112.173 - - [22/Apr/2011:14:11:00 +0000] "GET /logs/?M=A HTTP/1.0" 200 888 "-" "Mozilla/5.0 (compatible; Yahoo! Slurp; http://help.yahoo.com/help/us/ysearch/slurp)"
207.46.199.54 - - [22/Apr/2011:19:01:31 +0000] "GET /robots.txt HTTP/1.1" 404 287 "-" "Mozilla/5.0 (compatible; bingbot/2.0; +http://www.bing.com/bingbot.htm)"
207.46.199.54 - - [22/Apr/2011:19:02:22 +0000] "GET / HTTP/1.1" 200 1004 "-" "Mozilla/5.0 (compatible; bingbot/2.0; +http://www.bing.com/bingbot.htm)"
66.249.71.98 - - [22/Apr/2011:21:29:33 +0000] "GET /robots.txt HTTP/1.1" 404 287 "-" "Mozilla/5.0 (compatible; Googlebot/2.1; +http://www.google.com/bot.html)"
66.249.71.98 - - [22/Apr/2011:21:29:33 +0000] "GET /stats/summary_idx.html HTTP/1.1" 200 1062 "-" "Mozilla/5.0 (compatible; Googlebot/2.1; +http://www.google.com/bot.html)"
207.46.199.189 - - [22/Apr/2011:22:20:31 +0000] "GET /robots.txt HTTP/1.1" 404 287 "-" "Mozilla/5.0 (compatible; bingbot/2.0; +http://www.bing.com/bingbot.htm)"
67.195.112.173 - - [23/Apr/2011:07:28:50 +0000] "GET /robots.txt HTTP/1.0" 404 275 "-" "Mozilla/5.0 (compatible; Yahoo! Slurp; http://help.yahoo.com/help/us/ysearch/slurp)"
67.195.112.173 - - [23/Apr/2011:07:28:50 +0000] "GET /?D=A HTTP/1.0" 200 992 "-" "Mozilla/5.0 (compatible; Yahoo! Slurp; http://help.yahoo.com/help/us/ysearch/slurp)"
67.195.112.173 - - [23/Apr/2011:09:27:49 +0000] "GET / HTTP/1.0" 200 992 "-" "Mozilla/5.0 (compatible; Yahoo! Slurp; http://help.yahoo.com/help/us/ysearch/slurp)"
67.195.112.173 - - [23/Apr/2011:12:01:13 +0000] "GET /robots.txt HTTP/1.0" 404 275 "-" "Mozilla/5.0 (compatible; Yahoo! Slurp; http://help.yahoo.com/help/us/ysearch/slurp)"
67.195.112.173 - - [23/Apr/2011:12:01:13 +0000] "GET /stats/referer_idx.html HTTP/1.0" 200 1089 "-" "Mozilla/5.0 (compatible; Yahoo! Slurp; http://help.yahoo.com/help/us/ysearch/slurp)"
207.46.13.90 - - [23/Apr/2011:12:11:45 +0000] "GET /robots.txt HTTP/1.1" 404 287 "-" "Mozilla/5.0 (compatible; bingbot/2.0; +http://www.bing.com/bingbot.htm)"
207.46.13.90 - - [23/Apr/2011:12:12:29 +0000] "GET /logs/script.log HTTP/1.1" 200 53335 "-" "Mozilla/5.0 (compatible; bingbot/2.0; +http://www.bing.com/bingbot.htm)"
67.195.112.173 - - [23/Apr/2011:12:18:08 +0000] "GET /?M=D HTTP/1.0" 200 992 "-" "Mozilla/5.0 (compatible; Yahoo! Slurp; http://help.yahoo.com/help/us/ysearch/slurp)"
108.62.143.157 - - [23/Apr/2011:12:59:27 +0000] "GET /logs/script.log HTTP/1.0" 200 53335 "-" "Mozilla/5.0 (Windows; U; Windows NT 5.1;) Gecko/2008070208 Firefox/3.0.1"
65.52.110.34 - - [23/Apr/2011:13:46:50 +0000] "GET /robots.txt HTTP/1.1" 404 287 "-" "Mozilla/5.0 (compatible; bingbot/2.0; +http://www.bing.com/bingbot.htm)"
65.52.110.34 - - [23/Apr/2011:13:47:57 +0000] "GET /logs/ HTTP/1.1" 200 900 "-" "Mozilla/5.0 (compatible; bingbot/2.0; +http://www.bing.com/bingbot.htm)"
207.46.13.145 - - [23/Apr/2011:14:29:59 +0000] "GET /robots.txt HTTP/1.1" 404 287 "-" "Mozilla/5.0 (compatible; bingbot/2.0; +http://www.bing.com/bingbot.htm)"
207.46.13.145 - - [23/Apr/2011:14:30:56 +0000] "GET /cgi-local/ HTTP/1.1" 403 291 "-" "Mozilla/5.0 (compatible; bingbot/2.0; +http://www.bing.com/bingbot.htm)"
207.46.13.92 - - [23/Apr/2011:19:23:28 +0000] "GET /robots.txt HTTP/1.1" 404 287 "-" "Mozilla/5.0 (compatible; bingbot/2.0; +http://www.bing.com/bingbot.htm)"
207.46.13.92 - - [23/Apr/2011:19:24:08 +0000] "GET / HTTP/1.1" 200 1004 "-" "Mozilla/5.0 (compatible; bingbot/2.0; +http://www.bing.com/bingbot.htm)"
178.74.10.106 - - [24/Apr/2011:00:16:20 +0000] "GET /robots.txt HTTP/1.0" 404 275 "-" "Mozilla/5.0 (compatible; MJ12bot/v1.3.3; http://www.majestic12.co.uk/bot.php?+)"
178.74.10.106 - - [24/Apr/2011:00:16:21 +0000] "GET / HTTP/1.1" 200 1004 "-" "Mozilla/5.0 (compatible; MJ12bot/v1.3.3; http://www.majestic12.co.uk/bot.php?+)"
178.74.10.106 - - [24/Apr/2011:00:16:22 +0000] "GET /robots.txt HTTP/1.0" 404 275 "-" "Mozilla/5.0 (compatible; MJ12bot/v1.3.3; http://www.majestic12.co.uk/bot.php?+)"
178.74.10.106 - - [24/Apr/2011:00:16:23 +0000] "GET / HTTP/1.1" 200 1004 "-" "Mozilla/5.0 (compatible; MJ12bot/v1.3.3; http://www.majestic12.co.uk/bot.php?+)"
207.46.13.147 - - [24/Apr/2011:00:49:12 +0000] "GET /robots.txt HTTP/1.1" 404 287 "-" "Mozilla/5.0 (compatible; bingbot/2.0; +http://www.bing.com/bingbot.htm)"
207.46.13.147 - - [24/Apr/2011:00:49:54 +0000] "GET /stats/index.html HTTP/1.1" 304 - "-" "Mozilla/5.0 (compatible; bingbot/2.0; +http://www.bing.com/bingbot.htm)"
207.46.13.44 - - [24/Apr/2011:05:50:14 +0000] "GET /robots.txt HTTP/1.1" 404 287 "-" "Mozilla/5.0 (compatible; bingbot/2.0; +http://www.bing.com/bingbot.htm)"
207.46.13.44 - - [24/Apr/2011:05:50:54 +0000] "GET /stats/who_idx.html HTTP/1.1" 304 - "-" "Mozilla/5.0 (compatible; bingbot/2.0; +http://www.bing.com/bingbot.htm)"
193.47.80.49 - - [24/Apr/2011:11:05:14 +0000] "GET /robots.txt HTTP/1.1" 404 287 "-" "Mozilla/5.0 (compatible; Exabot/3.0; +http://www.exabot.com/go/robot)"
193.47.80.49 - - [24/Apr/2011:11:05:14 +0000] "GET / HTTP/1.1" 200 1004 "-" "Mozilla/5.0 (compatible; Exabot/3.0; +http://www.exabot.com/go/robot)"
65.52.110.35 - - [24/Apr/2011:12:57:41 +0000] "GET /robots.txt HTTP/1.1" 404 287 "-" "Mozilla/5.0 (compatible; bingbot/2.0; +http://www.bing.com/bingbot.htm)"
65.52.110.35 - - [24/Apr/2011:12:58:45 +0000] "GET /stats/when_idx.html HTTP/1.1" 304 - "-" "Mozilla/5.0 (compatible; bingbot/2.0; +http://www.bing.com/bingbot.htm)"
207.46.199.53 - - [24/Apr/2011:13:57:53 +0000] "GET /robots.txt HTTP/1.1" 404 287 "-" "Mozilla/5.0 (compatible; bingbot/2.0; +http://www.bing.com/bingbot.htm)"
207.46.199.53 - - [24/Apr/2011:13:58:37 +0000] "GET / HTTP/1.1" 200 1004 "-" "Mozilla/5.0 (compatible; bingbot/2.0; +http://www.bing.com/bingbot.htm)"
207.46.204.236 - - [24/Apr/2011:17:36:06 +0000] "GET /robots.txt HTTP/1.1" 404 287 "-" "Mozilla/5.0 (compatible; bingbot/2.0; +http://www.bing.com/bingbot.htm)"
207.46.204.236 - - [24/Apr/2011:17:36:55 +0000] "GET /stats/error_idx.html HTTP/1.1" 304 - "-" "Mozilla/5.0 (compatible; bingbot/2.0; +http://www.bing.com/bingbot.htm)"
66.249.71.98 - - [24/Apr/2011:19:27:13 +0000] "GET /robots.txt HTTP/1.1" 404 287 "-" "Mozilla/5.0 (compatible; Googlebot/2.1; +http://www.google.com/bot.html)"
66.249.71.98 - - [24/Apr/2011:19:27:13 +0000] "GET /stats/referer_idx.html HTTP/1.1" 200 1089 "-" "Mozilla/5.0 (compatible; Googlebot/2.1; +http://www.google.com/bot.html)"
207.46.13.96 - - [24/Apr/2011:20:51:51 +0000] "GET /robots.txt HTTP/1.1" 404 287 "-" "Mozilla/5.0 (compatible; bingbot/2.0; +http://www.bing.com/bingbot.htm)"
216.145.17.190 - - [24/Apr/2011:20:52:07 +0000] "GET /robots.txt HTTP/1.0" 404 275 "-" "Mozilla/5.0 (Windows; U; Windows NT 5.1; en; rv:1.9.0.13) Gecko/2009073022 Firefox/3.5.2 (.NET CLR 3.5.30729) SurveyBot/2.3 (DomainTools)"
216.145.17.190 - - [24/Apr/2011:20:52:07 +0000] "GET / HTTP/1.1" 200 1004 "http://whois.domaintools.com/gan.com.ve" "Mozilla/5.0 (Windows; U; Windows NT 5.1; en; rv:1.9.0.13) Gecko/2009073022 Firefox/3.5.2 (.NET CLR 3.5.30729) SurveyBot/2.3 (DomainTools)"
207.46.13.96 - - [24/Apr/2011:20:52:38 +0000] "GET /stats/misc_idx.html HTTP/1.1" 304 - "-" "Mozilla/5.0 (compatible; bingbot/2.0; +http://www.bing.com/bingbot.htm)"
207.46.199.179 - - [24/Apr/2011:21:03:02 +0000] "GET /robots.txt HTTP/1.1" 404 287 "-" "Mozilla/5.0 (compatible; bingbot/2.0; +http://www.bing.com/bingbot.htm)"
65.52.110.24 - - [24/Apr/2011:22:14:39 +0000] "GET /robots.txt HTTP/1.1" 404 287 "-" "Mozilla/5.0 (compatible; bingbot/2.0; +http://www.bing.com/bingbot.htm)"
65.52.110.24 - - [24/Apr/2011:22:15:23 +0000] "GET /stats/summary_idx.html HTTP/1.1" 304 - "-" "Mozilla/5.0 (compatible; bingbot/2.0; +http://www.bing.com/bingbot.htm)"
66.249.71.98 - - [24/Apr/2011:22:30:44 +0000] "GET /stats/day_graph.html HTTP/1.1" 304 - "-" "Mozilla/5.0 (compatible; Googlebot/2.1; +http://www.google.com/bot.html)"
193.47.80.49 - - [25/Apr/2011:00:54:58 +0000] "GET /stats/when_idx.html HTTP/1.1" 304 - "-" "Mozilla/5.0 (compatible; Exabot/3.0; +http://www.exabot.com/go/robot)"
207.46.12.240 - - [25/Apr/2011:05:08:00 +0000] "GET /robots.txt HTTP/1.1" 404 287 "-" "Mozilla/5.0 (compatible; bingbot/2.0; +http://www.bing.com/bingbot.htm)"
207.46.12.240 - - [25/Apr/2011:05:08:56 +0000] "GET /stats/referer_idx.html HTTP/1.1" 304 - "-" "Mozilla/5.0 (compatible; bingbot/2.0; +http://www.bing.com/bingbot.htm)"
67.195.112.173 - - [25/Apr/2011:05:54:55 +0000] "GET /robots.txt HTTP/1.0" 404 275 "-" "Mozilla/5.0 (compatible; Yahoo! Slurp; http://help.yahoo.com/help/us/ysearch/slurp)"
67.195.112.173 - - [25/Apr/2011:05:54:55 +0000] "GET /index.html-old HTTP/1.0" 200 1190 "-" "Mozilla/5.0 (compatible; Yahoo! Slurp; http://help.yahoo.com/help/us/ysearch/slurp)"
207.46.204.197 - - [25/Apr/2011:08:44:10 +0000] "GET /robots.txt HTTP/1.1" 404 287 "-" "Mozilla/5.0 (compatible; bingbot/2.0; +http://www.bing.com/bingbot.htm)"
207.46.204.197 - - [25/Apr/2011:08:45:09 +0000] "GET /logs/error.log HTTP/1.1" 200 41984 "-" "Mozilla/5.0 (compatible; bingbot/2.0; +http://www.bing.com/bingbot.htm)"
207.46.12.238 - - [25/Apr/2011:11:22:26 +0000] "GET /robots.txt HTTP/1.1" 404 287 "-" "Mozilla/5.0 (compatible; bingbot/2.0; +http://www.bing.com/bingbot.htm)"
207.46.12.238 - - [25/Apr/2011:11:24:35 +0000] "GET /logs/ HTTP/1.1" 200 900 "-" "Mozilla/5.0 (compatible; bingbot/2.0; +http://www.bing.com/bingbot.htm)"
65.52.110.40 - - [25/Apr/2011:14:43:39 +0000] "GET /robots.txt HTTP/1.1" 404 287 "-" "Mozilla/5.0 (compatible; bingbot/2.0; +http://www.bing.com/bingbot.htm)"
65.52.110.40 - - [25/Apr/2011:14:44:24 +0000] "GET /stats/browser_idx.html HTTP/1.1" 304 - "-" "Mozilla/5.0 (compatible; bingbot/2.0; +http://www.bing.com/bingbot.htm)"
65.52.110.31 - - [25/Apr/2011:15:29:28 +0000] "GET /robots.txt HTTP/1.1" 404 287 "-" "Mozilla/5.0 (compatible; bingbot/2.0; +http://www.bing.com/bingbot.htm)"
65.52.110.31 - - [25/Apr/2011:15:30:30 +0000] "GET /index.html-old HTTP/1.1" 200 1190 "-" "Mozilla/5.0 (compatible; bingbot/2.0; +http://www.bing.com/bingbot.htm)"
66.249.71.98 - - [25/Apr/2011:17:49:49 +0000] "GET /robots.txt HTTP/1.1" 404 287 "-" "Mozilla/5.0 (compatible; Googlebot/2.1; +http://www.google.com/bot.html)"
66.249.71.98 - - [25/Apr/2011:17:49:49 +0000] "GET /stats/misc_idx.html HTTP/1.1" 200 1081 "-" "Mozilla/5.0 (compatible; Googlebot/2.1; +http://www.google.com/bot.html)"
66.249.71.98 - - [25/Apr/2011:20:17:25 +0000] "GET /robots.txt HTTP/1.1" 404 287 "-" "Mozilla/5.0 (compatible; Googlebot/2.1; +http://www.google.com/bot.html)"
66.249.71.98 - - [25/Apr/2011:20:17:25 +0000] "GET /stats/agent_summary.html HTTP/1.1" 200 878 "-" "Mozilla/5.0 (compatible; Googlebot/2.1; +http://www.google.com/bot.html)"
67.195.112.173 - - [26/Apr/2011:01:57:36 +0000] "GET /robots.txt HTTP/1.0" 404 275 "-" "Mozilla/5.0 (compatible; Yahoo! Slurp; http://help.yahoo.com/help/us/ysearch/slurp)"
67.195.112.173 - - [26/Apr/2011:01:57:37 +0000] "GET /logs/?S=D HTTP/1.0" 200 888 "-" "Mozilla/5.0 (compatible; Yahoo! Slurp; http://help.yahoo.com/help/us/ysearch/slurp)"
207.46.199.179 - - [26/Apr/2011:02:09:01 +0000] "GET /robots.txt HTTP/1.1" 404 287 "-" "Mozilla/5.0 (compatible; bingbot/2.0; +http://www.bing.com/bingbot.htm)"
65.52.110.51 - - [26/Apr/2011:05:21:44 +0000] "GET /robots.txt HTTP/1.1" 404 287 "-" "Mozilla/5.0 (compatible; bingbot/2.0; +http://www.bing.com/bingbot.htm)"
65.52.110.51 - - [26/Apr/2011:05:22:26 +0000] "GET / HTTP/1.1" 200 1004 "-" "Mozilla/5.0 (compatible; bingbot/2.0; +http://www.bing.com/bingbot.htm)"
66.249.71.98 - - [26/Apr/2011:08:10:14 +0000] "GET /robots.txt HTTP/1.1" 404 287 "-" "Mozilla/5.0 (compatible; Googlebot/2.1; +http://www.google.com/bot.html)"
66.249.71.98 - - [26/Apr/2011:08:10:14 +0000] "GET /logs/ HTTP/1.1" 200 900 "-" "Mozilla/5.0 (compatible; Googlebot/2.1; +http://www.google.com/bot.html)"
207.46.13.86 - - [26/Apr/2011:08:10:47 +0000] "GET /robots.txt HTTP/1.1" 404 287 "-" "Mozilla/5.0 (compatible; bingbot/2.0; +http://www.bing.com/bingbot.htm)"
207.46.13.86 - - [26/Apr/2011:08:11:25 +0000] "GET /stats/what_idx.html HTTP/1.1" 304 - "-" "Mozilla/5.0 (compatible; bingbot/2.0; +http://www.bing.com/bingbot.htm)"
207.46.204.234 - - [26/Apr/2011:08:49:04 +0000] "GET /robots.txt HTTP/1.1" 404 287 "-" "Mozilla/5.0 (compatible; bingbot/2.0; +http://www.bing.com/bingbot.htm)"
207.46.204.234 - - [26/Apr/2011:08:50:38 +0000] "GET / HTTP/1.1" 200 1004 "-" "Mozilla/5.0 (compatible; bingbot/2.0; +http://www.bing.com/bingbot.htm)"
67.195.112.173 - - [26/Apr/2011:16:09:17 +0000] "GET /robots.txt HTTP/1.0" 404 275 "-" "Mozilla/5.0 (compatible; Yahoo! Slurp; http://help.yahoo.com/help/us/ysearch/slurp)"
67.195.112.173 - - [26/Apr/2011:16:09:18 +0000] "GET /logs/?D=D HTTP/1.0" 200 888 "-" "Mozilla/5.0 (compatible; Yahoo! Slurp; http://help.yahoo.com/help/us/ysearch/slurp)"
67.195.112.173 - - [26/Apr/2011:18:59:01 +0000] "GET /?S=A HTTP/1.0" 200 992 "-" "Mozilla/5.0 (compatible; Yahoo! Slurp; http://help.yahoo.com/help/us/ysearch/slurp)"
207.46.195.229 - - [26/Apr/2011:20:32:24 +0000] "GET /robots.txt HTTP/1.1" 404 287 "-" "Mozilla/5.0 (compatible; bingbot/2.0; +http://www.bing.com/bingbot.htm)"
207.46.195.229 - - [26/Apr/2011:20:36:14 +0000] "GET / HTTP/1.1" 200 1004 "-" "Mozilla/5.0 (compatible; bingbot/2.0; +http://www.bing.com/bingbot.htm)"
188.165.226.104 - - [27/Apr/2011:01:02:52 +0000] "GET /robots.txt HTTP/1.0" 404 275 "-" "Mozilla/5.0 (compatible; MJ12bot/v1.3.3; http://www.majestic12.co.uk/bot.php?+)"
188.165.226.104 - - [27/Apr/2011:01:02:56 +0000] "GET / HTTP/1.0" 200 992 "-" "Mozilla/5.0 (compatible; MJ12bot/v1.3.3; http://www.majestic12.co.uk/bot.php?+)"
188.165.226.104 - - [27/Apr/2011:01:03:52 +0000] "GET /robots.txt HTTP/1.0" 404 275 "-" "Mozilla/5.0 (compatible; MJ12bot/v1.3.3; http://www.majestic12.co.uk/bot.php?+)"
188.165.226.104 - - [27/Apr/2011:01:03:53 +0000] "GET / HTTP/1.0" 200 992 "-" "Mozilla/5.0 (compatible; MJ12bot/v1.3.3; http://www.majestic12.co.uk/bot.php?+)"
67.195.112.173 - - [27/Apr/2011:03:40:32 +0000] "GET /robots.txt HTTP/1.0" 404 275 "-" "Mozilla/5.0 (compatible; Yahoo! Slurp; http://help.yahoo.com/help/us/ysearch/slurp)"
67.195.112.173 - - [27/Apr/2011:03:40:32 +0000] "GET /?S=D HTTP/1.0" 200 992 "-" "Mozilla/5.0 (compatible; Yahoo! Slurp; http://help.yahoo.com/help/us/ysearch/slurp)"
65.52.108.59 - - [27/Apr/2011:04:33:29 +0000] "GET /robots.txt HTTP/1.1" 404 287 "-" "Mozilla/5.0 (compatible; bingbot/2.0; +http://www.bing.com/bingbot.htm)"
65.52.108.59 - - [27/Apr/2011:04:34:24 +0000] "GET /?D=A HTTP/1.1" 200 1004 "-" "Mozilla/5.0 (compatible; bingbot/2.0; +http://www.bing.com/bingbot.htm)"
67.195.112.173 - - [27/Apr/2011:04:35:28 +0000] "GET /logs/error.log HTTP/1.0" 200 43839 "-" "Mozilla/5.0 (compatible; Yahoo! Slurp; http://help.yahoo.com/help/us/ysearch/slurp)"
207.46.204.197 - - [27/Apr/2011:06:40:52 +0000] "GET /robots.txt HTTP/1.1" 404 287 "-" "Mozilla/5.0 (compatible; bingbot/2.0; +http://www.bing.com/bingbot.htm)"
207.46.204.197 - - [27/Apr/2011:06:41:47 +0000] "GET /stats/status.html HTTP/1.1" 304 - "-" "Mozilla/5.0 (compatible; bingbot/2.0; +http://www.bing.com/bingbot.htm)"
67.195.112.173 - - [27/Apr/2011:06:49:08 +0000] "GET /stats/misc_idx.html HTTP/1.0" 200 1081 "-" "Mozilla/5.0 (compatible; Yahoo! Slurp; http://help.yahoo.com/help/us/ysearch/slurp)"
207.46.204.194 - - [27/Apr/2011:07:37:44 +0000] "GET /robots.txt HTTP/1.1" 404 287 "-" "Mozilla/5.0 (compatible; bingbot/2.0; +http://www.bing.com/bingbot.htm)"
207.46.204.194 - - [27/Apr/2011:07:38:45 +0000] "GET /stats/ HTTP/1.1" 304 - "-" "Mozilla/5.0 (compatible; bingbot/2.0; +http://www.bing.com/bingbot.htm)"
157.55.17.104 - - [27/Apr/2011:14:42:07 +0000] "GET /robots.txt HTTP/1.1" 404 287 "-" "Mozilla/5.0 (compatible; bingbot/2.0; +http://www.bing.com/bingbot.htm)"
157.55.17.104 - - [27/Apr/2011:14:43:07 +0000] "GET /stats/error_summary.html HTTP/1.1" 304 - "-" "Mozilla/5.0 (compatible; bingbot/2.0; +http://www.bing.com/bingbot.htm)"
66.249.71.98 - - [27/Apr/2011:14:55:01 +0000] "GET /robots.txt HTTP/1.1" 404 287 "-" "Mozilla/5.0 (compatible; Googlebot/2.1; +http://www.google.com/bot.html)"
66.249.71.98 - - [27/Apr/2011:14:55:02 +0000] "GET /stats/gd_time.html HTTP/1.1" 200 855 "-" "Mozilla/5.0 (compatible; Googlebot/2.1; +http://www.google.com/bot.html)"
65.52.110.25 - - [27/Apr/2011:15:54:05 +0000] "GET /robots.txt HTTP/1.1" 404 287 "-" "Mozilla/5.0 (compatible; bingbot/2.0; +http://www.bing.com/bingbot.htm)"
65.52.110.25 - - [27/Apr/2011:15:55:29 +0000] "GET /logs/ HTTP/1.1" 200 900 "-" "Mozilla/5.0 (compatible; bingbot/2.0; +http://www.bing.com/bingbot.htm)"
66.249.71.98 - - [27/Apr/2011:16:23:04 +0000] "GET /stats/gd_hours.gif HTTP/1.1" 200 6901 "-" "Googlebot-Image/1.0"
66.249.71.98 - - [27/Apr/2011:16:30:50 +0000] "GET /stats/gd_daily.gif HTTP/1.1" 200 1250 "-" "Googlebot-Image/1.0"
66.249.71.98 - - [27/Apr/2011:16:40:51 +0000] "GET /stats/gd_daysweek.gif HTTP/1.1" 200 11519 "-" "Googlebot-Image/1.0"
207.46.204.242 - - [27/Apr/2011:16:46:30 +0000] "GET /robots.txt HTTP/1.1" 404 287 "-" "Mozilla/5.0 (compatible; bingbot/2.0; +http://www.bing.com/bingbot.htm)"
207.46.204.242 - - [27/Apr/2011:16:47:24 +0000] "GET /cgi-local/ HTTP/1.1" 403 291 "-" "Mozilla/5.0 (compatible; bingbot/2.0; +http://www.bing.com/bingbot.htm)"
66.249.71.98 - - [27/Apr/2011:16:50:51 +0000] "GET /stats/gd_daysmonth.gif HTTP/1.1" 200 6734 "-" "Googlebot-Image/1.0"
67.195.112.173 - - [27/Apr/2011:18:21:58 +0000] "GET /robots.txt HTTP/1.0" 404 275 "-" "Mozilla/5.0 (compatible; Yahoo! Slurp; http://help.yahoo.com/help/us/ysearch/slurp)"
67.195.112.173 - - [27/Apr/2011:18:21:58 +0000] "GET /?N=A HTTP/1.0" 200 992 "-" "Mozilla/5.0 (compatible; Yahoo! Slurp; http://help.yahoo.com/help/us/ysearch/slurp)"
66.249.71.98 - - [27/Apr/2011:19:38:26 +0000] "GET /robots.txt HTTP/1.1" 404 287 "-" "Mozilla/5.0 (compatible; Googlebot/2.1; +http://www.google.com/bot.html)"
66.249.71.98 - - [27/Apr/2011:19:38:27 +0000] "GET /stats/status.html HTTP/1.1" 200 628 "-" "Mozilla/5.0 (compatible; Googlebot/2.1; +http://www.google.com/bot.html)"
67.195.112.173 - - [27/Apr/2011:19:47:13 +0000] "GET /logs/?D=A HTTP/1.0" 200 888 "-" "Mozilla/5.0 (compatible; Yahoo! Slurp; http://help.yahoo.com/help/us/ysearch/slurp)"
207.46.204.243 - - [27/Apr/2011:19:48:40 +0000] "GET /robots.txt HTTP/1.1" 404 287 "-" "Mozilla/5.0 (compatible; bingbot/2.0; +http://www.bing.com/bingbot.htm)"
207.46.204.243 - - [27/Apr/2011:19:49:15 +0000] "GET /stats/index.html HTTP/1.1" 304 - "-" "Mozilla/5.0 (compatible; bingbot/2.0; +http://www.bing.com/bingbot.htm)"
67.195.112.173 - - [27/Apr/2011:22:32:16 +0000] "GET / HTTP/1.0" 200 992 "-" "Mozilla/5.0 (compatible; Yahoo! Slurp; http://help.yahoo.com/help/us/ysearch/slurp)"
65.52.110.89 - - [27/Apr/2011:22:57:15 +0000] "GET /robots.txt HTTP/1.1" 404 287 "-" "Mozilla/5.0 (compatible; bingbot/2.0; +http://www.bing.com/bingbot.htm)"
65.52.110.89 - - [27/Apr/2011:22:58:16 +0000] "GET /stats/who_idx.html HTTP/1.1" 304 - "-" "Mozilla/5.0 (compatible; bingbot/2.0; +http://www.bing.com/bingbot.htm)"
67.195.112.173 - - [28/Apr/2011:00:54:44 +0000] "GET /logs/access.log HTTP/1.0" 200 178331 "-" "Mozilla/5.0 (compatible; Yahoo! Slurp; http://help.yahoo.com/help/us/ysearch/slurp)"
67.195.112.173 - - [28/Apr/2011:02:53:07 +0000] "GET /robots.txt HTTP/1.0" 404 275 "-" "Mozilla/5.0 (compatible; Yahoo! Slurp; http://help.yahoo.com/help/us/ysearch/slurp)"
67.195.112.173 - - [28/Apr/2011:02:53:07 +0000] "GET /logs/?M=D HTTP/1.0" 200 888 "-" "Mozilla/5.0 (compatible; Yahoo! Slurp; http://help.yahoo.com/help/us/ysearch/slurp)"
65.52.110.26 - - [28/Apr/2011:03:35:20 +0000] "GET /robots.txt HTTP/1.1" 404 287 "-" "Mozilla/5.0 (compatible; bingbot/2.0; +http://www.bing.com/bingbot.htm)"
65.52.110.26 - - [28/Apr/2011:03:36:07 +0000] "GET / HTTP/1.1" 200 1004 "-" "Mozilla/5.0 (compatible; bingbot/2.0; +http://www.bing.com/bingbot.htm)"
207.46.204.231 - - [28/Apr/2011:06:19:32 +0000] "GET /robots.txt HTTP/1.1" 404 287 "-" "Mozilla/5.0 (compatible; bingbot/2.0; +http://www.bing.com/bingbot.htm)"
207.46.204.231 - - [28/Apr/2011:06:20:48 +0000] "GET /stats/day_graph.html HTTP/1.1" 304 - "-" "Mozilla/5.0 (compatible; bingbot/2.0; +http://www.bing.com/bingbot.htm)"
207.46.199.49 - - [28/Apr/2011:06:40:35 +0000] "GET /robots.txt HTTP/1.1" 404 287 "-" "Mozilla/5.0 (compatible; bingbot/2.0; +http://www.bing.com/bingbot.htm)"
207.46.199.49 - - [28/Apr/2011:06:41:08 +0000] "GET /stats/when_idx.html HTTP/1.1" 304 - "-" "Mozilla/5.0 (compatible; bingbot/2.0; +http://www.bing.com/bingbot.htm)"
207.46.13.93 - - [28/Apr/2011:07:47:01 +0000] "GET /robots.txt HTTP/1.1" 404 287 "-" "Mozilla/5.0 (compatible; bingbot/2.0; +http://www.bing.com/bingbot.htm)"
207.46.13.93 - - [28/Apr/2011:07:47:44 +0000] "GET /stats/graphic_day_graph.html HTTP/1.1" 304 - "-" "Mozilla/5.0 (compatible; bingbot/2.0; +http://www.bing.com/bingbot.htm)"
193.47.80.49 - - [28/Apr/2011:08:26:27 +0000] "GET /robots.txt HTTP/1.1" 404 287 "-" "Mozilla/5.0 (compatible; Exabot/3.0; +http://www.exabot.com/go/robot)"
193.47.80.49 - - [28/Apr/2011:08:26:27 +0000] "GET / HTTP/1.1" 200 1004 "-" "Mozilla/5.0 (compatible; Exabot/3.0; +http://www.exabot.com/go/robot)"
207.46.204.239 - - [28/Apr/2011:08:55:15 +0000] "GET /robots.txt HTTP/1.1" 404 287 "-" "Mozilla/5.0 (compatible; bingbot/2.0; +http://www.bing.com/bingbot.htm)"
207.46.204.239 - - [28/Apr/2011:08:56:14 +0000] "GET /logs/access.log HTTP/1.1" 200 180623 "-" "Mozilla/5.0 (compatible; bingbot/2.0; +http://www.bing.com/bingbot.htm)"
67.195.112.173 - - [28/Apr/2011:11:15:18 +0000] "GET /logs/ HTTP/1.0" 200 888 "-" "Mozilla/5.0 (compatible; Yahoo! Slurp; http://help.yahoo.com/help/us/ysearch/slurp)"
50.16.153.102 - - [28/Apr/2011:11:46:16 +0000] "GET / HTTP/1.0" 200 992 "-" "Mozilla/5.0 (compatible; NetcraftSurveyAgent/1.0; +info@netcraft.com)"
67.195.112.173 - - [28/Apr/2011:12:40:45 +0000] "GET /robots.txt HTTP/1.0" 404 275 "-" "Mozilla/5.0 (compatible; Yahoo! Slurp; http://help.yahoo.com/help/us/ysearch/slurp)"
67.195.112.173 - - [28/Apr/2011:12:40:46 +0000] "GET /logs/?N=D HTTP/1.0" 200 888 "-" "Mozilla/5.0 (compatible; Yahoo! Slurp; http://help.yahoo.com/help/us/ysearch/slurp)"
66.249.71.98 - - [28/Apr/2011:13:08:45 +0000] "GET /robots.txt HTTP/1.1" 404 287 "-" "Mozilla/5.0 (compatible; Googlebot/2.1; +http://www.google.com/bot.html)"
66.249.71.98 - - [28/Apr/2011:13:08:45 +0000] "GET /stats/graphic_day_graph.html HTTP/1.1" 200 2064 "-" "Mozilla/5.0 (compatible; Googlebot/2.1; +http://www.google.com/bot.html)"
67.195.112.173 - - [28/Apr/2011:13:42:08 +0000] "GET /stats/who_idx.html HTTP/1.0" 200 1209 "-" "Mozilla/5.0 (compatible; Yahoo! Slurp; http://help.yahoo.com/help/us/ysearch/slurp)"
207.46.204.238 - - [28/Apr/2011:13:55:10 +0000] "GET /robots.txt HTTP/1.1" 404 287 "-" "Mozilla/5.0 (compatible; bingbot/2.0; +http://www.bing.com/bingbot.htm)"
207.46.204.238 - - [28/Apr/2011:13:56:11 +0000] "GET /stats/error_idx.html HTTP/1.1" 304 - "-" "Mozilla/5.0 (compatible; bingbot/2.0; +http://www.bing.com/bingbot.htm)"
207.46.13.135 - - [28/Apr/2011:15:37:41 +0000] "GET /robots.txt HTTP/1.1" 404 287 "-" "Mozilla/5.0 (compatible; bingbot/2.0; +http://www.bing.com/bingbot.htm)"
207.46.13.135 - - [28/Apr/2011:15:39:19 +0000] "GET /stats/misc_idx.html HTTP/1.1" 304 - "-" "Mozilla/5.0 (compatible; bingbot/2.0; +http://www.bing.com/bingbot.htm)"
207.46.13.139 - - [28/Apr/2011:15:40:10 +0000] "GET /stats/page_summary.html HTTP/1.1" 304 - "-" "Mozilla/5.0 (compatible; bingbot/2.0; +http://www.bing.com/bingbot.htm)"
193.47.80.49 - - [28/Apr/2011:16:59:43 +0000] "GET /stats/who_idx.html HTTP/1.1" 304 - "-" "Mozilla/5.0 (compatible; Exabot/3.0; +http://www.exabot.com/go/robot)"
207.46.13.99 - - [28/Apr/2011:17:16:34 +0000] "GET /robots.txt HTTP/1.1" 404 287 "-" "Mozilla/5.0 (compatible; bingbot/2.0; +http://www.bing.com/bingbot.htm)"
207.46.13.99 - - [28/Apr/2011:17:17:22 +0000] "GET /stats/summary_idx.html HTTP/1.1" 200 1062 "-" "Mozilla/5.0 (compatible; bingbot/2.0; +http://www.bing.com/bingbot.htm)"
91.201.67.162 - - [28/Apr/2011:19:38:57 +0000] "GET /stats/referer.html HTTP/1.0" 200 1740 "http://casinofreegamesblog.com/" "Mozilla/4.0 (compatible; Powermarks/3.5; Windows 95/98/2000/NT)"
66.249.71.98 - - [28/Apr/2011:19:41:37 +0000] "GET /robots.txt HTTP/1.1" 404 287 "-" "Mozilla/5.0 (compatible; Googlebot/2.1; +http://www.google.com/bot.html)"
66.249.71.98 - - [28/Apr/2011:19:41:37 +0000] "GET /stats/user_summary.html HTTP/1.1" 200 785 "-" "Mozilla/5.0 (compatible; Googlebot/2.1; +http://www.google.com/bot.html)"
91.201.67.162 - - [28/Apr/2011:21:34:15 +0000] "GET /stats/referer.html HTTP/1.0" 200 1740 "http://casinofreegamesblog.com/" "Opera/9.01 (Windows NT 5.1; U; en)"
91.201.67.162 - - [29/Apr/2011:00:49:03 +0000] "GET /stats/referer.html HTTP/1.0" 200 1740 "http://casinofreegamesblog.com/" "Mozilla/4.0 (compatible; MSIE 5.5; Windows 95)"
207.46.13.144 - - [29/Apr/2011:01:04:55 +0000] "GET /robots.txt HTTP/1.1" 404 287 "-" "Mozilla/5.0 (compatible; bingbot/2.0; +http://www.bing.com/bingbot.htm)"
207.46.13.144 - - [29/Apr/2011:01:05:46 +0000] "GET /stats/referer_idx.html HTTP/1.1" 200 1089 "-" "Mozilla/5.0 (compatible; bingbot/2.0; +http://www.bing.com/bingbot.htm)"
67.195.112.173 - - [29/Apr/2011:01:40:26 +0000] "GET /robots.txt HTTP/1.0" 404 275 "-" "Mozilla/5.0 (compatible; Yahoo! Slurp; http://help.yahoo.com/help/us/ysearch/slurp)"
67.195.112.173 - - [29/Apr/2011:01:40:26 +0000] "GET /?N=D HTTP/1.0" 200 992 "-" "Mozilla/5.0 (compatible; Yahoo! Slurp; http://help.yahoo.com/help/us/ysearch/slurp)"
207.46.13.146 - - [29/Apr/2011:02:01:30 +0000] "GET /robots.txt HTTP/1.1" 404 287 "-" "Mozilla/5.0 (compatible; bingbot/2.0; +http://www.bing.com/bingbot.htm)"
207.46.13.146 - - [29/Apr/2011:02:02:32 +0000] "GET /stats/referer.html HTTP/1.1" 304 - "-" "Mozilla/5.0 (compatible; bingbot/2.0; +http://www.bing.com/bingbot.htm)"
8.21.4.254 - - [29/Apr/2011:07:37:56 +0000] "GET / HTTP/1.1" 200 1004 "-" "Mozilla/4.0 (compatible; MSIE 7.0; Windows NT 5.1; InfoPath.1; .NET CLR 2.0.50727; .NET CLR 1.1.4322; MS-RTC LM 8; .NET CLR 3.0.4506.2152; .NET CLR 3.5.30729)"
207.46.195.236 - - [29/Apr/2011:09:29:58 +0000] "GET /robots.txt HTTP/1.1" 404 287 "-" "Mozilla/5.0 (compatible; bingbot/2.0; +http://www.bing.com/bingbot.htm)"
207.46.195.236 - - [29/Apr/2011:09:32:35 +0000] "GET /stats/browser_idx.html HTTP/1.1" 200 1095 "-" "Mozilla/5.0 (compatible; bingbot/2.0; +http://www.bing.com/bingbot.htm)"
67.195.112.173 - - [29/Apr/2011:10:04:38 +0000] "GET /?M=A HTTP/1.0" 200 992 "-" "Mozilla/5.0 (compatible; Yahoo! Slurp; http://help.yahoo.com/help/us/ysearch/slurp)"
207.46.12.240 - - [29/Apr/2011:10:46:59 +0000] "GET /robots.txt HTTP/1.1" 404 287 "-" "Mozilla/5.0 (compatible; bingbot/2.0; +http://www.bing.com/bingbot.htm)"
207.46.12.240 - - [29/Apr/2011:10:47:56 +0000] "GET /logs/error.log HTTP/1.1" 200 47020 "-" "Mozilla/5.0 (compatible; bingbot/2.0; +http://www.bing.com/bingbot.htm)"
91.201.67.162 - - [29/Apr/2011:10:49:04 +0000] "GET /stats/referer.html HTTP/1.0" 200 1740 "http://casinofreegamesblog.com/" "Mozilla/4.0 (compatible; MSIE 7.0b; Windows NT 6.0)"
91.201.67.162 - - [29/Apr/2011:10:49:04 +0000] "GET /stats/referer.html HTTP/1.0" 200 1740 "http://casinofreegamesblog.com/" "Mozilla/4.76 [en] (Windows NT 5.0; U)"
91.201.67.162 - - [29/Apr/2011:10:49:04 +0000] "GET /stats/referer.html HTTP/1.0" 200 1740 "http://casinofreegamesblog.com/" "Mozilla/4.0 (compatible; MSIE 6.0; Windows NT 5.0; .NET CLR 1.0.3705; .NET CLR 1.1.4322)"
207.46.204.184 - - [29/Apr/2011:11:43:51 +0000] "GET /robots.txt HTTP/1.1" 404 287 "-" "Mozilla/5.0 (compatible; bingbot/2.0; +http://www.bing.com/bingbot.htm)"
207.46.204.184 - - [29/Apr/2011:11:44:29 +0000] "GET /?M=A HTTP/1.1" 200 1004 "-" "Mozilla/5.0 (compatible; bingbot/2.0; +http://www.bing.com/bingbot.htm)"
67.195.112.173 - - [29/Apr/2011:12:25:26 +0000] "GET /robots.txt HTTP/1.0" 404 275 "-" "Mozilla/5.0 (compatible; Yahoo! Slurp; http://help.yahoo.com/help/us/ysearch/slurp)"
67.195.112.173 - - [29/Apr/2011:12:25:26 +0000] "GET /logs/?S=A HTTP/1.0" 200 888 "-" "Mozilla/5.0 (compatible; Yahoo! Slurp; http://help.yahoo.com/help/us/ysearch/slurp)"
67.195.112.173 - - [29/Apr/2011:14:12:56 +0000] "GET /logs/?M=A HTTP/1.0" 200 888 "-" "Mozilla/5.0 (compatible; Yahoo! Slurp; http://help.yahoo.com/help/us/ysearch/slurp)"
91.201.67.162 - - [29/Apr/2011:16:09:47 +0000] "GET /stats/referer.html HTTP/1.0" 200 1740 "http://casinofreegamesblog.com/" "Mozilla/4.0 (compatible; MSIE 5.5; Windows 95)"
91.201.67.162 - - [29/Apr/2011:16:09:48 +0000] "GET /stats/referer.html HTTP/1.0" 200 1740 "http://casinofreegamesblog.com/" "Opera/9.00 (Windows NT 4.0; U; en)"
91.201.67.162 - - [29/Apr/2011:16:09:49 +0000] "GET /stats/referer.html HTTP/1.0" 200 1740 "http://casinofreegamesblog.com/" "Mozilla/4.0 (compatible; MSIE 6.0; Windows NT 5.1; SV1; .NET CLR 1.1.4322; .NET CLR 2.0.50727)"
91.201.67.162 - - [29/Apr/2011:16:09:49 +0000] "GET /stats/referer.html HTTP/1.0" 200 1740 "http://casinofreegamesblog.com/" "Mozilla/4.0 (compatible; MSIE 6.0; Windows NT 5.1; FREE; .NET CLR 1.1.4322)"
91.201.67.162 - - [29/Apr/2011:16:09:51 +0000] "GET /stats/referer.html HTTP/1.0" 200 1740 "http://casinofreegamesblog.com/" "Mozilla/0.6 Beta (Windows)"
207.46.13.47 - - [29/Apr/2011:16:39:41 +0000] "GET /robots.txt HTTP/1.1" 404 287 "-" "Mozilla/5.0 (compatible; bingbot/2.0; +http://www.bing.com/bingbot.htm)"
207.46.13.47 - - [29/Apr/2011:16:40:26 +0000] "GET / HTTP/1.1" 200 1004 "-" "Mozilla/5.0 (compatible; bingbot/2.0; +http://www.bing.com/bingbot.htm)"
207.46.204.196 - - [29/Apr/2011:17:40:56 +0000] "GET /robots.txt HTTP/1.1" 404 287 "-" "Mozilla/5.0 (compatible; bingbot/2.0; +http://www.bing.com/bingbot.htm)"
207.46.204.196 - - [29/Apr/2011:17:41:58 +0000] "GET /stats/user_summary.html HTTP/1.1" 304 - "-" "Mozilla/5.0 (compatible; bingbot/2.0; +http://www.bing.com/bingbot.htm)"
91.201.67.162 - - [29/Apr/2011:19:10:50 +0000] "GET /stats/referer.html HTTP/1.0" 200 1740 "http://casinofreegamesblog.com/" "Mozilla/4.0 (compatible; MSIE 6.0; Windows NT 5.1; SV1; YPC 3.0.2; .NET CLR 1.1.4322; yplus 4.4.02b)"
91.201.67.162 - - [29/Apr/2011:19:10:51 +0000] "GET /stats/referer.html HTTP/1.0" 200 1740 "http://casinofreegamesblog.com/" "Mozilla/4.0 (compatible; MSIE 6.0; Windows NT 5.2; WOW64; SV1; .NET CLR 2.0.50727)"
91.201.67.162 - - [29/Apr/2011:19:10:51 +0000] "GET /stats/referer.html HTTP/1.0" 200 1740 "http://casinofreegamesblog.com/" "Mozilla/4.0 (compatible; MSIE 6.0; Windows NT 5.1; SV1; .NET CLR 1.0.3705; .NET CLR 1.1.4322; .NET CLR 2.0.40607)"
91.201.67.162 - - [29/Apr/2011:19:10:52 +0000] "GET /stats/referer.html HTTP/1.0" 200 1740 "http://casinofreegamesblog.com/" "Mozilla/4.0 (compatible; MSIE 6.0; Windows ME) Opera 7.11 [en]"
91.201.67.162 - - [29/Apr/2011:19:10:52 +0000] "GET /stats/referer.html HTTP/1.0" 200 1740 "http://casinofreegamesblog.com/" "Mozilla/4.0 (compatible; MSIE 6.0; Windows NT 5.1; FREE; .NET CLR 1.1.4322)"
66.249.71.98 - - [29/Apr/2011:19:30:12 +0000] "GET /robots.txt HTTP/1.1" 404 287 "-" "Googlebot-Image/1.0"
66.249.71.98 - - [29/Apr/2011:19:30:12 +0000] "GET /icons/blank.gif HTTP/1.1" 304 - "-" "Googlebot-Image/1.0"
65.52.110.26 - - [29/Apr/2011:21:41:47 +0000] "GET /robots.txt HTTP/1.1" 404 287 "-" "Mozilla/5.0 (compatible; bingbot/2.0; +http://www.bing.com/bingbot.htm)"
65.52.110.26 - - [29/Apr/2011:21:42:32 +0000] "GET / HTTP/1.1" 200 1004 "-" "Mozilla/5.0 (compatible; bingbot/2.0; +http://www.bing.com/bingbot.htm)"
91.201.67.162 - - [29/Apr/2011:22:00:17 +0000] "GET / HTTP/1.0" 200 992 "http://casinofreegamesblog.com/" "Mozilla/4.0 (compatible; MSIE 6.0; Windows NT 5.1)"
91.201.67.162 - - [29/Apr/2011:22:00:17 +0000] "GET / HTTP/1.0" 200 992 "http://casinofreegamesblog.com/" "Mozilla/4.0 (compatible; MSIE 6.0; Windows NT 5.2; Win64; x64; SV1; .NET CLR 2.0.50727)"
91.201.67.162 - - [29/Apr/2011:22:00:18 +0000] "GET / HTTP/1.0" 200 992 "http://casinofreegamesblog.com/" "Mozilla/4.0 (compatible; MSIE 6.0; Windows NT 5.1; Maxthon; .NET CLR 1.1.4322)"
91.201.67.162 - - [29/Apr/2011:22:00:19 +0000] "GET / HTTP/1.0" 200 992 "http://casinofreegamesblog.com/" "Mozilla/4.0 (compatible; MSIE 6.0; Windows NT 5.1) Netscape/8.0.4"
91.201.67.162 - - [29/Apr/2011:22:00:19 +0000] "GET / HTTP/1.0" 200 992 "http://casinofreegamesblog.com/" "Opera/9.0 (Windows NT 5.1; U; en)"
66.249.71.98 - - [29/Apr/2011:22:17:34 +0000] "GET /tnet_images/arriba.gif HTTP/1.1" 304 - "-" "Googlebot-Image/1.0"
91.201.67.162 - - [29/Apr/2011:23:45:29 +0000] "GET / HTTP/1.0" 200 992 "http://casinofreegamesblog.com/" "Mozilla/4.0 (compatible; MSIE 6.0; Windows NT 5.1; SV1; .NET CLR 1.0.3705; .NET CLR 1.1.4322; .NET CLR 2.0.40607)"
91.201.67.162 - - [29/Apr/2011:23:45:29 +0000] "GET / HTTP/1.0" 200 992 "http://casinofreegamesblog.com/" "Mozilla/4.0 (compatible; MSIE 6.0; Windows NT 5.1; SV1; InfoPath.1)"
91.201.67.162 - - [29/Apr/2011:23:45:29 +0000] "GET / HTTP/1.0" 200 992 "http://casinofreegamesblog.com/" "Mozilla/4.0 (compatible; MSIE 5.0; Windows 2000) Opera 6.0 [en]"
91.201.67.162 - - [29/Apr/2011:23:45:30 +0000] "GET / HTTP/1.0" 200 992 "http://casinofreegamesblog.com/" "Mozilla/4.0 (compatible; MSIE 6.0; Windows NT) ::ELNSB50::000061100320025802a00111000000000507000900000000"
91.201.67.162 - - [29/Apr/2011:23:45:30 +0000] "GET / HTTP/1.0" 200 992 "http://casinofreegamesblog.com/" "Mozilla/4.0 (compatible; MSIE 6.0; Windows NT 5.0; .NET CLR 1.0.3705; .NET CLR 1.1.4322)"
65.52.110.90 - - [30/Apr/2011:00:08:50 +0000] "GET /robots.txt HTTP/1.1" 404 287 "-" "Mozilla/5.0 (compatible; bingbot/2.0; +http://www.bing.com/bingbot.htm)"
65.52.110.90 - - [30/Apr/2011:00:09:27 +0000] "GET / HTTP/1.1" 200 1004 "-" "Mozilla/5.0 (compatible; bingbot/2.0; +http://www.bing.com/bingbot.htm)"
66.249.71.98 - - [30/Apr/2011:01:50:37 +0000] "GET /stats/t-net.gif HTTP/1.1" 304 - "-" "Googlebot-Image/1.0"
66.249.71.98 - - [30/Apr/2011:02:05:48 +0000] "GET /stats/mklogo.gif HTTP/1.1" 304 - "-" "Googlebot-Image/1.0"
66.249.71.98 - - [30/Apr/2011:02:36:14 +0000] "GET /stats/timesanddates.gif HTTP/1.1" 304 - "-" "Googlebot-Image/1.0"
91.201.67.162 - - [30/Apr/2011:02:42:51 +0000] "GET / HTTP/1.0" 200 992 "http://casinofreegamesblog.com/" "Mozilla/4.0 (compatible; MSIE 6.0; Windows NT 5.1; SV1; Media Center PC"
91.201.67.162 - - [30/Apr/2011:02:42:52 +0000] "GET / HTTP/1.0" 200 992 "http://casinofreegamesblog.com/" "Mozilla/4.0 (compatible; MSIE 6.0; Windows NT 5.1; SV1)"
91.201.67.162 - - [30/Apr/2011:02:42:52 +0000] "GET / HTTP/1.0" 200 992 "http://casinofreegamesblog.com/" "Mozilla/4.0 (compatible; MSIE 6.0; MSIE 5.5; Windows NT 4.0) Opera 7.0 [en]"
91.201.67.162 - - [30/Apr/2011:02:42:53 +0000] "GET / HTTP/1.0" 200 992 "http://casinofreegamesblog.com/" "Mozilla/4.0 (compatible; MSIE 6.0; AOL 9.0; Windows NT 5.1)"
91.201.67.162 - - [30/Apr/2011:02:42:54 +0000] "GET / HTTP/1.0" 200 992 "http://casinofreegamesblog.com/" "Mozilla/4.0 (compatible; MSIE 6.0; Windows NT 5.1; FREE; .NET CLR 1.1.4322)"
66.249.71.98 - - [30/Apr/2011:02:51:29 +0000] "GET /stats/miscinformation.gif HTTP/1.1" 304 - "-" "Googlebot-Image/1.0"
66.249.71.98 - - [30/Apr/2011:03:06:40 +0000] "GET /stats/errorsico.gif HTTP/1.1" 304 - "-" "Googlebot-Image/1.0"
66.249.71.98 - - [30/Apr/2011:03:21:53 +0000] "GET /stats/whatico.gif HTTP/1.1" 304 - "-" "Googlebot-Image/1.0"
66.249.71.98 - - [30/Apr/2011:03:37:15 +0000] "GET /stats/whoico.gif HTTP/1.1" 304 - "-" "Googlebot-Image/1.0"
66.249.71.98 - - [30/Apr/2011:03:45:27 +0000] "GET /stats/status.html HTTP/1.1" 200 628 "-" "Mozilla/5.0 (compatible; Googlebot/2.1; +http://www.google.com/bot.html)"
66.249.71.98 - - [30/Apr/2011:03:52:22 +0000] "GET /stats/whenico.gif HTTP/1.1" 304 - "-" "Googlebot-Image/1.0"
66.249.71.98 - - [30/Apr/2011:04:07:32 +0000] "GET /stats/errors.gif HTTP/1.1" 304 - "-" "Googlebot-Image/1.0"
173.242.125.196 - - [30/Apr/2011:04:15:38 +0000] "GET /robots.txt HTTP/1.0" 404 275 "-" "Mozilla/5.0 (compatible; MJ12bot/v1.3.3; http://www.majestic12.co.uk/bot.php?+)"
173.242.125.196 - - [30/Apr/2011:04:15:39 +0000] "GET / HTTP/1.0" 200 992 "-" "Mozilla/5.0 (compatible; MJ12bot/v1.3.3; http://www.majestic12.co.uk/bot.php?+)"
173.242.125.196 - - [30/Apr/2011:04:15:40 +0000] "GET /robots.txt HTTP/1.0" 404 275 "-" "Mozilla/5.0 (compatible; MJ12bot/v1.3.3; http://www.majestic12.co.uk/bot.php?+)"
173.242.125.196 - - [30/Apr/2011:04:15:40 +0000] "GET / HTTP/1.0" 200 992 "-" "Mozilla/5.0 (compatible; MJ12bot/v1.3.3; http://www.majestic12.co.uk/bot.php?+)"
66.249.71.98 - - [30/Apr/2011:04:22:49 +0000] "GET /stats/referers.gif HTTP/1.1" 304 - "-" "Googlebot-Image/1.0"
66.249.71.98 - - [30/Apr/2011:04:37:58 +0000] "GET /stats/visitorinformation.gif HTTP/1.1" 304 - "-" "Googlebot-Image/1.0"
66.249.71.98 - - [30/Apr/2011:04:53:16 +0000] "GET /stats/summaries.gif HTTP/1.1" 304 - "-" "Googlebot-Image/1.0"
207.46.195.223 - - [30/Apr/2011:07:01:31 +0000] "GET /robots.txt HTTP/1.1" 404 287 "-" "Mozilla/5.0 (compatible; bingbot/2.0; +http://www.bing.com/bingbot.htm)"
207.46.195.223 - - [30/Apr/2011:07:03:38 +0000] "GET /stats/what_idx.html HTTP/1.1" 200 1202 "-" "Mozilla/5.0 (compatible; bingbot/2.0; +http://www.bing.com/bingbot.htm)"
91.201.67.162 - - [30/Apr/2011:07:14:23 +0000] "GET / HTTP/1.0" 200 992 "http://casinofreegamesblog.com/" "Mozilla/4.0 (compatible; MSIE 6.0; MSIE 5.5; Windows NT 5.0) Opera 7.02 Bork-edition [en]"
91.201.67.162 - - [30/Apr/2011:07:14:24 +0000] "GET / HTTP/1.0" 200 992 "http://casinofreegamesblog.com/" "Mozilla/4.0 (compatible; MSIE 6.0; Windows NT 5.0; .NET CLR 1.0.3705; .NET CLR 1.1.4322)"
91.201.67.162 - - [30/Apr/2011:07:14:24 +0000] "GET / HTTP/1.0" 200 992 "http://casinofreegamesblog.com/" "Mozilla/4.0 (compatible; MSIE 6.0; Windows NT 5.1; ru) Opera 8.01"
91.201.67.162 - - [30/Apr/2011:07:14:25 +0000] "GET / HTTP/1.0" 200 992 "http://casinofreegamesblog.com/" "Mozilla/0.6 Beta (Windows)"
91.201.67.162 - - [30/Apr/2011:07:14:25 +0000] "GET / HTTP/1.0" 200 992 "http://casinofreegamesblog.com/" "Mozilla/4.0 (compatible; MSIE 6.0; Windows NT 5.1; SV1; .NET CLR 1.1.4322; .NET CLR 2.0.50727)"
65.52.110.22 - - [30/Apr/2011:08:08:39 +0000] "GET /robots.txt HTTP/1.1" 404 287 "-" "Mozilla/5.0 (compatible; bingbot/2.0; +http://www.bing.com/bingbot.htm)"
65.52.110.22 - - [30/Apr/2011:08:09:27 +0000] "GET / HTTP/1.1" 200 1004 "-" "Mozilla/5.0 (compatible; bingbot/2.0; +http://www.bing.com/bingbot.htm)"
91.201.67.162 - - [30/Apr/2011:11:27:06 +0000] "GET / HTTP/1.0" 200 992 "http://casinofreegamesblog.com/" "Mozilla/4.0 (compatible; MSIE 6.0; Windows NT 5.1; KKman2.0)"
91.201.67.162 - - [30/Apr/2011:11:27:06 +0000] "GET / HTTP/1.0" 200 992 "http://casinofreegamesblog.com/" "Mozilla/4.0 (compatible; MSIE 6.0; America Online Browser 1.1; rev1.2; Windows NT 5.1; SV1; .NET CLR 1.1.4322)"
91.201.67.162 - - [30/Apr/2011:11:27:06 +0000] "GET / HTTP/1.0" 200 992 "http://casinofreegamesblog.com/" "Mozilla/4.0 (compatible; MSIE 6.0; Windows NT 5.1; SV1)"
91.201.67.162 - - [30/Apr/2011:11:27:07 +0000] "GET / HTTP/1.0" 200 992 "http://casinofreegamesblog.com/" "Mozilla/4.0 (compatible; MSIE 6.0; Windows NT 5.0; .NET CLR 1.0.3705; .NET CLR 1.1.4322)"
91.201.67.162 - - [30/Apr/2011:11:27:07 +0000] "GET / HTTP/1.0" 200 992 "http://casinofreegamesblog.com/" "Mozilla/4.0 (compatible; MSIE 6.0; Windows NT) ::ELNSB50::000061100320025802a00111000000000507000900000000"
67.195.112.173 - - [30/Apr/2011:12:19:50 +0000] "GET /robots.txt HTTP/1.0" 404 275 "-" "Mozilla/5.0 (compatible; Yahoo! Slurp; http://help.yahoo.com/help/us/ysearch/slurp)"
67.195.112.173 - - [30/Apr/2011:12:19:50 +0000] "GET /?M=D HTTP/1.0" 200 992 "-" "Mozilla/5.0 (compatible; Yahoo! Slurp; http://help.yahoo.com/help/us/ysearch/slurp)"
207.46.195.230 - - [30/Apr/2011:15:44:49 +0000] "GET /robots.txt HTTP/1.1" 404 287 "-" "Mozilla/5.0 (compatible; bingbot/2.0; +http://www.bing.com/bingbot.htm)"
207.46.195.230 - - [30/Apr/2011:15:45:57 +0000] "GET / HTTP/1.1" 200 1004 "-" "Mozilla/5.0 (compatible; bingbot/2.0; +http://www.bing.com/bingbot.htm)"
207.46.13.44 - - [30/Apr/2011:17:45:03 +0000] "GET /robots.txt HTTP/1.1" 404 287 "-" "Mozilla/5.0 (compatible; bingbot/2.0; +http://www.bing.com/bingbot.htm)"
207.46.13.44 - - [30/Apr/2011:17:46:02 +0000] "GET /logs/access.log HTTP/1.1" 200 199434 "-" "Mozilla/5.0 (compatible; bingbot/2.0; +http://www.bing.com/bingbot.htm)"
