67.195.112.230 - - [24/Mar/2011:16:55:36 +0000] "GET /logs/?N=D HTTP/1.0" 200 888 "-" "Mozilla/5.0 (compatible; Yahoo! Slurp; http://help.yahoo.com/help/us/ysearch/slurp)"
65.52.110.17 - - [24/Mar/2011:19:47:11 +0000] "GET /robots.txt HTTP/1.1" 404 287 "-" "Mozilla/5.0 (compatible; bingbot/2.0; +http://www.bing.com/bingbot.htm)"
65.52.110.17 - - [24/Mar/2011:19:47:56 +0000] "GET /logs/ HTTP/1.1" 200 900 "-" "Mozilla/5.0 (compatible; bingbot/2.0; +http://www.bing.com/bingbot.htm)"
67.195.112.230 - - [25/Mar/2011:03:41:42 +0000] "GET /robots.txt HTTP/1.0" 404 275 "-" "Mozilla/5.0 (compatible; Yahoo! Slurp; http://help.yahoo.com/help/us/ysearch/slurp)"
67.195.112.230 - - [25/Mar/2011:03:41:42 +0000] "GET /logs/?S=A HTTP/1.0" 200 888 "-" "Mozilla/5.0 (compatible; Yahoo! Slurp; http://help.yahoo.com/help/us/ysearch/slurp)"
207.46.199.220 - - [25/Mar/2011:04:49:26 +0000] "GET /robots.txt HTTP/1.1" 404 287 "-" "msnbot-media/1.1 (+http://search.msn.com/msnbot.htm)"
207.46.199.220 - - [25/Mar/2011:04:49:26 +0000] "GET /icons/blank.gif HTTP/1.1" 200 148 "-" "msnbot-media/1.1 (+http://search.msn.com/msnbot.htm)"
207.46.199.220 - - [25/Mar/2011:04:49:26 +0000] "GET / HTTP/1.1" 200 1004 "-" "msnbot-media/1.1 (+http://search.msn.com/msnbot.htm)"
67.195.112.230 - - [25/Mar/2011:05:56:00 +0000] "GET /?N=D HTTP/1.0" 200 992 "-" "Mozilla/5.0 (compatible; Yahoo! Slurp; http://help.yahoo.com/help/us/ysearch/slurp)"
207.46.204.188 - - [25/Mar/2011:06:27:46 +0000] "GET /robots.txt HTTP/1.1" 404 287 "-" "Mozilla/5.0 (compatible; bingbot/2.0; +http://www.bing.com/bingbot.htm)"
207.46.204.188 - - [25/Mar/2011:06:28:35 +0000] "GET /?S=A HTTP/1.1" 200 1004 "-" "Mozilla/5.0 (compatible; bingbot/2.0; +http://www.bing.com/bingbot.htm)"
67.195.112.230 - - [25/Mar/2011:07:53:04 +0000] "GET /?M=A HTTP/1.0" 200 992 "-" "Mozilla/5.0 (compatible; Yahoo! Slurp; http://help.yahoo.com/help/us/ysearch/slurp)"
207.46.13.101 - - [25/Mar/2011:10:02:42 +0000] "GET /robots.txt HTTP/1.1" 404 287 "-" "Mozilla/5.0 (compatible; bingbot/2.0; +http://www.bing.com/bingbot.htm)"
207.46.13.101 - - [25/Mar/2011:10:04:07 +0000] "GET / HTTP/1.1" 200 1004 "-" "Mozilla/5.0 (compatible; bingbot/2.0; +http://www.bing.com/bingbot.htm)"
91.205.96.19 - - [25/Mar/2011:12:41:49 +0000] "GET /robots.txt HTTP/1.1" 404 287 "-" "Mozilla/5.0 (compatible; Purebot/1.1; +http://www.puritysearch.net/)"
91.205.96.19 - - [25/Mar/2011:12:41:50 +0000] "GET /robots.txt HTTP/1.1" 404 287 "-" "Mozilla/5.0 (compatible; Purebot/1.1; +http://www.puritysearch.net/)"
91.205.96.19 - - [25/Mar/2011:12:41:52 +0000] "GET / HTTP/1.1" 200 1004 "-" "Mozilla/5.0 (compatible; Purebot/1.1; +http://www.puritysearch.net/)"
91.205.96.19 - - [25/Mar/2011:12:41:53 +0000] "GET /?N=D HTTP/1.1" 200 1004 "-" "Mozilla/5.0 (compatible; Purebot/1.1; +http://www.puritysearch.net/)"
91.205.96.19 - - [25/Mar/2011:12:41:55 +0000] "GET /?M=A HTTP/1.1" 200 1004 "-" "Mozilla/5.0 (compatible; Purebot/1.1; +http://www.puritysearch.net/)"
91.205.96.19 - - [25/Mar/2011:12:41:57 +0000] "GET /?S=A HTTP/1.1" 200 1004 "-" "Mozilla/5.0 (compatible; Purebot/1.1; +http://www.puritysearch.net/)"
91.205.96.19 - - [25/Mar/2011:12:41:58 +0000] "GET /?D=A HTTP/1.1" 200 1004 "-" "Mozilla/5.0 (compatible; Purebot/1.1; +http://www.puritysearch.net/)"
91.205.96.19 - - [25/Mar/2011:12:42:00 +0000] "GET /cgi-local/ HTTP/1.1" 403 291 "-" "Mozilla/5.0 (compatible; Purebot/1.1; +http://www.puritysearch.net/)"
91.205.96.19 - - [25/Mar/2011:12:42:01 +0000] "GET /index.html-old HTTP/1.1" 200 1190 "-" "Mozilla/5.0 (compatible; Purebot/1.1; +http://www.puritysearch.net/)"
91.205.96.19 - - [25/Mar/2011:12:42:03 +0000] "GET /logs/ HTTP/1.1" 200 900 "-" "Mozilla/5.0 (compatible; Purebot/1.1; +http://www.puritysearch.net/)"
91.205.96.19 - - [25/Mar/2011:12:42:04 +0000] "GET /stats/ HTTP/1.1" 200 1742 "-" "Mozilla/5.0 (compatible; Purebot/1.1; +http://www.puritysearch.net/)"
91.205.96.19 - - [25/Mar/2011:12:42:06 +0000] "GET /?N=A HTTP/1.1" 200 1004 "-" "Mozilla/5.0 (compatible; Purebot/1.1; +http://www.puritysearch.net/)"
91.205.96.19 - - [25/Mar/2011:12:42:08 +0000] "GET /?M=D HTTP/1.1" 200 1004 "-" "Mozilla/5.0 (compatible; Purebot/1.1; +http://www.puritysearch.net/)"
91.205.96.19 - - [25/Mar/2011:12:42:09 +0000] "GET /?S=D HTTP/1.1" 200 1004 "-" "Mozilla/5.0 (compatible; Purebot/1.1; +http://www.puritysearch.net/)"
91.205.96.19 - - [25/Mar/2011:12:42:11 +0000] "GET /logs/access.log HTTP/1.1" 200 4351 "-" "Mozilla/5.0 (compatible; Purebot/1.1; +http://www.puritysearch.net/)"
91.205.96.19 - - [25/Mar/2011:12:42:12 +0000] "GET /stats/when_idx.html HTTP/1.1" 200 1442 "-" "Mozilla/5.0 (compatible; Purebot/1.1; +http://www.puritysearch.net/)"
91.205.96.19 - - [25/Mar/2011:12:42:14 +0000] "GET /stats/gd_time.html HTTP/1.1" 200 855 "-" "Mozilla/5.0 (compatible; Purebot/1.1; +http://www.puritysearch.net/)"
91.205.96.19 - - [25/Mar/2011:12:42:16 +0000] "GET /logs/script.log HTTP/1.1" 200 51431 "-" "Mozilla/5.0 (compatible; Purebot/1.1; +http://www.puritysearch.net/)"
91.205.96.19 - - [25/Mar/2011:12:42:17 +0000] "GET /stats/graphic_day_graph.html HTTP/1.1" 200 2064 "-" "Mozilla/5.0 (compatible; Purebot/1.1; +http://www.puritysearch.net/)"
91.205.96.19 - - [25/Mar/2011:12:42:18 +0000] "GET /stats/misc_idx.html HTTP/1.1" 200 1081 "-" "Mozilla/5.0 (compatible; Purebot/1.1; +http://www.puritysearch.net/)"
91.205.96.19 - - [25/Mar/2011:12:42:19 +0000] "GET /stats/browser_idx.html HTTP/1.1" 200 1095 "-" "Mozilla/5.0 (compatible; Purebot/1.1; +http://www.puritysearch.net/)"
91.205.96.19 - - [25/Mar/2011:12:42:21 +0000] "GET /stats/status.html HTTP/1.1" 200 628 "-" "Mozilla/5.0 (compatible; Purebot/1.1; +http://www.puritysearch.net/)"
91.205.96.19 - - [25/Mar/2011:12:42:23 +0000] "GET /logs/?M=A HTTP/1.1" 200 900 "-" "Mozilla/5.0 (compatible; Purebot/1.1; +http://www.puritysearch.net/)"
91.205.96.19 - - [25/Mar/2011:12:42:24 +0000] "GET /stats/when_summary.html HTTP/1.1" 200 4081 "-" "Mozilla/5.0 (compatible; Purebot/1.1; +http://www.puritysearch.net/)"
91.205.96.19 - - [25/Mar/2011:12:42:25 +0000] "GET /stats/agent_summary.html HTTP/1.1" 200 878 "-" "Mozilla/5.0 (compatible; Purebot/1.1; +http://www.puritysearch.net/)"
91.205.96.19 - - [25/Mar/2011:12:42:27 +0000] "GET /stats/referer_idx.html HTTP/1.1" 200 1089 "-" "Mozilla/5.0 (compatible; Purebot/1.1; +http://www.puritysearch.net/)"
91.205.96.19 - - [25/Mar/2011:12:42:28 +0000] "GET /stats/day_graph.html HTTP/1.1" 200 829 "-" "Mozilla/5.0 (compatible; Purebot/1.1; +http://www.puritysearch.net/)"
91.205.96.19 - - [25/Mar/2011:12:42:30 +0000] "GET /stats/who_idx.html HTTP/1.1" 200 1209 "-" "Mozilla/5.0 (compatible; Purebot/1.1; +http://www.puritysearch.net/)"
91.205.96.19 - - [25/Mar/2011:12:42:31 +0000] "GET /logs/?N=D HTTP/1.1" 200 900 "-" "Mozilla/5.0 (compatible; Purebot/1.1; +http://www.puritysearch.net/)"
91.205.96.19 - - [25/Mar/2011:12:42:32 +0000] "GET /logs/?D=A HTTP/1.1" 200 900 "-" "Mozilla/5.0 (compatible; Purebot/1.1; +http://www.puritysearch.net/)"
91.205.96.19 - - [25/Mar/2011:12:42:33 +0000] "GET /stats/summary_idx.html HTTP/1.1" 200 1062 "-" "Mozilla/5.0 (compatible; Purebot/1.1; +http://www.puritysearch.net/)"
91.205.96.19 - - [25/Mar/2011:12:42:35 +0000] "GET /logs/error.log HTTP/1.1" 200 888 "-" "Mozilla/5.0 (compatible; Purebot/1.1; +http://www.puritysearch.net/)"
91.205.96.19 - - [25/Mar/2011:12:42:37 +0000] "GET /stats/referer.html HTTP/1.1" 200 1740 "-" "Mozilla/5.0 (compatible; Purebot/1.1; +http://www.puritysearch.net/)"
91.205.96.19 - - [25/Mar/2011:12:42:38 +0000] "GET /logs/?N=A HTTP/1.1" 200 900 "-" "Mozilla/5.0 (compatible; Purebot/1.1; +http://www.puritysearch.net/)"
91.205.96.19 - - [25/Mar/2011:12:42:39 +0000] "GET /stats/tops.html HTTP/1.1" 200 1107 "-" "Mozilla/5.0 (compatible; Purebot/1.1; +http://www.puritysearch.net/)"
91.205.96.19 - - [25/Mar/2011:12:42:41 +0000] "GET /stats/user_summary.html HTTP/1.1" 200 785 "-" "Mozilla/5.0 (compatible; Purebot/1.1; +http://www.puritysearch.net/)"
91.205.96.19 - - [25/Mar/2011:12:42:42 +0000] "GET /logs/?M=D HTTP/1.1" 200 900 "-" "Mozilla/5.0 (compatible; Purebot/1.1; +http://www.puritysearch.net/)"
91.205.96.19 - - [25/Mar/2011:12:42:44 +0000] "GET /?D=D HTTP/1.1" 200 1004 "-" "Mozilla/5.0 (compatible; Purebot/1.1; +http://www.puritysearch.net/)"
91.205.96.19 - - [25/Mar/2011:12:42:45 +0000] "GET /logs/?S=A HTTP/1.1" 200 900 "-" "Mozilla/5.0 (compatible; Purebot/1.1; +http://www.puritysearch.net/)"
91.205.96.19 - - [25/Mar/2011:12:42:47 +0000] "GET /stats/error_idx.html HTTP/1.1" 200 1070 "-" "Mozilla/5.0 (compatible; Purebot/1.1; +http://www.puritysearch.net/)"
91.205.96.19 - - [25/Mar/2011:12:42:48 +0000] "GET /logs/?D=D HTTP/1.1" 200 900 "-" "Mozilla/5.0 (compatible; Purebot/1.1; +http://www.puritysearch.net/)"
91.205.96.19 - - [25/Mar/2011:12:42:49 +0000] "GET /stats/who_summary.html HTTP/1.1" 200 1294 "-" "Mozilla/5.0 (compatible; Purebot/1.1; +http://www.puritysearch.net/)"
91.205.96.19 - - [25/Mar/2011:12:42:51 +0000] "GET /stats/index.html HTTP/1.1" 200 1742 "-" "Mozilla/5.0 (compatible; Purebot/1.1; +http://www.puritysearch.net/)"
91.205.96.19 - - [25/Mar/2011:12:42:53 +0000] "GET /stats/what_idx.html HTTP/1.1" 200 1202 "-" "Mozilla/5.0 (compatible; Purebot/1.1; +http://www.puritysearch.net/)"
91.205.96.19 - - [25/Mar/2011:12:42:54 +0000] "GET /logs/?S=D HTTP/1.1" 200 900 "-" "Mozilla/5.0 (compatible; Purebot/1.1; +http://www.puritysearch.net/)"
91.205.96.19 - - [25/Mar/2011:12:42:56 +0000] "GET /stats/what_summary.html HTTP/1.1" 200 1463 "-" "Mozilla/5.0 (compatible; Purebot/1.1; +http://www.puritysearch.net/)"
91.205.96.19 - - [25/Mar/2011:12:42:57 +0000] "GET /stats/page_summary.html HTTP/1.1" 200 642 "-" "Mozilla/5.0 (compatible; Purebot/1.1; +http://www.puritysearch.net/)"
91.205.96.19 - - [25/Mar/2011:12:42:59 +0000] "GET /stats/_index_html.html HTTP/1.1" 200 1391 "-" "Mozilla/5.0 (compatible; Purebot/1.1; +http://www.puritysearch.net/)"
91.205.96.19 - - [25/Mar/2011:12:43:00 +0000] "GET /index.html HTTP/1.1" 404 287 "-" "Mozilla/5.0 (compatible; Purebot/1.1; +http://www.puritysearch.net/)"
91.205.96.19 - - [25/Mar/2011:12:43:02 +0000] "GET /stats/error_summary.html HTTP/1.1" 200 447 "-" "Mozilla/5.0 (compatible; Purebot/1.1; +http://www.puritysearch.net/)"
109.120.144.247 - - [25/Mar/2011:16:38:38 +0000] "GET /c99.php HTTP/1.0" 404 272 "http://www.gan.com.ve/c99.php" "Mozilla/4.0 (compatible; MSIE 6.0; Windows 98; Win 9x 4.90)"
67.195.112.230 - - [25/Mar/2011:18:40:39 +0000] "GET /robots.txt HTTP/1.0" 404 275 "-" "Mozilla/5.0 (compatible; Yahoo! Slurp; http://help.yahoo.com/help/us/ysearch/slurp)"
67.195.112.230 - - [25/Mar/2011:18:40:39 +0000] "GET /logs/?M=A HTTP/1.0" 200 888 "-" "Mozilla/5.0 (compatible; Yahoo! Slurp; http://help.yahoo.com/help/us/ysearch/slurp)"
193.47.80.49 - - [25/Mar/2011:18:56:01 +0000] "GET /robots.txt HTTP/1.1" 404 287 "-" "Mozilla/5.0 (compatible; Exabot/3.0; +http://www.exabot.com/go/robot)"
193.47.80.49 - - [25/Mar/2011:18:56:01 +0000] "GET / HTTP/1.1" 200 1004 "-" "Mozilla/5.0 (compatible; Exabot/3.0; +http://www.exabot.com/go/robot)"
67.195.112.230 - - [25/Mar/2011:19:26:42 +0000] "GET /logs/access.log HTTP/1.0" 200 11059 "-" "Mozilla/5.0 (compatible; Yahoo! Slurp; http://help.yahoo.com/help/us/ysearch/slurp)"
207.46.199.194 - - [25/Mar/2011:19:51:47 +0000] "GET /robots.txt HTTP/1.1" 404 287 "-" "Mozilla/5.0 (compatible; bingbot/2.0; +http://www.bing.com/bingbot.htm)"
190.77.65.145 - - [25/Mar/2011:19:59:43 +0000] "GET / HTTP/1.1" 200 1004 "-" "Mozilla/5.0 (Windows; U; Windows NT 6.1; es-ES; rv:1.9.2.16) Gecko/20110319 Firefox/3.6.16"
190.77.65.145 - - [25/Mar/2011:19:59:43 +0000] "GET /icons/blank.gif HTTP/1.1" 200 148 "http://gan.com.ve/" "Mozilla/5.0 (Windows; U; Windows NT 6.1; es-ES; rv:1.9.2.16) Gecko/20110319 Firefox/3.6.16"
190.77.65.145 - - [25/Mar/2011:19:59:43 +0000] "GET /icons/back.gif HTTP/1.1" 200 216 "http://gan.com.ve/" "Mozilla/5.0 (Windows; U; Windows NT 6.1; es-ES; rv:1.9.2.16) Gecko/20110319 Firefox/3.6.16"
190.77.65.145 - - [25/Mar/2011:19:59:43 +0000] "GET /icons/folder.gif HTTP/1.1" 200 225 "http://gan.com.ve/" "Mozilla/5.0 (Windows; U; Windows NT 6.1; es-ES; rv:1.9.2.16) Gecko/20110319 Firefox/3.6.16"
190.77.65.145 - - [25/Mar/2011:19:59:43 +0000] "GET /icons/unknown.gif HTTP/1.1" 200 245 "http://gan.com.ve/" "Mozilla/5.0 (Windows; U; Windows NT 6.1; es-ES; rv:1.9.2.16) Gecko/20110319 Firefox/3.6.16"
190.77.65.145 - - [25/Mar/2011:19:59:43 +0000] "GET /favicon.ico HTTP/1.1" 404 288 "-" "Mozilla/5.0 (Windows; U; Windows NT 6.1; es-ES; rv:1.9.2.16) Gecko/20110319 Firefox/3.6.16"
190.77.65.145 - - [25/Mar/2011:19:59:43 +0000] "GET /favicon.ico HTTP/1.1" 404 288 "-" "Mozilla/5.0 (Windows; U; Windows NT 6.1; es-ES; rv:1.9.2.16) Gecko/20110319 Firefox/3.6.16"
190.77.65.145 - - [25/Mar/2011:19:59:46 +0000] "GET /favicon.ico HTTP/1.1" 404 288 "-" "Mozilla/5.0 (Windows; U; Windows NT 6.1; es-ES; rv:1.9.2.16) Gecko/20110319 Firefox/3.6.16"
190.77.65.145 - - [25/Mar/2011:19:59:51 +0000] "GET /cgi-local/ HTTP/1.1" 403 291 "http://gan.com.ve/" "Mozilla/5.0 (Windows; U; Windows NT 6.1; es-ES; rv:1.9.2.16) Gecko/20110319 Firefox/3.6.16"
190.77.65.145 - - [25/Mar/2011:19:59:56 +0000] "GET / HTTP/1.1" 200 1004 "http://gan.com.ve/" "Mozilla/5.0 (Windows; U; Windows NT 6.1; es-ES; rv:1.9.2.16) Gecko/20110319 Firefox/3.6.16"
190.77.65.145 - - [25/Mar/2011:20:00:02 +0000] "GET /logs/ HTTP/1.1" 200 900 "http://gan.com.ve/" "Mozilla/5.0 (Windows; U; Windows NT 6.1; es-ES; rv:1.9.2.16) Gecko/20110319 Firefox/3.6.16"
190.77.65.145 - - [25/Mar/2011:20:00:04 +0000] "GET /logs/access.log HTTP/1.1" 200 13490 "http://gan.com.ve/logs/" "Mozilla/5.0 (Windows; U; Windows NT 6.1; es-ES; rv:1.9.2.16) Gecko/20110319 Firefox/3.6.16"
66.249.67.40 - - [25/Mar/2011:20:07:20 +0000] "GET /robots.txt HTTP/1.1" 404 287 "-" "Mozilla/5.0 (compatible; Googlebot/2.1; +http://www.google.com/bot.html)"
66.249.67.40 - - [25/Mar/2011:20:07:20 +0000] "GET / HTTP/1.1" 200 1004 "-" "Mozilla/5.0 (compatible; Googlebot/2.1; +http://www.google.com/bot.html)"
66.249.67.40 - - [25/Mar/2011:23:04:34 +0000] "GET /robots.txt HTTP/1.1" 404 287 "-" "Mozilla/5.0 (compatible; Googlebot/2.1; +http://www.google.com/bot.html)"
66.249.67.40 - - [25/Mar/2011:23:04:34 +0000] "GET /cgi-local/ HTTP/1.1" 403 291 "-" "Mozilla/5.0 (compatible; Googlebot/2.1; +http://www.google.com/bot.html)"
66.249.67.57 - - [26/Mar/2011:02:01:11 +0000] "GET /robots.txt HTTP/1.1" 404 287 "-" "Mozilla/5.0 (compatible; Googlebot/2.1; +http://www.google.com/bot.html)"
66.249.67.57 - - [26/Mar/2011:02:01:11 +0000] "GET / HTTP/1.1" 200 1004 "-" "Mozilla/5.0 (compatible; Googlebot/2.1; +http://www.google.com/bot.html)"
109.120.144.247 - - [26/Mar/2011:02:17:46 +0000] "GET /r57.php HTTP/1.0" 404 272 "http://www.gan.com.ve/r57.php" "Mozilla/4.0 (compatible; MSIE 6.0; Windows 98; Win 9x 4.90)"
207.46.204.239 - - [26/Mar/2011:02:44:01 +0000] "GET /robots.txt HTTP/1.1" 404 287 "-" "Mozilla/5.0 (compatible; bingbot/2.0; +http://www.bing.com/bingbot.htm)"
207.46.204.239 - - [26/Mar/2011:02:44:35 +0000] "GET / HTTP/1.1" 200 1004 "-" "Mozilla/5.0 (compatible; bingbot/2.0; +http://www.bing.com/bingbot.htm)"
178.238.232.13 - - [26/Mar/2011:04:01:29 +0000] "GET /logs/error.log HTTP/1.1" 200 2555 "-" "Mozilla/5.0 (Windows; U; Windows NT 6.1; en-US; rv:1.9.2.13) Gecko/20101203 Firefox/3.6.13"
66.249.67.57 - - [26/Mar/2011:05:59:18 +0000] "GET /index.html-old HTTP/1.1" 200 1190 "-" "Mozilla/5.0 (compatible; Googlebot/2.1; +http://www.google.com/bot.html)"
67.195.112.230 - - [26/Mar/2011:11:47:39 +0000] "GET /robots.txt HTTP/1.0" 404 275 "-" "Mozilla/5.0 (compatible; Yahoo! Slurp; http://help.yahoo.com/help/us/ysearch/slurp)"
67.195.112.230 - - [26/Mar/2011:11:47:39 +0000] "GET /?D=A HTTP/1.0" 200 992 "-" "Mozilla/5.0 (compatible; Yahoo! Slurp; http://help.yahoo.com/help/us/ysearch/slurp)"
109.120.144.247 - - [26/Mar/2011:15:04:55 +0000] "GET /images/c99.php HTTP/1.0" 404 279 "http://www.gan.com.ve/images/c99.php" "Mozilla/4.0 (compatible; MSIE 6.0; Windows 98; Win 9x 4.90)"
190.205.146.239 - - [26/Mar/2011:16:20:20 +0000] "GET /favicon.ico HTTP/1.1" 404 288 "-" "Mozilla/4.0 (compatible; MSIE 6.0; Windows NT 5.1; SV1; .NET CLR 2.0.50727; .NET CLR 3.0.4506.2152; .NET CLR 3.5.30729)"
67.195.112.230 - - [26/Mar/2011:16:29:15 +0000] "GET /stats/referer_idx.html HTTP/1.0" 200 1089 "-" "Mozilla/5.0 (compatible; Yahoo! Slurp; http://help.yahoo.com/help/us/ysearch/slurp)"
67.195.112.230 - - [26/Mar/2011:18:08:46 +0000] "GET /stats/summary_idx.html HTTP/1.0" 200 1062 "-" "Mozilla/5.0 (compatible; Yahoo! Slurp; http://help.yahoo.com/help/us/ysearch/slurp)"
207.46.199.50 - - [26/Mar/2011:19:35:03 +0000] "GET /robots.txt HTTP/1.1" 404 287 "-" "Mozilla/5.0 (compatible; bingbot/2.0; +http://www.bing.com/bingbot.htm)"
207.46.199.50 - - [26/Mar/2011:19:35:57 +0000] "GET /logs/access.log HTTP/1.1" 200 16750 "-" "Mozilla/5.0 (compatible; bingbot/2.0; +http://www.bing.com/bingbot.htm)"
193.47.80.49 - - [27/Mar/2011:01:27:20 +0000] "GET /robots.txt HTTP/1.1" 404 287 "-" "Mozilla/5.0 (compatible; Exabot/3.0; +http://www.exabot.com/go/robot)"
193.47.80.49 - - [27/Mar/2011:01:27:21 +0000] "GET / HTTP/1.1" 200 1004 "-" "Mozilla/5.0 (compatible; Exabot/3.0; +http://www.exabot.com/go/robot)"
67.195.112.230 - - [27/Mar/2011:07:32:01 +0000] "GET /robots.txt HTTP/1.0" 404 275 "-" "Mozilla/5.0 (compatible; Yahoo! Slurp; http://help.yahoo.com/help/us/ysearch/slurp)"
67.195.112.230 - - [27/Mar/2011:07:32:01 +0000] "GET /?N=A HTTP/1.0" 200 992 "-" "Mozilla/5.0 (compatible; Yahoo! Slurp; http://help.yahoo.com/help/us/ysearch/slurp)"
207.46.195.231 - - [27/Mar/2011:12:39:36 +0000] "GET /robots.txt HTTP/1.1" 404 287 "-" "Mozilla/5.0 (compatible; bingbot/2.0; +http://www.bing.com/bingbot.htm)"
207.46.195.231 - - [27/Mar/2011:12:40:28 +0000] "GET / HTTP/1.1" 200 1004 "-" "Mozilla/5.0 (compatible; bingbot/2.0; +http://www.bing.com/bingbot.htm)"
67.195.112.230 - - [27/Mar/2011:12:50:48 +0000] "GET /robots.txt HTTP/1.0" 404 275 "-" "Mozilla/5.0 (compatible; Yahoo! Slurp; http://help.yahoo.com/help/us/ysearch/slurp)"
67.195.112.230 - - [27/Mar/2011:12:50:49 +0000] "GET /logs/script.log HTTP/1.0" 200 51703 "-" "Mozilla/5.0 (compatible; Yahoo! Slurp; http://help.yahoo.com/help/us/ysearch/slurp)"
82.165.148.117 - - [27/Mar/2011:14:40:18 +0000] "GET /robots.txt HTTP/1.0" 404 275 "-" "Mozilla/5.0 (compatible; MJ12bot/v1.3.3; http://www.majestic12.co.uk/bot.php?+)"
82.165.148.117 - - [27/Mar/2011:14:40:21 +0000] "GET / HTTP/1.0" 200 992 "-" "Mozilla/5.0 (compatible; MJ12bot/v1.3.3; http://www.majestic12.co.uk/bot.php?+)"
82.165.148.117 - - [27/Mar/2011:14:40:22 +0000] "GET /robots.txt HTTP/1.0" 404 275 "-" "Mozilla/5.0 (compatible; MJ12bot/v1.3.3; http://www.majestic12.co.uk/bot.php?+)"
82.165.148.117 - - [27/Mar/2011:14:40:23 +0000] "GET / HTTP/1.0" 200 992 "-" "Mozilla/5.0 (compatible; MJ12bot/v1.3.3; http://www.majestic12.co.uk/bot.php?+)"
38.111.147.84 - - [27/Mar/2011:15:47:17 +0000] "GET /robots.txt HTTP/1.0" 404 275 "-" "TurnitinBot/2.1 (http://www.turnitin.com/robot/crawlerinfo.html)"
38.111.147.84 - - [27/Mar/2011:15:47:21 +0000] "GET /index.html-old HTTP/1.0" 304 - "-" "TurnitinBot/2.1 (http://www.turnitin.com/robot/crawlerinfo.html)"
38.111.147.84 - - [27/Mar/2011:15:47:52 +0000] "GET /logs/access.log HTTP/1.0" 200 19192 "-" "TurnitinBot/2.1 (http://www.turnitin.com/robot/crawlerinfo.html)"
38.111.147.84 - - [27/Mar/2011:15:48:21 +0000] "GET /logs/?S=A HTTP/1.0" 200 888 "-" "TurnitinBot/2.1 (http://www.turnitin.com/robot/crawlerinfo.html)"
38.111.147.84 - - [27/Mar/2011:15:48:51 +0000] "GET /logs/?N=D HTTP/1.0" 200 888 "-" "TurnitinBot/2.1 (http://www.turnitin.com/robot/crawlerinfo.html)"
38.111.147.84 - - [27/Mar/2011:15:49:21 +0000] "GET /logs/?M=A HTTP/1.0" 200 888 "-" "TurnitinBot/2.1 (http://www.turnitin.com/robot/crawlerinfo.html)"
38.111.147.84 - - [27/Mar/2011:15:49:51 +0000] "GET /logs/?D=A HTTP/1.0" 200 888 "-" "TurnitinBot/2.1 (http://www.turnitin.com/robot/crawlerinfo.html)"
67.195.112.230 - - [27/Mar/2011:15:51:34 +0000] "GET / HTTP/1.0" 200 992 "-" "Mozilla/5.0 (compatible; Yahoo! Slurp; http://help.yahoo.com/help/us/ysearch/slurp)"
67.195.112.230 - - [27/Mar/2011:16:23:27 +0000] "GET /logs/?S=D HTTP/1.0" 200 888 "-" "Mozilla/5.0 (compatible; Yahoo! Slurp; http://help.yahoo.com/help/us/ysearch/slurp)"
207.46.199.190 - - [27/Mar/2011:18:03:33 +0000] "GET /robots.txt HTTP/1.1" 404 287 "-" "Mozilla/5.0 (compatible; bingbot/2.0; +http://www.bing.com/bingbot.htm)"
207.46.195.226 - - [27/Mar/2011:18:15:04 +0000] "GET /robots.txt HTTP/1.1" 404 287 "-" "Mozilla/5.0 (compatible; bingbot/2.0; +http://www.bing.com/bingbot.htm)"
207.46.195.226 - - [27/Mar/2011:18:16:05 +0000] "GET /stats/when_idx.html HTTP/1.1" 304 - "-" "Mozilla/5.0 (compatible; bingbot/2.0; +http://www.bing.com/bingbot.htm)"
65.52.110.79 - - [27/Mar/2011:21:12:25 +0000] "GET /robots.txt HTTP/1.1" 404 287 "-" "Mozilla/5.0 (compatible; bingbot/2.0; +http://www.bing.com/bingbot.htm)"
65.52.110.79 - - [27/Mar/2011:21:13:28 +0000] "GET /cgi-local/ HTTP/1.1" 403 291 "-" "Mozilla/5.0 (compatible; bingbot/2.0; +http://www.bing.com/bingbot.htm)"
65.52.110.49 - - [27/Mar/2011:23:06:01 +0000] "GET /robots.txt HTTP/1.1" 404 287 "-" "Mozilla/5.0 (compatible; bingbot/2.0; +http://www.bing.com/bingbot.htm)"
65.52.110.49 - - [27/Mar/2011:23:06:57 +0000] "GET /stats/summary_idx.html HTTP/1.1" 304 - "-" "Mozilla/5.0 (compatible; bingbot/2.0; +http://www.bing.com/bingbot.htm)"
207.46.195.224 - - [27/Mar/2011:23:09:58 +0000] "GET / HTTP/1.1" 200 1004 "-" "Mozilla/5.0 (compatible; bingbot/2.0; +http://www.bing.com/bingbot.htm)"
68.9.154.251 - - [28/Mar/2011:00:23:14 +0000] "GET / HTTP/1.1" 200 1004 "-" "Mozilla/5.0 (Windows; U; Windows NT 5.1; en-US) AppleWebKit/534.16 (KHTML, like Gecko) Chrome/10.0.648.151 Safari/534.16"
68.9.154.251 - - [28/Mar/2011:00:23:14 +0000] "GET /icons/blank.gif HTTP/1.1" 200 148 "http://gan.com.ve/" "Mozilla/5.0 (Windows; U; Windows NT 5.1; en-US) AppleWebKit/534.16 (KHTML, like Gecko) Chrome/10.0.648.151 Safari/534.16"
68.9.154.251 - - [28/Mar/2011:00:23:14 +0000] "GET /icons/back.gif HTTP/1.1" 200 216 "http://gan.com.ve/" "Mozilla/5.0 (Windows; U; Windows NT 5.1; en-US) AppleWebKit/534.16 (KHTML, like Gecko) Chrome/10.0.648.151 Safari/534.16"
68.9.154.251 - - [28/Mar/2011:00:23:14 +0000] "GET /icons/folder.gif HTTP/1.1" 200 225 "http://gan.com.ve/" "Mozilla/5.0 (Windows; U; Windows NT 5.1; en-US) AppleWebKit/534.16 (KHTML, like Gecko) Chrome/10.0.648.151 Safari/534.16"
68.9.154.251 - - [28/Mar/2011:00:23:14 +0000] "GET /icons/unknown.gif HTTP/1.1" 200 245 "http://gan.com.ve/" "Mozilla/5.0 (Windows; U; Windows NT 5.1; en-US) AppleWebKit/534.16 (KHTML, like Gecko) Chrome/10.0.648.151 Safari/534.16"
68.9.154.251 - - [28/Mar/2011:00:23:14 +0000] "GET /favicon.ico HTTP/1.1" 404 288 "-" "Mozilla/5.0 (Windows; U; Windows NT 5.1; en-US) AppleWebKit/534.16 (KHTML, like Gecko) Chrome/10.0.648.151 Safari/534.16"
68.9.154.251 - - [28/Mar/2011:00:23:22 +0000] "GET / HTTP/1.1" 200 1004 "-" "Mozilla/5.0 (Windows; U; Windows NT 5.1; en-US) AppleWebKit/534.16 (KHTML, like Gecko) Chrome/10.0.648.151 Safari/534.16"
68.9.154.251 - - [28/Mar/2011:00:23:22 +0000] "GET /icons/blank.gif HTTP/1.1" 200 148 "http://www.gan.com.ve/" "Mozilla/5.0 (Windows; U; Windows NT 5.1; en-US) AppleWebKit/534.16 (KHTML, like Gecko) Chrome/10.0.648.151 Safari/534.16"
68.9.154.251 - - [28/Mar/2011:00:23:22 +0000] "GET /icons/unknown.gif HTTP/1.1" 200 245 "http://www.gan.com.ve/" "Mozilla/5.0 (Windows; U; Windows NT 5.1; en-US) AppleWebKit/534.16 (KHTML, like Gecko) Chrome/10.0.648.151 Safari/534.16"
68.9.154.251 - - [28/Mar/2011:00:23:22 +0000] "GET /icons/folder.gif HTTP/1.1" 200 225 "http://www.gan.com.ve/" "Mozilla/5.0 (Windows; U; Windows NT 5.1; en-US) AppleWebKit/534.16 (KHTML, like Gecko) Chrome/10.0.648.151 Safari/534.16"
68.9.154.251 - - [28/Mar/2011:00:23:22 +0000] "GET /icons/back.gif HTTP/1.1" 200 216 "http://www.gan.com.ve/" "Mozilla/5.0 (Windows; U; Windows NT 5.1; en-US) AppleWebKit/534.16 (KHTML, like Gecko) Chrome/10.0.648.151 Safari/534.16"
68.9.154.251 - - [28/Mar/2011:00:23:23 +0000] "GET /favicon.ico HTTP/1.1" 404 288 "-" "Mozilla/5.0 (Windows; U; Windows NT 5.1; en-US) AppleWebKit/534.16 (KHTML, like Gecko) Chrome/10.0.648.151 Safari/534.16"
68.9.154.251 - - [28/Mar/2011:00:24:05 +0000] "GET /index.html-old HTTP/1.1" 200 1190 "http://www.google.com/url?sa=t&source=web&cd=2&sqi=2&ved=0CB4QFjAB&url=http%3A%2F%2Fwww.gan.com.ve%2Findex.html-old&rct=j&q=gan.com.ve&ei=dNOPTfz6MYvSsAOmueX_CA&usg=AFQjCNFcrKW9ZIPDfcmnSWzxX3tWnNapxQ" "Mozilla/5.0 (Windows; U; Windows NT 5.1; en-US) AppleWebKit/534.16 (KHTML, like Gecko) Chrome/10.0.648.151 Safari/534.16"
68.9.154.251 - - [28/Mar/2011:00:24:05 +0000] "GET /favicon.ico HTTP/1.1" 404 288 "-" "Mozilla/5.0 (Windows; U; Windows NT 5.1; en-US) AppleWebKit/534.16 (KHTML, like Gecko) Chrome/10.0.648.151 Safari/534.16"
68.9.154.251 - - [28/Mar/2011:00:24:11 +0000] "GET / HTTP/1.1" 200 1004 "http://www.google.com/url?sa=t&source=web&cd=1&sqi=2&ved=0CBYQFjAA&url=http%3A%2F%2Fwww.gan.com.ve%2F&rct=j&q=gan.com.ve&ei=dNOPTfz6MYvSsAOmueX_CA&usg=AFQjCNF_DG8PKGr-SVESX3an-4W1A8D-GQ" "Mozilla/5.0 (Windows; U; Windows NT 5.1; en-US) AppleWebKit/534.16 (KHTML, like Gecko) Chrome/10.0.648.151 Safari/534.16"
68.9.154.251 - - [28/Mar/2011:00:24:12 +0000] "GET /favicon.ico HTTP/1.1" 404 288 "-" "Mozilla/5.0 (Windows; U; Windows NT 5.1; en-US) AppleWebKit/534.16 (KHTML, like Gecko) Chrome/10.0.648.151 Safari/534.16"
109.120.144.247 - - [28/Mar/2011:01:09:00 +0000] "GET /cache/c99.php HTTP/1.0" 404 278 "http://www.gan.com.ve/cache/c99.php" "Mozilla/4.0 (compatible; MSIE 6.0; Windows 98; Win 9x 4.90)"
65.52.110.35 - - [28/Mar/2011:07:04:16 +0000] "GET /robots.txt HTTP/1.1" 404 287 "-" "Mozilla/5.0 (compatible; bingbot/2.0; +http://www.bing.com/bingbot.htm)"
65.52.110.35 - - [28/Mar/2011:07:05:11 +0000] "GET / HTTP/1.1" 200 1004 "-" "Mozilla/5.0 (compatible; bingbot/2.0; +http://www.bing.com/bingbot.htm)"
207.46.13.49 - - [28/Mar/2011:11:49:32 +0000] "GET /robots.txt HTTP/1.1" 404 287 "-" "Mozilla/5.0 (compatible; bingbot/2.0; +http://www.bing.com/bingbot.htm)"
207.46.13.49 - - [28/Mar/2011:11:50:42 +0000] "GET /stats/index.html HTTP/1.1" 304 - "-" "Mozilla/5.0 (compatible; bingbot/2.0; +http://www.bing.com/bingbot.htm)"
207.46.199.180 - - [28/Mar/2011:12:42:19 +0000] "GET /robots.txt HTTP/1.1" 404 287 "-" "Mozilla/5.0 (compatible; bingbot/2.0; +http://www.bing.com/bingbot.htm)"
207.46.199.37 - - [28/Mar/2011:13:10:43 +0000] "GET /robots.txt HTTP/1.1" 404 287 "-" "Mozilla/5.0 (compatible; bingbot/2.0; +http://www.bing.com/bingbot.htm)"
207.46.199.37 - - [28/Mar/2011:13:11:32 +0000] "GET /stats/ HTTP/1.1" 304 - "-" "Mozilla/5.0 (compatible; bingbot/2.0; +http://www.bing.com/bingbot.htm)"
67.195.115.29 - - [28/Mar/2011:14:50:48 +0000] "GET /robots.txt HTTP/1.0" 404 275 "-" "Mozilla/5.0 (compatible; Yahoo! Slurp; http://help.yahoo.com/help/us/ysearch/slurp)"
67.195.115.29 - - [28/Mar/2011:14:50:48 +0000] "GET /logs/?N=A HTTP/1.0" 200 888 "-" "Mozilla/5.0 (compatible; Yahoo! Slurp; http://help.yahoo.com/help/us/ysearch/slurp)"
207.46.12.237 - - [28/Mar/2011:17:34:39 +0000] "GET /robots.txt HTTP/1.1" 404 287 "-" "Mozilla/5.0 (compatible; bingbot/2.0; +http://www.bing.com/bingbot.htm)"
207.46.12.237 - - [28/Mar/2011:17:35:11 +0000] "GET /stats/referer_idx.html HTTP/1.1" 304 - "-" "Mozilla/5.0 (compatible; bingbot/2.0; +http://www.bing.com/bingbot.htm)"
207.46.199.188 - - [28/Mar/2011:21:03:36 +0000] "GET /robots.txt HTTP/1.1" 404 287 "-" "Mozilla/5.0 (compatible; bingbot/2.0; +http://www.bing.com/bingbot.htm)"
207.46.13.133 - - [29/Mar/2011:00:00:23 +0000] "GET /robots.txt HTTP/1.1" 404 287 "-" "Mozilla/5.0 (compatible; bingbot/2.0; +http://www.bing.com/bingbot.htm)"
207.46.13.133 - - [29/Mar/2011:00:01:12 +0000] "GET /stats/error_idx.html HTTP/1.1" 304 - "-" "Mozilla/5.0 (compatible; bingbot/2.0; +http://www.bing.com/bingbot.htm)"
65.52.110.45 - - [29/Mar/2011:04:07:32 +0000] "GET /robots.txt HTTP/1.1" 404 287 "-" "Mozilla/5.0 (compatible; bingbot/2.0; +http://www.bing.com/bingbot.htm)"
65.52.110.45 - - [29/Mar/2011:04:08:11 +0000] "GET /stats/ HTTP/1.1" 304 - "-" "Mozilla/5.0 (compatible; bingbot/2.0; +http://www.bing.com/bingbot.htm)"
67.195.115.29 - - [29/Mar/2011:04:11:19 +0000] "GET /robots.txt HTTP/1.0" 404 275 "-" "Mozilla/5.0 (compatible; Yahoo! Slurp; http://help.yahoo.com/help/us/ysearch/slurp)"
67.195.115.29 - - [29/Mar/2011:04:11:20 +0000] "GET /cgi-local/ HTTP/1.0" 403 279 "-" "Mozilla/5.0 (compatible; Yahoo! Slurp; http://help.yahoo.com/help/us/ysearch/slurp)"
207.46.204.238 - - [29/Mar/2011:05:00:09 +0000] "GET /robots.txt HTTP/1.1" 404 287 "-" "Mozilla/5.0 (compatible; bingbot/2.0; +http://www.bing.com/bingbot.htm)"
207.46.204.238 - - [29/Mar/2011:05:01:18 +0000] "GET /logs/ HTTP/1.1" 200 900 "-" "Mozilla/5.0 (compatible; bingbot/2.0; +http://www.bing.com/bingbot.htm)"
207.46.195.107 - - [29/Mar/2011:07:06:37 +0000] "GET /robots.txt HTTP/1.1" 404 287 "-" "Mozilla/5.0 (compatible; bingbot/2.0; +http://www.bing.com/bingbot.htm)"
207.46.195.107 - - [29/Mar/2011:07:07:11 +0000] "GET / HTTP/1.1" 200 1004 "-" "Mozilla/5.0 (compatible; bingbot/2.0; +http://www.bing.com/bingbot.htm)"
207.46.13.95 - - [29/Mar/2011:11:06:29 +0000] "GET /robots.txt HTTP/1.1" 404 287 "-" "Mozilla/5.0 (compatible; bingbot/2.0; +http://www.bing.com/bingbot.htm)"
207.46.13.95 - - [29/Mar/2011:11:09:24 +0000] "GET /stats/who_idx.html HTTP/1.1" 304 - "-" "Mozilla/5.0 (compatible; bingbot/2.0; +http://www.bing.com/bingbot.htm)"
65.52.108.59 - - [29/Mar/2011:16:04:50 +0000] "GET /robots.txt HTTP/1.1" 404 287 "-" "Mozilla/5.0 (compatible; bingbot/2.0; +http://www.bing.com/bingbot.htm)"
65.52.108.59 - - [29/Mar/2011:16:05:44 +0000] "GET / HTTP/1.1" 200 1004 "-" "Mozilla/5.0 (compatible; bingbot/2.0; +http://www.bing.com/bingbot.htm)"
207.46.204.194 - - [29/Mar/2011:18:53:36 +0000] "GET /robots.txt HTTP/1.1" 404 287 "-" "Mozilla/5.0 (compatible; bingbot/2.0; +http://www.bing.com/bingbot.htm)"
207.46.204.194 - - [29/Mar/2011:18:54:10 +0000] "GET / HTTP/1.1" 200 1004 "-" "Mozilla/5.0 (compatible; bingbot/2.0; +http://www.bing.com/bingbot.htm)"
65.52.110.55 - - [29/Mar/2011:20:05:04 +0000] "GET /robots.txt HTTP/1.1" 404 287 "-" "Mozilla/5.0 (compatible; bingbot/2.0; +http://www.bing.com/bingbot.htm)"
65.52.110.55 - - [29/Mar/2011:20:05:42 +0000] "GET /index.html-old HTTP/1.1" 200 1190 "-" "Mozilla/5.0 (compatible; bingbot/2.0; +http://www.bing.com/bingbot.htm)"
69.20.52.201 - - [29/Mar/2011:20:20:29 +0000] "GET /logs/script.log HTTP/1.0" 200 51975 "-" "Mozilla/5.0 (Windows; U; Windows NT 6.0;) Gecko/2008091618 Firefox/3.0.2"
67.195.115.29 - - [29/Mar/2011:22:24:08 +0000] "GET /robots.txt HTTP/1.0" 404 275 "-" "Mozilla/5.0 (compatible; Yahoo! Slurp; http://help.yahoo.com/help/us/ysearch/slurp)"
67.195.115.29 - - [29/Mar/2011:22:24:08 +0000] "GET /?S=A HTTP/1.0" 200 992 "-" "Mozilla/5.0 (compatible; Yahoo! Slurp; http://help.yahoo.com/help/us/ysearch/slurp)"
184.82.196.216 - - [30/Mar/2011:06:27:49 +0000] "GET /logs/access.log HTTP/1.1" 200 30986 "http://www.blackleatherarmchair.org" "Mozilla/4.0 (compatible; MSIE 6.0; Windows NT 5.1; en) Opera 8.50"
67.195.115.29 - - [30/Mar/2011:07:37:30 +0000] "GET /robots.txt HTTP/1.0" 404 275 "-" "Mozilla/5.0 (compatible; Yahoo! Slurp; http://help.yahoo.com/help/us/ysearch/slurp)"
67.195.115.29 - - [30/Mar/2011:07:37:30 +0000] "GET /?S=D HTTP/1.0" 200 992 "-" "Mozilla/5.0 (compatible; Yahoo! Slurp; http://help.yahoo.com/help/us/ysearch/slurp)"
207.46.199.190 - - [30/Mar/2011:08:53:52 +0000] "GET /robots.txt HTTP/1.1" 404 287 "-" "Mozilla/5.0 (compatible; bingbot/2.0; +http://www.bing.com/bingbot.htm)"
67.195.115.29 - - [30/Mar/2011:08:59:32 +0000] "GET /logs/error.log HTTP/1.0" 200 7076 "-" "Mozilla/5.0 (compatible; Yahoo! Slurp; http://help.yahoo.com/help/us/ysearch/slurp)"
66.249.71.43 - - [30/Mar/2011:12:11:12 +0000] "GET /robots.txt HTTP/1.1" 404 287 "-" "Mozilla/5.0 (compatible; Googlebot/2.1; +http://www.google.com/bot.html)"
66.249.71.43 - - [30/Mar/2011:12:11:12 +0000] "GET /stats/what_summary.html HTTP/1.1" 304 - "-" "Mozilla/5.0 (compatible; Googlebot/2.1; +http://www.google.com/bot.html)"
67.195.115.29 - - [30/Mar/2011:13:21:31 +0000] "GET /logs/?D=A HTTP/1.0" 200 888 "-" "Mozilla/5.0 (compatible; Yahoo! Slurp; http://help.yahoo.com/help/us/ysearch/slurp)"
204.15.39.12 - - [30/Mar/2011:13:52:06 +0000] "HEAD /logs/ HTTP/1.1" 200 0 "-" "Botslist Botfinder (+http://www.botslist.ca)"
204.15.39.12 - - [30/Mar/2011:13:52:06 +0000] "GET /logs/ HTTP/1.1" 200 900 "-" "Botslist Botfinder (+http://www.botslist.ca)"
204.15.39.12 - - [30/Mar/2011:13:52:28 +0000] "HEAD /logs/access.log HTTP/1.1" 200 0 "-" "Botslist Botfinder (+http://www.botslist.ca)"
204.15.39.12 - - [30/Mar/2011:13:52:29 +0000] "GET /logs/access.log HTTP/1.1" 200 32749 "-" "Botslist Botfinder (+http://www.botslist.ca)"
204.15.39.12 - - [30/Mar/2011:13:52:29 +0000] "HEAD /logs/error.log HTTP/1.1" 200 0 "-" "Botslist Botfinder (+http://www.botslist.ca)"
204.15.39.12 - - [30/Mar/2011:13:52:30 +0000] "GET /logs/error.log HTTP/1.1" 200 7184 "-" "Botslist Botfinder (+http://www.botslist.ca)"
204.15.39.12 - - [30/Mar/2011:13:52:30 +0000] "HEAD /logs/script.log HTTP/1.1" 200 0 "-" "Botslist Botfinder (+http://www.botslist.ca)"
204.15.39.12 - - [30/Mar/2011:13:52:31 +0000] "GET /logs/script.log HTTP/1.1" 200 51975 "-" "Botslist Botfinder (+http://www.botslist.ca)"
207.46.195.241 - - [30/Mar/2011:14:41:33 +0000] "GET /robots.txt HTTP/1.1" 404 287 "-" "Mozilla/5.0 (compatible; bingbot/2.0; +http://www.bing.com/bingbot.htm)"
207.46.195.241 - - [30/Mar/2011:14:42:44 +0000] "GET /stats/misc_idx.html HTTP/1.1" 304 - "-" "Mozilla/5.0 (compatible; bingbot/2.0; +http://www.bing.com/bingbot.htm)"
66.249.71.43 - - [30/Mar/2011:14:48:25 +0000] "GET /stats/page_summary.html HTTP/1.1" 200 642 "-" "Mozilla/5.0 (compatible; Googlebot/2.1; +http://www.google.com/bot.html)"
193.71.160.158 - - [30/Mar/2011:15:26:52 +0000] "GET /robots.txt HTTP/1.0" 404 275 "-" "Mozilla/5.0 (compatible; MJ12bot/v1.3.3; http://www.majestic12.co.uk/bot.php?+)"
193.71.160.158 - - [30/Mar/2011:15:26:53 +0000] "GET / HTTP/1.1" 200 1004 "-" "Mozilla/5.0 (compatible; MJ12bot/v1.3.3; http://www.majestic12.co.uk/bot.php?+)"
193.71.160.158 - - [30/Mar/2011:15:27:07 +0000] "GET /robots.txt HTTP/1.0" 404 275 "-" "Mozilla/5.0 (compatible; MJ12bot/v1.3.3; http://www.majestic12.co.uk/bot.php?+)"
193.71.160.158 - - [30/Mar/2011:15:27:08 +0000] "GET / HTTP/1.1" 200 1004 "-" "Mozilla/5.0 (compatible; MJ12bot/v1.3.3; http://www.majestic12.co.uk/bot.php?+)"
207.46.199.185 - - [30/Mar/2011:21:03:28 +0000] "GET /robots.txt HTTP/1.1" 404 287 "-" "Mozilla/5.0 (compatible; bingbot/2.0; +http://www.bing.com/bingbot.htm)"
207.46.199.178 - - [31/Mar/2011:04:10:46 +0000] "GET /robots.txt HTTP/1.1" 404 287 "-" "Mozilla/5.0 (compatible; bingbot/2.0; +http://www.bing.com/bingbot.htm)"
67.195.115.29 - - [31/Mar/2011:04:40:19 +0000] "GET /robots.txt HTTP/1.0" 404 275 "-" "Mozilla/5.0 (compatible; Yahoo! Slurp; http://help.yahoo.com/help/us/ysearch/slurp)"
67.195.115.29 - - [31/Mar/2011:04:40:20 +0000] "GET / HTTP/1.0" 200 992 "-" "Mozilla/5.0 (compatible; Yahoo! Slurp; http://help.yahoo.com/help/us/ysearch/slurp)"
67.195.115.29 - - [31/Mar/2011:05:48:19 +0000] "GET /logs/?M=D HTTP/1.0" 200 888 "-" "Mozilla/5.0 (compatible; Yahoo! Slurp; http://help.yahoo.com/help/us/ysearch/slurp)"
66.249.71.43 - - [31/Mar/2011:06:21:34 +0000] "GET /robots.txt HTTP/1.1" 404 287 "-" "Mozilla/5.0 (compatible; Googlebot/2.1; +http://www.google.com/bot.html)"
66.249.71.43 - - [31/Mar/2011:06:21:34 +0000] "GET /stats/when_summary.html HTTP/1.1" 200 4081 "-" "Mozilla/5.0 (compatible; Googlebot/2.1; +http://www.google.com/bot.html)"
88.131.106.22 - - [31/Mar/2011:08:05:23 +0000] "GET /robots.txt HTTP/1.0" 404 275 "-" "Mozilla/5.0 (Windows; U; Windows NT 5.1; en-US) Speedy Spider (http://www.entireweb.com/about/search_tech/speedy_spider/)"
88.131.106.22 - - [31/Mar/2011:08:05:49 +0000] "GET / HTTP/1.0" 200 992 "-" "Mozilla/5.0 (Windows; U; Windows NT 5.1; en-US) Speedy Spider (http://www.entireweb.com/about/search_tech/speedy_spider/)"
207.46.12.239 - - [31/Mar/2011:10:08:03 +0000] "GET /robots.txt HTTP/1.1" 404 287 "-" "Mozilla/5.0 (compatible; bingbot/2.0; +http://www.bing.com/bingbot.htm)"
207.46.12.239 - - [31/Mar/2011:10:08:44 +0000] "GET /index.html-old HTTP/1.1" 200 1190 "-" "Mozilla/5.0 (compatible; bingbot/2.0; +http://www.bing.com/bingbot.htm)"
207.46.199.200 - - [31/Mar/2011:11:36:43 +0000] "GET /robots.txt HTTP/1.1" 404 287 "-" "Mozilla/5.0 (compatible; bingbot/2.0; +http://www.bing.com/bingbot.htm)"
67.195.115.29 - - [31/Mar/2011:12:20:04 +0000] "GET /robots.txt HTTP/1.0" 404 275 "-" "Mozilla/5.0 (compatible; Yahoo! Slurp; http://help.yahoo.com/help/us/ysearch/slurp)"
67.195.115.29 - - [31/Mar/2011:12:20:05 +0000] "GET /logs/ HTTP/1.0" 200 888 "-" "Mozilla/5.0 (compatible; Yahoo! Slurp; http://help.yahoo.com/help/us/ysearch/slurp)"
190.205.146.239 - - [31/Mar/2011:12:45:10 +0000] "GET /favicon.ico HTTP/1.1" 404 288 "-" "Mozilla/4.0 (compatible; MSIE 6.0; Windows NT 5.1; SV1; .NET CLR 2.0.50727; .NET CLR 3.0.4506.2152; .NET CLR 3.5.30729)"
207.46.13.141 - - [31/Mar/2011:13:25:55 +0000] "GET /robots.txt HTTP/1.1" 404 287 "-" "Mozilla/5.0 (compatible; bingbot/2.0; +http://www.bing.com/bingbot.htm)"
207.46.13.141 - - [31/Mar/2011:13:26:44 +0000] "GET / HTTP/1.1" 200 1004 "-" "Mozilla/5.0 (compatible; bingbot/2.0; +http://www.bing.com/bingbot.htm)"
65.52.110.88 - - [31/Mar/2011:16:59:34 +0000] "GET /robots.txt HTTP/1.1" 404 287 "-" "Mozilla/5.0 (compatible; bingbot/2.0; +http://www.bing.com/bingbot.htm)"
65.52.110.88 - - [31/Mar/2011:17:00:29 +0000] "GET /stats/browser_idx.html HTTP/1.1" 304 - "-" "Mozilla/5.0 (compatible; bingbot/2.0; +http://www.bing.com/bingbot.htm)"
67.195.115.29 - - [31/Mar/2011:17:00:55 +0000] "GET /logs/?N=D HTTP/1.0" 200 888 "-" "Mozilla/5.0 (compatible; Yahoo! Slurp; http://help.yahoo.com/help/us/ysearch/slurp)"
66.249.71.98 - - [31/Mar/2011:17:22:51 +0000] "GET /robots.txt HTTP/1.1" 404 287 "-" "Mozilla/5.0 (compatible; Googlebot/2.1; +http://www.google.com/bot.html)"
66.249.71.98 - - [31/Mar/2011:17:22:51 +0000] "GET /logs/script.log HTTP/1.1" 200 51975 "-" "Mozilla/5.0 (compatible; Googlebot/2.1; +http://www.google.com/bot.html)"
67.195.115.29 - - [31/Mar/2011:18:12:07 +0000] "GET /stats/who_idx.html HTTP/1.0" 200 1209 "-" "Mozilla/5.0 (compatible; Yahoo! Slurp; http://help.yahoo.com/help/us/ysearch/slurp)"
65.52.110.37 - - [31/Mar/2011:22:12:38 +0000] "GET /robots.txt HTTP/1.1" 404 287 "-" "Mozilla/5.0 (compatible; bingbot/2.0; +http://www.bing.com/bingbot.htm)"
65.52.110.37 - - [31/Mar/2011:22:13:31 +0000] "GET / HTTP/1.1" 200 1004 "-" "Mozilla/5.0 (compatible; bingbot/2.0; +http://www.bing.com/bingbot.htm)"
74.205.28.22 - - [01/Apr/2011:01:50:07 +0000] "GET /stats/ HTTP/1.0" 200 1742 "-" "Mozilla/5.0 (Windows; U; Windows NT 5.1;) Gecko/2008070208 Firefox/3.0.1"
67.195.115.29 - - [01/Apr/2011:03:44:21 +0000] "GET /robots.txt HTTP/1.0" 404 275 "-" "Mozilla/5.0 (compatible; Yahoo! Slurp; http://help.yahoo.com/help/us/ysearch/slurp)"
67.195.115.29 - - [01/Apr/2011:03:44:21 +0000] "GET /logs/?S=A HTTP/1.0" 200 888 "-" "Mozilla/5.0 (compatible; Yahoo! Slurp; http://help.yahoo.com/help/us/ysearch/slurp)"
67.195.115.29 - - [01/Apr/2011:05:57:47 +0000] "GET /robots.txt HTTP/1.0" 404 275 "-" "Mozilla/5.0 (compatible; Yahoo! Slurp; http://help.yahoo.com/help/us/ysearch/slurp)"
67.195.115.29 - - [01/Apr/2011:05:57:47 +0000] "GET /?N=D HTTP/1.0" 200 992 "-" "Mozilla/5.0 (compatible; Yahoo! Slurp; http://help.yahoo.com/help/us/ysearch/slurp)"
67.195.115.29 - - [01/Apr/2011:07:56:05 +0000] "GET /?M=A HTTP/1.0" 200 992 "-" "Mozilla/5.0 (compatible; Yahoo! Slurp; http://help.yahoo.com/help/us/ysearch/slurp)"
67.195.115.29 - - [01/Apr/2011:18:42:17 +0000] "GET /robots.txt HTTP/1.0" 404 275 "-" "Mozilla/5.0 (compatible; Yahoo! Slurp; http://help.yahoo.com/help/us/ysearch/slurp)"
67.195.115.29 - - [01/Apr/2011:18:42:17 +0000] "GET /logs/?M=A HTTP/1.0" 200 888 "-" "Mozilla/5.0 (compatible; Yahoo! Slurp; http://help.yahoo.com/help/us/ysearch/slurp)"
67.195.115.29 - - [02/Apr/2011:03:53:05 +0000] "GET /index.html-old HTTP/1.0" 200 1190 "-" "Mozilla/5.0 (compatible; Yahoo! Slurp; http://help.yahoo.com/help/us/ysearch/slurp)"
207.46.199.189 - - [02/Apr/2011:05:51:16 +0000] "GET /robots.txt HTTP/1.1" 404 287 "-" "Mozilla/5.0 (compatible; bingbot/2.0; +http://www.bing.com/bingbot.htm)"
64.246.165.170 - - [02/Apr/2011:07:40:28 +0000] "GET /robots.txt HTTP/1.0" 404 275 "-" "Mozilla/5.0 (Windows; U; Windows NT 5.1; en; rv:1.9.0.13) Gecko/2009073022 Firefox/3.5.2 (.NET CLR 3.5.30729) SurveyBot/2.3 (DomainTools)"
64.246.165.170 - - [02/Apr/2011:07:40:29 +0000] "GET / HTTP/1.1" 200 1004 "http://whois.domaintools.com/gan.com.ve" "Mozilla/5.0 (Windows; U; Windows NT 5.1; en; rv:1.9.0.13) Gecko/2009073022 Firefox/3.5.2 (.NET CLR 3.5.30729) SurveyBot/2.3 (DomainTools)"
207.46.13.45 - - [02/Apr/2011:11:27:08 +0000] "GET /robots.txt HTTP/1.1" 404 287 "-" "Mozilla/5.0 (compatible; bingbot/2.0; +http://www.bing.com/bingbot.htm)"
207.46.13.45 - - [02/Apr/2011:11:27:49 +0000] "GET / HTTP/1.1" 200 1004 "-" "Mozilla/5.0 (compatible; bingbot/2.0; +http://www.bing.com/bingbot.htm)"
67.195.115.29 - - [02/Apr/2011:11:48:51 +0000] "GET /robots.txt HTTP/1.0" 404 275 "-" "Mozilla/5.0 (compatible; Yahoo! Slurp; http://help.yahoo.com/help/us/ysearch/slurp)"
67.195.115.29 - - [02/Apr/2011:11:48:51 +0000] "GET /?D=A HTTP/1.0" 200 992 "-" "Mozilla/5.0 (compatible; Yahoo! Slurp; http://help.yahoo.com/help/us/ysearch/slurp)"
66.249.71.98 - - [02/Apr/2011:12:52:36 +0000] "GET /robots.txt HTTP/1.1" 404 287 "-" "Googlebot-Image/1.0"
66.249.71.98 - - [02/Apr/2011:12:52:36 +0000] "GET /stats/pageinformation.gif HTTP/1.1" 304 - "-" "Googlebot-Image/1.0"
67.195.115.29 - - [02/Apr/2011:13:02:42 +0000] "GET /stats/when_idx.html HTTP/1.0" 200 1442 "-" "Mozilla/5.0 (compatible; Yahoo! Slurp; http://help.yahoo.com/help/us/ysearch/slurp)"
65.52.110.44 - - [02/Apr/2011:15:00:46 +0000] "GET /robots.txt HTTP/1.1" 404 287 "-" "Mozilla/5.0 (compatible; bingbot/2.0; +http://www.bing.com/bingbot.htm)"
65.52.110.44 - - [02/Apr/2011:15:01:43 +0000] "GET /stats/status.html HTTP/1.1" 200 628 "-" "Mozilla/5.0 (compatible; bingbot/2.0; +http://www.bing.com/bingbot.htm)"
66.249.71.98 - - [02/Apr/2011:15:40:18 +0000] "GET /stats/browser_idx.html HTTP/1.1" 200 1095 "-" "Mozilla/5.0 (compatible; Googlebot/2.1; +http://www.google.com/bot.html)"
207.46.204.235 - - [02/Apr/2011:15:45:35 +0000] "GET /robots.txt HTTP/1.1" 404 287 "-" "Mozilla/5.0 (compatible; bingbot/2.0; +http://www.bing.com/bingbot.htm)"
207.46.204.235 - - [02/Apr/2011:15:47:55 +0000] "GET /logs/script.log HTTP/1.1" 200 51975 "-" "Mozilla/5.0 (compatible; bingbot/2.0; +http://www.bing.com/bingbot.htm)"
67.195.115.29 - - [02/Apr/2011:16:11:15 +0000] "GET /stats/misc_idx.html HTTP/1.0" 200 1081 "-" "Mozilla/5.0 (compatible; Yahoo! Slurp; http://help.yahoo.com/help/us/ysearch/slurp)"
157.55.17.103 - - [02/Apr/2011:16:59:36 +0000] "GET /robots.txt HTTP/1.1" 404 287 "-" "Mozilla/5.0 (compatible; bingbot/2.0; +http://www.bing.com/bingbot.htm)"
157.55.17.103 - - [02/Apr/2011:17:00:33 +0000] "GET /logs/ HTTP/1.1" 200 900 "-" "Mozilla/5.0 (compatible; bingbot/2.0; +http://www.bing.com/bingbot.htm)"
173.242.125.206 - - [02/Apr/2011:17:05:38 +0000] "GET /robots.txt HTTP/1.0" 404 275 "-" "Mozilla/5.0 (compatible; MJ12bot/v1.3.3; http://www.majestic12.co.uk/bot.php?+)"
173.242.125.206 - - [02/Apr/2011:17:05:40 +0000] "GET / HTTP/1.0" 200 992 "-" "Mozilla/5.0 (compatible; MJ12bot/v1.3.3; http://www.majestic12.co.uk/bot.php?+)"
173.242.125.206 - - [02/Apr/2011:17:05:43 +0000] "GET /robots.txt HTTP/1.0" 404 275 "-" "Mozilla/5.0 (compatible; MJ12bot/v1.3.3; http://www.majestic12.co.uk/bot.php?+)"
173.242.125.206 - - [02/Apr/2011:17:05:45 +0000] "GET / HTTP/1.0" 200 992 "-" "Mozilla/5.0 (compatible; MJ12bot/v1.3.3; http://www.majestic12.co.uk/bot.php?+)"
66.249.71.98 - - [02/Apr/2011:17:46:59 +0000] "GET /stats/summary_idx.html HTTP/1.1" 304 - "-" "Mozilla/5.0 (compatible; Googlebot/2.1; +http://www.google.com/bot.html)"
207.46.199.39 - - [02/Apr/2011:19:19:46 +0000] "GET /robots.txt HTTP/1.1" 404 287 "-" "Mozilla/5.0 (compatible; bingbot/2.0; +http://www.bing.com/bingbot.htm)"
207.46.199.39 - - [02/Apr/2011:19:20:32 +0000] "GET /cgi-local/ HTTP/1.1" 403 291 "-" "Mozilla/5.0 (compatible; bingbot/2.0; +http://www.bing.com/bingbot.htm)"
65.52.110.54 - - [02/Apr/2011:19:31:03 +0000] "GET /robots.txt HTTP/1.1" 404 287 "-" "Mozilla/5.0 (compatible; bingbot/2.0; +http://www.bing.com/bingbot.htm)"
65.52.110.54 - - [02/Apr/2011:19:32:01 +0000] "GET /stats/gd_time.html HTTP/1.1" 200 855 "-" "Mozilla/5.0 (compatible; bingbot/2.0; +http://www.bing.com/bingbot.htm)"
207.46.13.136 - - [02/Apr/2011:22:44:13 +0000] "GET /robots.txt HTTP/1.1" 404 287 "-" "Mozilla/5.0 (compatible; bingbot/2.0; +http://www.bing.com/bingbot.htm)"
207.46.13.136 - - [02/Apr/2011:22:45:19 +0000] "GET /logs/script.log HTTP/1.1" 200 52111 "-" "Mozilla/5.0 (compatible; bingbot/2.0; +http://www.bing.com/bingbot.htm)"
207.46.199.49 - - [02/Apr/2011:22:57:43 +0000] "GET /stats/error_summary.html HTTP/1.1" 200 447 "-" "Mozilla/5.0 (compatible; bingbot/2.0; +http://www.bing.com/bingbot.htm)"
207.46.13.90 - - [03/Apr/2011:02:14:12 +0000] "GET /robots.txt HTTP/1.1" 404 287 "-" "Mozilla/5.0 (compatible; bingbot/2.0; +http://www.bing.com/bingbot.htm)"
207.46.13.90 - - [03/Apr/2011:02:15:04 +0000] "GET /?M=A HTTP/1.1" 200 1004 "-" "Mozilla/5.0 (compatible; bingbot/2.0; +http://www.bing.com/bingbot.htm)"
207.46.204.235 - - [03/Apr/2011:02:27:05 +0000] "GET / HTTP/1.1" 200 1004 "-" "Mozilla/5.0 (compatible; bingbot/2.0; +http://www.bing.com/bingbot.htm)"
66.249.71.98 - - [03/Apr/2011:03:24:09 +0000] "GET /robots.txt HTTP/1.1" 404 287 "-" "Mozilla/5.0 (compatible; Googlebot/2.1; +http://www.google.com/bot.html)"
66.249.71.98 - - [03/Apr/2011:03:24:09 +0000] "GET /stats/referer_idx.html HTTP/1.1" 304 - "-" "Mozilla/5.0 (compatible; Googlebot/2.1; +http://www.google.com/bot.html)"
66.249.71.98 - - [03/Apr/2011:03:51:41 +0000] "GET /stats/day_graph.html HTTP/1.1" 304 - "-" "Mozilla/5.0 (compatible; Googlebot/2.1; +http://www.google.com/bot.html)"
67.195.115.29 - - [03/Apr/2011:07:35:00 +0000] "GET /robots.txt HTTP/1.0" 404 275 "-" "Mozilla/5.0 (compatible; Yahoo! Slurp; http://help.yahoo.com/help/us/ysearch/slurp)"
67.195.115.29 - - [03/Apr/2011:07:35:00 +0000] "GET /?N=A HTTP/1.0" 200 992 "-" "Mozilla/5.0 (compatible; Yahoo! Slurp; http://help.yahoo.com/help/us/ysearch/slurp)"
207.46.13.41 - - [03/Apr/2011:14:55:37 +0000] "GET /robots.txt HTTP/1.1" 404 287 "-" "Mozilla/5.0 (compatible; bingbot/2.0; +http://www.bing.com/bingbot.htm)"
207.46.13.41 - - [03/Apr/2011:14:56:42 +0000] "GET /stats/graphic_day_graph.html HTTP/1.1" 200 2064 "-" "Mozilla/5.0 (compatible; bingbot/2.0; +http://www.bing.com/bingbot.htm)"
67.195.115.29 - - [03/Apr/2011:16:27:39 +0000] "GET /logs/?S=D HTTP/1.0" 200 888 "-" "Mozilla/5.0 (compatible; Yahoo! Slurp; http://help.yahoo.com/help/us/ysearch/slurp)"
207.46.195.106 - - [03/Apr/2011:16:28:51 +0000] "GET /robots.txt HTTP/1.1" 404 287 "-" "Mozilla/5.0 (compatible; bingbot/2.0; +http://www.bing.com/bingbot.htm)"
207.46.195.106 - - [03/Apr/2011:16:29:33 +0000] "GET /?D=A HTTP/1.1" 200 1004 "-" "Mozilla/5.0 (compatible; bingbot/2.0; +http://www.bing.com/bingbot.htm)"
207.46.204.231 - - [03/Apr/2011:18:45:09 +0000] "GET /robots.txt HTTP/1.1" 404 287 "-" "Mozilla/5.0 (compatible; bingbot/2.0; +http://www.bing.com/bingbot.htm)"
207.46.204.231 - - [03/Apr/2011:18:45:47 +0000] "GET /stats/day_graph.html HTTP/1.1" 200 829 "-" "Mozilla/5.0 (compatible; bingbot/2.0; +http://www.bing.com/bingbot.htm)"
207.46.195.105 - - [03/Apr/2011:19:51:24 +0000] "GET /robots.txt HTTP/1.1" 404 287 "-" "Mozilla/5.0 (compatible; bingbot/2.0; +http://www.bing.com/bingbot.htm)"
207.46.195.105 - - [03/Apr/2011:19:52:20 +0000] "GET /logs/access.log HTTP/1.1" 200 47973 "-" "Mozilla/5.0 (compatible; bingbot/2.0; +http://www.bing.com/bingbot.htm)"
65.52.110.38 - - [03/Apr/2011:21:42:47 +0000] "GET /robots.txt HTTP/1.1" 404 287 "-" "Mozilla/5.0 (compatible; bingbot/2.0; +http://www.bing.com/bingbot.htm)"
65.52.110.38 - - [03/Apr/2011:21:43:33 +0000] "GET /stats/who_summary.html HTTP/1.1" 200 1294 "-" "Mozilla/5.0 (compatible; bingbot/2.0; +http://www.bing.com/bingbot.htm)"
207.46.13.54 - - [03/Apr/2011:22:56:14 +0000] "GET /robots.txt HTTP/1.1" 404 287 "-" "Mozilla/5.0 (compatible; bingbot/2.0; +http://www.bing.com/bingbot.htm)"
207.46.13.54 - - [03/Apr/2011:22:57:02 +0000] "GET /stats/error_idx.html HTTP/1.1" 304 - "-" "Mozilla/5.0 (compatible; bingbot/2.0; +http://www.bing.com/bingbot.htm)"
67.195.115.29 - - [04/Apr/2011:00:13:55 +0000] "GET /robots.txt HTTP/1.0" 404 275 "-" "Mozilla/5.0 (compatible; Yahoo! Slurp; http://help.yahoo.com/help/us/ysearch/slurp)"
67.195.115.29 - - [04/Apr/2011:00:13:56 +0000] "GET /logs/?D=D HTTP/1.0" 200 888 "-" "Mozilla/5.0 (compatible; Yahoo! Slurp; http://help.yahoo.com/help/us/ysearch/slurp)"
65.52.109.60 - - [04/Apr/2011:00:27:24 +0000] "GET /robots.txt HTTP/1.1" 404 287 "-" "Mozilla/5.0 (compatible; bingbot/2.0; +http://www.bing.com/bingbot.htm)"
65.52.109.60 - - [04/Apr/2011:00:28:03 +0000] "GET /stats/tops.html HTTP/1.1" 200 1107 "-" "Mozilla/5.0 (compatible; bingbot/2.0; +http://www.bing.com/bingbot.htm)"
207.46.204.194 - - [04/Apr/2011:00:58:27 +0000] "GET /robots.txt HTTP/1.1" 404 287 "-" "Mozilla/5.0 (compatible; bingbot/2.0; +http://www.bing.com/bingbot.htm)"
207.46.204.194 - - [04/Apr/2011:00:59:14 +0000] "GET /stats/page_summary.html HTTP/1.1" 200 642 "-" "Mozilla/5.0 (compatible; bingbot/2.0; +http://www.bing.com/bingbot.htm)"
204.15.39.12 - - [04/Apr/2011:01:51:49 +0000] "HEAD /logs/ HTTP/1.1" 200 0 "-" "Botslist Botfinder (+http://www.botslist.ca)"
